{"id":64826,"date":"2026-02-20T11:55:27","date_gmt":"2026-02-20T11:55:27","guid":{"rendered":"https:\/\/www.deporteseli.com\/?product=camisa-adidas-kf0915"},"modified":"2026-04-02T04:19:06","modified_gmt":"2026-04-02T04:19:06","slug":"camisa-adidas-kf0915","status":"publish","type":"product","link":"https:\/\/www.deporteseli.com\/?product=camisa-adidas-kf0915","title":{"rendered":"CAMISA ADIDAS KF0915"},"content":{"rendered":"<p>El CLUB TENNIS TANK est\u00e1 dise\u00f1ado para aquellos que exigen rendimiento y estilo en la cancha. Confeccionada con un jersey suave y el\u00e1stico y una espalda deportiva de carreras, esta camiseta sin mangas permite un movimiento sin restricciones. Mantente seco con adidas aeroready, que absorbe y dispersa el sudor para mantenerte fresco y c\u00f3modo. El corte ajustado y el panel trasero de malla transpirable garantizan que te mantengas en tu mejor momento durante los rallies intensos.                                                                                                                                                                                                                                                                                                                                                                                                                                                                                                                                                                                                                                                                                                                                                                                                                                                                                                                                                                                                                                        <\/p>\n","protected":false},"excerpt":{"rendered":"<p>CAMISA ADIDAS KF0915<\/p>\n","protected":false},"featured_media":64831,"template":"","meta":[],"product_brand":[],"product_cat":[364],"product_tag":[18],"class_list":{"0":"post-64826","1":"product","2":"type-product","3":"status-publish","4":"has-post-thumbnail","6":"product_cat-padel_y_tenis_textil_camisas","7":"product_tag-adidas","8":"pa_color-unico","9":"pa_talla-l","10":"pa_talla-m","11":"pa_talla-s","12":"pa_talla-xl","13":"thunk-woo-product-list","14":"opn-qv-enable","15":"open-woo-hover-","16":"open-single-product-tab-horizontal","17":"open-shadow-","18":"open-shadow-hover-","20":"first","21":"instock","22":"shipping-taxable","23":"purchasable","24":"product-type-variable"},"jetpack_sharing_enabled":true,"_links":{"self":[{"href":"https:\/\/www.deporteseli.com\/index.php?rest_route=\/wp\/v2\/product\/64826","targetHints":{"allow":["GET"]}}],"collection":[{"href":"https:\/\/www.deporteseli.com\/index.php?rest_route=\/wp\/v2\/product"}],"about":[{"href":"https:\/\/www.deporteseli.com\/index.php?rest_route=\/wp\/v2\/types\/product"}],"wp:featuredmedia":[{"embeddable":true,"href":"https:\/\/www.deporteseli.com\/index.php?rest_route=\/wp\/v2\/media\/64831"}],"wp:attachment":[{"href":"https:\/\/www.deporteseli.com\/index.php?rest_route=%2Fwp%2Fv2%2Fmedia&parent=64826"}],"wp:term":[{"taxonomy":"product_brand","embeddable":true,"href":"https:\/\/www.deporteseli.com\/index.php?rest_route=%2Fwp%2Fv2%2Fproduct_brand&post=64826"},{"taxonomy":"product_cat","embeddable":true,"href":"https:\/\/www.deporteseli.com\/index.php?rest_route=%2Fwp%2Fv2%2Fproduct_cat&post=64826"},{"taxonomy":"product_tag","embeddable":true,"href":"https:\/\/www.deporteseli.com\/index.php?rest_route=%2Fwp%2Fv2%2Fproduct_tag&post=64826"}],"curies":[{"name":"wp","href":"https:\/\/api.w.org\/{rel}","templated":true}]}}