{"id":64283,"date":"2026-02-19T09:39:35","date_gmt":"2026-02-19T09:39:35","guid":{"rendered":"https:\/\/www.deporteseli.com\/?product=cholas-adidas-ie8919"},"modified":"2026-04-21T04:18:13","modified_gmt":"2026-04-21T04:18:13","slug":"cholas-adidas-ie8919","status":"publish","type":"product","link":"https:\/\/www.deporteseli.com\/?product=cholas-adidas-ie8919","title":{"rendered":"CHOLAS ADIDAS IE8919"},"content":{"rendered":"<p>La autenticidad del original  Un estilo ic\u00f3nico para superficies resbaladizas. Esta chancla de secado r\u00e1pido presenta una banda superior con las cl\u00e1sicas 3 bandas. La plantilla moldeada te ofrece una comodidad total al entrar y salir de la ducha.  Horma cl\u00e1sica  Dise\u00f1o sin cordones  Banda superior sint\u00e9tica  Suela sint\u00e9tica  forro sint\u00e9tico  Plantilla Cloudfoam suave  Materiales de secado r\u00e1pido  Color del art\u00edculo: Glow Blue \/ Zero Metalic \/ Zero Metalic  N\u00famero de art\u00edculo: IE8919                                                                                                                                                                                                                                                                                                                                                                                                                                                                                                                                                                                                                                                                                                                                                                                                                                                                                                                                                                                                                                        <\/p>\n","protected":false},"excerpt":{"rendered":"<p>CHOLAS ADIDAS IE8919<\/p>\n","protected":false},"featured_media":64288,"template":"","meta":[],"product_brand":[],"product_cat":[291],"product_tag":[18],"class_list":{"0":"post-64283","1":"product","2":"type-product","3":"status-publish","4":"has-post-thumbnail","6":"product_cat-mujer_calzado_cholas","7":"product_tag-adidas","8":"pa_color-unico","9":"pa_talla-143","10":"pa_talla-145","11":"pa_talla-147","12":"pa_talla-40-5","13":"thunk-woo-product-list","14":"opn-qv-enable","15":"open-woo-hover-","16":"open-single-product-tab-horizontal","17":"open-shadow-","18":"open-shadow-hover-","20":"first","21":"instock","22":"shipping-taxable","23":"purchasable","24":"product-type-variable"},"jetpack_sharing_enabled":true,"_links":{"self":[{"href":"https:\/\/www.deporteseli.com\/index.php?rest_route=\/wp\/v2\/product\/64283","targetHints":{"allow":["GET"]}}],"collection":[{"href":"https:\/\/www.deporteseli.com\/index.php?rest_route=\/wp\/v2\/product"}],"about":[{"href":"https:\/\/www.deporteseli.com\/index.php?rest_route=\/wp\/v2\/types\/product"}],"wp:featuredmedia":[{"embeddable":true,"href":"https:\/\/www.deporteseli.com\/index.php?rest_route=\/wp\/v2\/media\/64288"}],"wp:attachment":[{"href":"https:\/\/www.deporteseli.com\/index.php?rest_route=%2Fwp%2Fv2%2Fmedia&parent=64283"}],"wp:term":[{"taxonomy":"product_brand","embeddable":true,"href":"https:\/\/www.deporteseli.com\/index.php?rest_route=%2Fwp%2Fv2%2Fproduct_brand&post=64283"},{"taxonomy":"product_cat","embeddable":true,"href":"https:\/\/www.deporteseli.com\/index.php?rest_route=%2Fwp%2Fv2%2Fproduct_cat&post=64283"},{"taxonomy":"product_tag","embeddable":true,"href":"https:\/\/www.deporteseli.com\/index.php?rest_route=%2Fwp%2Fv2%2Fproduct_tag&post=64283"}],"curies":[{"name":"wp","href":"https:\/\/api.w.org\/{rel}","templated":true}]}}