{"id":64156,"date":"2026-02-18T18:02:27","date_gmt":"2026-02-18T18:02:27","guid":{"rendered":"https:\/\/www.deporteseli.com\/?product=bolsa-bullpadel-bpb26226-w-negro"},"modified":"2026-02-18T18:02:29","modified_gmt":"2026-02-18T18:02:29","slug":"bolsa-bullpadel-bpb26226-w-negro","status":"publish","type":"product","link":"https:\/\/www.deporteseli.com\/?product=bolsa-bullpadel-bpb26226-w-negro","title":{"rendered":"BOLSA BULLPADEL BPB26226 W NEGRO"},"content":{"rendered":"<p>Bolso pmultifuncional, versatilidad y comodidad en un mismo dise\u00f1o.  Bullpadel presenta este bolso multifuncional creado pensando en la comodidad y la funcionalidad de la jugadora. Puedes llevarlo de dos formas: mediante asas reforzadas que ofrecen un agarre c\u00f3modo, o con correas ajustables tipo mochila, que pueden ocultarse en la parte posterior cuando no las necesitas.    En el exterior incorpora un bolsillo con cremallera y tapa protectora, ideal para guardar objetos que quieras tener siempre a mano. Adem\u00e1s, cuenta con dos bolsillos laterales, uno de ellos con rejilla, perfecto para transportar un bote de pelotas. El interior, totalmente acolchado, est\u00e1 organizado en dos compartimentos amplios para tus palas y equipamiento, adem\u00e1s de un bolsillo adicional con cremallera para accesorios m\u00e1s peque\u00f1os. Un dise\u00f1o pr\u00e1ctico, vers\u00e1til y preparado para acompa\u00f1arte en cada partido.                                                                                                                                                                                                                                                                                                                                                                                                                                                                                                                                                                                                                                                                                                                                                                                                                                                                                                                                                                                                                                        <\/p>\n","protected":false},"excerpt":{"rendered":"<p>BOLSA BULLPADEL BPB26226 W NEGRO<\/p>\n","protected":false},"featured_media":64158,"template":"","meta":[],"product_brand":[],"product_cat":[355],"product_tag":[21],"class_list":{"0":"post-64156","1":"product","2":"type-product","3":"status-publish","4":"has-post-thumbnail","6":"product_cat-padel_y_tenis_mochilas","7":"product_tag-bull_padel","8":"pa_color-unico","9":"pa_talla-unica","10":"thunk-woo-product-list","11":"opn-qv-enable","12":"open-woo-hover-","13":"open-single-product-tab-horizontal","14":"open-shadow-","15":"open-shadow-hover-","17":"first","18":"instock","19":"sale","20":"shipping-taxable","21":"purchasable","22":"product-type-variable"},"jetpack_sharing_enabled":true,"_links":{"self":[{"href":"https:\/\/www.deporteseli.com\/index.php?rest_route=\/wp\/v2\/product\/64156","targetHints":{"allow":["GET"]}}],"collection":[{"href":"https:\/\/www.deporteseli.com\/index.php?rest_route=\/wp\/v2\/product"}],"about":[{"href":"https:\/\/www.deporteseli.com\/index.php?rest_route=\/wp\/v2\/types\/product"}],"wp:featuredmedia":[{"embeddable":true,"href":"https:\/\/www.deporteseli.com\/index.php?rest_route=\/wp\/v2\/media\/64158"}],"wp:attachment":[{"href":"https:\/\/www.deporteseli.com\/index.php?rest_route=%2Fwp%2Fv2%2Fmedia&parent=64156"}],"wp:term":[{"taxonomy":"product_brand","embeddable":true,"href":"https:\/\/www.deporteseli.com\/index.php?rest_route=%2Fwp%2Fv2%2Fproduct_brand&post=64156"},{"taxonomy":"product_cat","embeddable":true,"href":"https:\/\/www.deporteseli.com\/index.php?rest_route=%2Fwp%2Fv2%2Fproduct_cat&post=64156"},{"taxonomy":"product_tag","embeddable":true,"href":"https:\/\/www.deporteseli.com\/index.php?rest_route=%2Fwp%2Fv2%2Fproduct_tag&post=64156"}],"curies":[{"name":"wp","href":"https:\/\/api.w.org\/{rel}","templated":true}]}}