{"id":64131,"date":"2026-02-18T18:00:28","date_gmt":"2026-02-18T18:00:28","guid":{"rendered":"https:\/\/www.deporteseli.com\/?product=paletero-bullpadel-bpp26014-advance-negro-nar"},"modified":"2026-02-18T18:00:30","modified_gmt":"2026-02-18T18:00:30","slug":"paletero-bullpadel-bpp26014-advance-negro-nar","status":"publish","type":"product","link":"https:\/\/www.deporteseli.com\/?product=paletero-bullpadel-bpp26014-advance-negro-nar","title":{"rendered":"PALETERO BULLPADEL BPP26014 ADVANCE NEGRO\/NAR"},"content":{"rendered":"<p>La l\u00ednea de paleteros ADVANCE son ligeros, con capacidad suficiente y protecci\u00f3n para todo tu equipamiento.  Los nuevos paleteros ADVANCE, evoluci\u00f3n de la anterior l\u00ednea PERFORMANCE, ofrecen una soluci\u00f3n ligera y pr\u00e1ctica para jugadores que buscan capacidad media sin renunciar a una buena organizaci\u00f3n. Su compartimento principal ofrece espacio suficiente para llevar todo tu equipamiento, mientras que los dos compartimentos thermo permiten guardar cuatro palas, protegi\u00e9ndolas de los cambios de temperatura. Para mantener la ropa y el calzado separados del resto del contenido, incorporan un compartimento ventilado independiente. Completan su dise\u00f1o un bolsillo lateral exterior para accesorios peque\u00f1os, un asa superior para un agarre r\u00e1pido y correas acolchadas que permiten transportarlo c\u00f3modamente como mochila.  Los paleteros ADVANCE combinan comodidad, orden y ligereza para acompa\u00f1arte en cada sesi\u00f3n de p\u00e1del.                                                                                                                                                                                                                                                                                                                                                                                                                                                                                                                                                                                                                                                                                                                                                                                                                                                                                                                                                                                                                                        <\/p>\n","protected":false},"excerpt":{"rendered":"<p>PALETERO BULLPADEL BPP26014 ADVANCE NEGRO\/NAR<\/p>\n","protected":false},"featured_media":64133,"template":"","meta":[],"product_brand":[],"product_cat":[354],"product_tag":[21],"class_list":{"0":"post-64131","1":"product","2":"type-product","3":"status-publish","4":"has-post-thumbnail","6":"product_cat-padel_y_tenis_paleteros","7":"product_tag-bull_padel","8":"pa_color-unico","9":"pa_talla-unica","10":"thunk-woo-product-list","11":"opn-qv-enable","12":"open-woo-hover-","13":"open-single-product-tab-horizontal","14":"open-shadow-","15":"open-shadow-hover-","17":"first","18":"instock","19":"sale","20":"shipping-taxable","21":"purchasable","22":"product-type-variable"},"jetpack_sharing_enabled":true,"_links":{"self":[{"href":"https:\/\/www.deporteseli.com\/index.php?rest_route=\/wp\/v2\/product\/64131","targetHints":{"allow":["GET"]}}],"collection":[{"href":"https:\/\/www.deporteseli.com\/index.php?rest_route=\/wp\/v2\/product"}],"about":[{"href":"https:\/\/www.deporteseli.com\/index.php?rest_route=\/wp\/v2\/types\/product"}],"wp:featuredmedia":[{"embeddable":true,"href":"https:\/\/www.deporteseli.com\/index.php?rest_route=\/wp\/v2\/media\/64133"}],"wp:attachment":[{"href":"https:\/\/www.deporteseli.com\/index.php?rest_route=%2Fwp%2Fv2%2Fmedia&parent=64131"}],"wp:term":[{"taxonomy":"product_brand","embeddable":true,"href":"https:\/\/www.deporteseli.com\/index.php?rest_route=%2Fwp%2Fv2%2Fproduct_brand&post=64131"},{"taxonomy":"product_cat","embeddable":true,"href":"https:\/\/www.deporteseli.com\/index.php?rest_route=%2Fwp%2Fv2%2Fproduct_cat&post=64131"},{"taxonomy":"product_tag","embeddable":true,"href":"https:\/\/www.deporteseli.com\/index.php?rest_route=%2Fwp%2Fv2%2Fproduct_tag&post=64131"}],"curies":[{"name":"wp","href":"https:\/\/api.w.org\/{rel}","templated":true}]}}