{"id":64021,"date":"2026-02-18T17:52:17","date_gmt":"2026-02-18T17:52:17","guid":{"rendered":"https:\/\/www.deporteseli.com\/?product=short-bullpadel-cabanas-negro"},"modified":"2026-04-14T04:18:32","modified_gmt":"2026-04-14T04:18:32","slug":"short-bullpadel-cabanas-negro","status":"publish","type":"product","link":"https:\/\/www.deporteseli.com\/?product=short-bullpadel-cabanas-negro","title":{"rendered":"SHORT BULLPADEL CABANAS NEGRO"},"content":{"rendered":"<p>Short t\u00e9cnico de la l\u00ednea Court, dise\u00f1ado para rendir al m\u00e1ximo en cada movimiento.    Con un largo de 42 cm, cinturilla el\u00e1stica con cord\u00f3n ajustable, bolsillos laterales y suspensor interior, ofrece un ajuste c\u00f3modo, pr\u00e1ctico y pensado para la pr\u00e1ctica deportiva. Su dise\u00f1o destaca por una sublimaci\u00f3n a tono que envuelve toda la prenda, aportando un estilo moderno y din\u00e1mico sin perder la esencia t\u00e9cnica. Est\u00e1 confeccionado en poli\u00e9ster texturizado ligero y cuenta con una pieza de rejilla el\u00e1stica en el tiro, que a\u00f1ade mayor flexibilidad y libertad de movimiento en los momentos clave del juego. Adem\u00e1s, incorpora la tecnolog\u00eda Quickerdry de secado r\u00e1pido, que utiliza microfilamentos para reducir la humedad, mejorar la transpiraci\u00f3n y mantenerte fresco y c\u00f3modo en los entrenamientos m\u00e1s intensos y partidos m\u00e1s exigentes.    Un short vers\u00e1til, ligero que eleva tu rendimiento.                                                                                                                                                                                                                                                                                                                                                                                                                                                                                                                                                                                                                                                                                                                                                                                                                                                                                                                                                                                                                                        <\/p>\n","protected":false},"excerpt":{"rendered":"<p>SHORT BULLPADEL CABANAS NEGRO<\/p>\n","protected":false},"featured_media":64027,"template":"","meta":[],"product_brand":[],"product_cat":[365],"product_tag":[21],"class_list":{"0":"post-64021","1":"product","2":"type-product","3":"status-publish","4":"has-post-thumbnail","6":"product_cat-padel_y_tenis_textil_shorts","7":"product_tag-bull_padel","8":"pa_color-unico","9":"pa_talla-l","10":"pa_talla-m","11":"pa_talla-s","12":"pa_talla-xl","13":"pa_talla-xxl","14":"thunk-woo-product-list","15":"opn-qv-enable","16":"open-woo-hover-","17":"open-single-product-tab-horizontal","18":"open-shadow-","19":"open-shadow-hover-","21":"first","22":"instock","23":"shipping-taxable","24":"purchasable","25":"product-type-variable"},"jetpack_sharing_enabled":true,"_links":{"self":[{"href":"https:\/\/www.deporteseli.com\/index.php?rest_route=\/wp\/v2\/product\/64021","targetHints":{"allow":["GET"]}}],"collection":[{"href":"https:\/\/www.deporteseli.com\/index.php?rest_route=\/wp\/v2\/product"}],"about":[{"href":"https:\/\/www.deporteseli.com\/index.php?rest_route=\/wp\/v2\/types\/product"}],"wp:featuredmedia":[{"embeddable":true,"href":"https:\/\/www.deporteseli.com\/index.php?rest_route=\/wp\/v2\/media\/64027"}],"wp:attachment":[{"href":"https:\/\/www.deporteseli.com\/index.php?rest_route=%2Fwp%2Fv2%2Fmedia&parent=64021"}],"wp:term":[{"taxonomy":"product_brand","embeddable":true,"href":"https:\/\/www.deporteseli.com\/index.php?rest_route=%2Fwp%2Fv2%2Fproduct_brand&post=64021"},{"taxonomy":"product_cat","embeddable":true,"href":"https:\/\/www.deporteseli.com\/index.php?rest_route=%2Fwp%2Fv2%2Fproduct_cat&post=64021"},{"taxonomy":"product_tag","embeddable":true,"href":"https:\/\/www.deporteseli.com\/index.php?rest_route=%2Fwp%2Fv2%2Fproduct_tag&post=64021"}],"curies":[{"name":"wp","href":"https:\/\/api.w.org\/{rel}","templated":true}]}}