{"id":63949,"date":"2026-02-18T17:22:18","date_gmt":"2026-02-18T17:22:18","guid":{"rendered":"https:\/\/www.deporteseli.com\/?product=set-adidas-kc6148"},"modified":"2026-04-01T04:18:26","modified_gmt":"2026-04-01T04:18:26","slug":"set-adidas-kc6148","status":"publish","type":"product","link":"https:\/\/www.deporteseli.com\/?product=set-adidas-kc6148","title":{"rendered":"SET ADIDAS KC6148"},"content":{"rendered":"<p>Descripci\u00f3n  Tu peque es imparable, por eso necesita prendas capaces de seguir su ritmo. Este conjunto de camiseta y pantal\u00f3n corto adidas se ha confeccionado en un tejido suave y muy resistente al desgaste perfecto para sus intr\u00e9pidas aventuras diarias. Su dise\u00f1o cl\u00e1sico y vers\u00e1til te permite combinar cada pieza por separado con otras prendas de su armario. Los logotipos de las 3 bandas completan el look aportando un toque deportivo.  Al elegir materiales reciclados, podemos dar nueva vida a materiales que ya se han utilizado y ayudar a reducir los residuos. La utilizaci\u00f3n de materiales renovables nos ayuda a acabar con nuestra dependencia de los recursos finitos. Nuestros productos fabricados con materiales reciclados y renovables contienen al menos un 70% de estos materiales.                                                                                                                                                                                                                                                                                                                                                                                                                                                                                                                                                                                                                                                                                                                                                                                                                                                                                                                                                                                                                                        <\/p>\n","protected":false},"excerpt":{"rendered":"<p>SET ADIDAS KC6148<\/p>\n","protected":false},"featured_media":63954,"template":"","meta":[],"product_brand":[],"product_cat":[367],"product_tag":[18],"class_list":{"0":"post-63949","1":"product","2":"type-product","3":"status-publish","4":"has-post-thumbnail","6":"product_cat-padel_y_tenis_textil_conjuntos","7":"product_tag-adidas","8":"pa_color-unico","9":"pa_talla-169","10":"pa_talla-170","11":"pa_talla-171","12":"pa_talla-t-8","13":"thunk-woo-product-list","14":"opn-qv-enable","15":"open-woo-hover-","16":"open-single-product-tab-horizontal","17":"open-shadow-","18":"open-shadow-hover-","20":"first","21":"instock","22":"sale","23":"shipping-taxable","24":"purchasable","25":"product-type-variable"},"jetpack_sharing_enabled":true,"_links":{"self":[{"href":"https:\/\/www.deporteseli.com\/index.php?rest_route=\/wp\/v2\/product\/63949","targetHints":{"allow":["GET"]}}],"collection":[{"href":"https:\/\/www.deporteseli.com\/index.php?rest_route=\/wp\/v2\/product"}],"about":[{"href":"https:\/\/www.deporteseli.com\/index.php?rest_route=\/wp\/v2\/types\/product"}],"wp:featuredmedia":[{"embeddable":true,"href":"https:\/\/www.deporteseli.com\/index.php?rest_route=\/wp\/v2\/media\/63954"}],"wp:attachment":[{"href":"https:\/\/www.deporteseli.com\/index.php?rest_route=%2Fwp%2Fv2%2Fmedia&parent=63949"}],"wp:term":[{"taxonomy":"product_brand","embeddable":true,"href":"https:\/\/www.deporteseli.com\/index.php?rest_route=%2Fwp%2Fv2%2Fproduct_brand&post=63949"},{"taxonomy":"product_cat","embeddable":true,"href":"https:\/\/www.deporteseli.com\/index.php?rest_route=%2Fwp%2Fv2%2Fproduct_cat&post=63949"},{"taxonomy":"product_tag","embeddable":true,"href":"https:\/\/www.deporteseli.com\/index.php?rest_route=%2Fwp%2Fv2%2Fproduct_tag&post=63949"}],"curies":[{"name":"wp","href":"https:\/\/api.w.org\/{rel}","templated":true}]}}