{"id":63922,"date":"2026-02-18T17:21:07","date_gmt":"2026-02-18T17:21:07","guid":{"rendered":"https:\/\/www.deporteseli.com\/?product=tenis-adidas-jq1849"},"modified":"2026-04-18T04:20:09","modified_gmt":"2026-04-18T04:20:09","slug":"tenis-adidas-jq1849","status":"publish","type":"product","link":"https:\/\/www.deporteseli.com\/?product=tenis-adidas-jq1849","title":{"rendered":"TENIS ADIDAS JQ1849"},"content":{"rendered":"<p>Una zapatilla c\u00f3moda con correas autoadherentes que permiten un ajuste f\u00e1cil.  Las zapatillas Tensaur Sport 3.0 est\u00e1n dise\u00f1adas para los peque\u00f1os a los que les encanta jugar y explorar. Con un enfoque en la comodidad y la simplicidad, estas zapatillas son perfectas para las aventuras cotidianas.    Su sistema de cierre autoadherente facilita a los padres ajustar el corte r\u00e1pidamente, lo que permite una sensaci\u00f3n de ajuste ce\u00f1ido y seguro. Esta caracter\u00edstica resulta especialmente pr\u00e1ctica para los ni\u00f1os activos que siempre est\u00e1n en marcha.    La suela de goma non-marking proporciona una adherencia fiable, y ayuda a tus hijos a sentirse seguros, tanto si corren por el patio como si dan sus primeros pasos.    El empeine de material sint\u00e9tico t\u00e1ctil ofrece resistencia al desgaste y flexibilidad, para que los ni\u00f1os puedan moverse libremente y sin restricciones. Con las ic\u00f3nicas 3 bandas y el logotipo Sportswear en la leng\u00fceta, estas zapatillas no solo son funcionales, sino que tambi\u00e9n est\u00e1n de moda.    adidas entiende la importancia de la practicidad y el estilo, por eso estas zapatillas combinan ambos sin esfuerzo. Deja que tu peque\u00f1o salga a la calle con estilo y comodidad con este calzado.                                                                                                                                                                                                                                                                                                                                                                                                                                                                                                                                                                                                                                                                                                                                                                                                                                                                                                                                                                                                                                        <\/p>\n","protected":false},"excerpt":{"rendered":"<p>TENIS ADIDAS JQ1849<\/p>\n","protected":false},"featured_media":63930,"template":"","meta":[],"product_brand":[],"product_cat":[310],"product_tag":[18],"class_list":{"0":"post-63922","1":"product","2":"type-product","3":"status-publish","4":"has-post-thumbnail","6":"product_cat-nino_calzado_casual","7":"product_tag-adidas","8":"pa_color-unico","9":"pa_talla-113","10":"pa_talla-115","11":"pa_talla-117","12":"pa_talla-119","13":"pa_talla-121","14":"pa_talla-123","15":"pa_talla-t-21","16":"thunk-woo-product-list","17":"opn-qv-enable","18":"open-woo-hover-","19":"open-single-product-tab-horizontal","20":"open-shadow-","21":"open-shadow-hover-","23":"first","24":"instock","25":"shipping-taxable","26":"purchasable","27":"product-type-variable"},"jetpack_sharing_enabled":true,"_links":{"self":[{"href":"https:\/\/www.deporteseli.com\/index.php?rest_route=\/wp\/v2\/product\/63922","targetHints":{"allow":["GET"]}}],"collection":[{"href":"https:\/\/www.deporteseli.com\/index.php?rest_route=\/wp\/v2\/product"}],"about":[{"href":"https:\/\/www.deporteseli.com\/index.php?rest_route=\/wp\/v2\/types\/product"}],"wp:featuredmedia":[{"embeddable":true,"href":"https:\/\/www.deporteseli.com\/index.php?rest_route=\/wp\/v2\/media\/63930"}],"wp:attachment":[{"href":"https:\/\/www.deporteseli.com\/index.php?rest_route=%2Fwp%2Fv2%2Fmedia&parent=63922"}],"wp:term":[{"taxonomy":"product_brand","embeddable":true,"href":"https:\/\/www.deporteseli.com\/index.php?rest_route=%2Fwp%2Fv2%2Fproduct_brand&post=63922"},{"taxonomy":"product_cat","embeddable":true,"href":"https:\/\/www.deporteseli.com\/index.php?rest_route=%2Fwp%2Fv2%2Fproduct_cat&post=63922"},{"taxonomy":"product_tag","embeddable":true,"href":"https:\/\/www.deporteseli.com\/index.php?rest_route=%2Fwp%2Fv2%2Fproduct_tag&post=63922"}],"curies":[{"name":"wp","href":"https:\/\/api.w.org\/{rel}","templated":true}]}}