{"id":63605,"date":"2026-02-16T13:19:13","date_gmt":"2026-02-16T13:19:13","guid":{"rendered":"https:\/\/www.deporteseli.com\/?product=solution-speed-ff-4-clay"},"modified":"2026-02-24T05:20:00","modified_gmt":"2026-02-24T05:20:00","slug":"solution-speed-ff-4-clay","status":"publish","type":"product","link":"https:\/\/www.deporteseli.com\/?product=solution-speed-ff-4-clay","title":{"rendered":"SOLUTION SPEED FF 4 CLAY"},"content":{"rendered":"<p>La zapatilla SOLUTION SPEED FF 4 CLAY combina velocidad y rapidez. Se ha dise\u00f1ado para mejorar tu rendimiento con caracter\u00edsticas avanzadas centradas en facilitar movimientos r\u00e1pidos y din\u00e1micos.    La mediasuela FLYTEFOAM renovada y m\u00e1s suave proporciona mayor amortiguaci\u00f3n y un alto retorno de energ\u00eda, sin dejar de ser ligera. La tecnolog\u00eda SPEEDTRUSS , meticulosamente dise\u00f1ada, potencia tu contacto con la pista para que puedas acelerar r\u00e1pidamente.    La durabilidad aumenta gracias a una trabilla de PU en el centro de la parte superior. Adem\u00e1s, cuenta con ojales en el centro que evitan que los cordones se rompan durante movimientos bruscos.                                                                                                                                                                                                                                                                                                                                                                                                                                                                                                                                                                                                                                                                                                                                                                                                                                                                                                                                                                                                                                        <\/p>\n","protected":false},"excerpt":{"rendered":"<p>SOLUTION SPEED FF 4 CLAY<\/p>\n","protected":false},"featured_media":63615,"template":"","meta":[],"product_brand":[],"product_cat":[371],"product_tag":[19],"class_list":{"0":"post-63605","1":"product","2":"type-product","3":"status-publish","4":"has-post-thumbnail","6":"product_cat-padel_y_tenis_calzado","7":"product_tag-asics","8":"pa_color-unico","9":"pa_talla-41-5","10":"pa_talla-153","11":"pa_talla-42-5","12":"pa_talla-43-5","13":"pa_talla-157","14":"pa_talla-44-5","15":"pa_talla-159","16":"pa_talla-161","17":"pa_talla-163","18":"thunk-woo-product-list","19":"opn-qv-enable","20":"open-woo-hover-","21":"open-single-product-tab-horizontal","22":"open-shadow-","23":"open-shadow-hover-","25":"first","26":"instock","27":"sale","28":"shipping-taxable","29":"purchasable","30":"product-type-variable"},"jetpack_sharing_enabled":true,"_links":{"self":[{"href":"https:\/\/www.deporteseli.com\/index.php?rest_route=\/wp\/v2\/product\/63605","targetHints":{"allow":["GET"]}}],"collection":[{"href":"https:\/\/www.deporteseli.com\/index.php?rest_route=\/wp\/v2\/product"}],"about":[{"href":"https:\/\/www.deporteseli.com\/index.php?rest_route=\/wp\/v2\/types\/product"}],"wp:featuredmedia":[{"embeddable":true,"href":"https:\/\/www.deporteseli.com\/index.php?rest_route=\/wp\/v2\/media\/63615"}],"wp:attachment":[{"href":"https:\/\/www.deporteseli.com\/index.php?rest_route=%2Fwp%2Fv2%2Fmedia&parent=63605"}],"wp:term":[{"taxonomy":"product_brand","embeddable":true,"href":"https:\/\/www.deporteseli.com\/index.php?rest_route=%2Fwp%2Fv2%2Fproduct_brand&post=63605"},{"taxonomy":"product_cat","embeddable":true,"href":"https:\/\/www.deporteseli.com\/index.php?rest_route=%2Fwp%2Fv2%2Fproduct_cat&post=63605"},{"taxonomy":"product_tag","embeddable":true,"href":"https:\/\/www.deporteseli.com\/index.php?rest_route=%2Fwp%2Fv2%2Fproduct_tag&post=63605"}],"curies":[{"name":"wp","href":"https:\/\/api.w.org\/{rel}","templated":true}]}}