{"id":63575,"date":"2026-02-16T09:54:57","date_gmt":"2026-02-16T09:54:57","guid":{"rendered":"https:\/\/www.deporteseli.com\/?product=adidas-padel-arrow-hit-2026"},"modified":"2026-02-16T09:55:00","modified_gmt":"2026-02-16T09:55:00","slug":"adidas-padel-arrow-hit-2026","status":"publish","type":"product","link":"https:\/\/www.deporteseli.com\/?product=adidas-padel-arrow-hit-2026","title":{"rendered":"ADIDAS PADEL ARROW HIT 2026"},"content":{"rendered":"<p>Pala de p\u00e1del adidas Arrow Hit  Elige c\u00f3mo quieres dominar el juego con la adidas Arrow Hit 2026. Gracias al Intelligent Balance System, puedes ajustar el peso y el balance de la pala seg\u00fan tu estilo y estrategia, modificando la distribuci\u00f3n de los pesos laterales con facilidad durante el juego. Su forma Diamond, combinada con una estructura reforzada, proporciona aceleraci\u00f3n r\u00e1pida y potencia amplificada en los golpes ofensivos, permiti\u00e9ndote ejecutar ataques n\u00edtidos y precisos que presionan al rival en cada punto. El Spin Blade Decal mejora la precisi\u00f3n en efectos liftados y cortados, mientras que el Extra Power Grip aporta la potencia necesaria \u00fanicamente cuando aparece la oportunidad de definir. Con la comodidad del Soft Performance EVA, esta pala es ideal para jugadores que buscan golpes controlados y precisos en cada punto, con la libertad de activar m\u00e1s potencia cuando el momento lo requiere. Este a\u00f1o presentamos una gran novedad, la nueva cuerda de soga ajustable con una mu\u00f1equera acolchada, que garantiza el m\u00e1ximo confort en la mu\u00f1eca.                                                                                                                                                                                                                                                                                                                                                                                                                                                                                                                                                                                                                                                                                                                                                                                                                                                                                                                                                                                                                                        <\/p>\n","protected":false},"excerpt":{"rendered":"<p>ADIDAS PADEL ARROW HIT 2026<\/p>\n","protected":false},"featured_media":63577,"template":"","meta":[],"product_brand":[],"product_cat":[353],"product_tag":[18],"class_list":{"0":"post-63575","1":"product","2":"type-product","3":"status-publish","4":"has-post-thumbnail","6":"product_cat-padel_y_tenis_palas","7":"product_tag-adidas","8":"pa_color-unico","9":"pa_talla-unica","10":"thunk-woo-product-list","11":"opn-qv-enable","12":"open-woo-hover-","13":"open-single-product-tab-horizontal","14":"open-shadow-","15":"open-shadow-hover-","17":"first","18":"instock","19":"sale","20":"shipping-taxable","21":"purchasable","22":"product-type-variable"},"jetpack_sharing_enabled":true,"_links":{"self":[{"href":"https:\/\/www.deporteseli.com\/index.php?rest_route=\/wp\/v2\/product\/63575","targetHints":{"allow":["GET"]}}],"collection":[{"href":"https:\/\/www.deporteseli.com\/index.php?rest_route=\/wp\/v2\/product"}],"about":[{"href":"https:\/\/www.deporteseli.com\/index.php?rest_route=\/wp\/v2\/types\/product"}],"wp:featuredmedia":[{"embeddable":true,"href":"https:\/\/www.deporteseli.com\/index.php?rest_route=\/wp\/v2\/media\/63577"}],"wp:attachment":[{"href":"https:\/\/www.deporteseli.com\/index.php?rest_route=%2Fwp%2Fv2%2Fmedia&parent=63575"}],"wp:term":[{"taxonomy":"product_brand","embeddable":true,"href":"https:\/\/www.deporteseli.com\/index.php?rest_route=%2Fwp%2Fv2%2Fproduct_brand&post=63575"},{"taxonomy":"product_cat","embeddable":true,"href":"https:\/\/www.deporteseli.com\/index.php?rest_route=%2Fwp%2Fv2%2Fproduct_cat&post=63575"},{"taxonomy":"product_tag","embeddable":true,"href":"https:\/\/www.deporteseli.com\/index.php?rest_route=%2Fwp%2Fv2%2Fproduct_tag&post=63575"}],"curies":[{"name":"wp","href":"https:\/\/api.w.org\/{rel}","templated":true}]}}