{"id":62499,"date":"2026-02-10T20:32:37","date_gmt":"2026-02-10T20:32:37","guid":{"rendered":"https:\/\/www.deporteseli.com\/?product=top-fila-marleen-white-2"},"modified":"2026-02-10T20:32:41","modified_gmt":"2026-02-10T20:32:41","slug":"top-fila-marleen-white-2","status":"publish","type":"product","link":"https:\/\/www.deporteseli.com\/?product=top-fila-marleen-white-2","title":{"rendered":"TOP FILA MARLEEN WHITE"},"content":{"rendered":"<p>Deporte: Tenis  Cuello\/escote: En V pronunciado  Extras: De secado r\u00e1pido  Estampado: Unicolor  Funci\u00f3n: Transpirable, de secado r\u00e1pido  N\u00famero de art\u00edculo: 1FI41D03F-K11                                                                                                                                                                                                                                                                                                                                                                                                                                                                                                                                                                                                                                                                                                                                                                                                                                                                                                                                                                                                                                        <\/p>\n","protected":false},"excerpt":{"rendered":"<p>TOP FILA MARLEEN WHITE<\/p>\n","protected":false},"featured_media":62502,"template":"","meta":[],"product_brand":[],"product_cat":[364],"product_tag":[46],"class_list":{"0":"post-62499","1":"product","2":"type-product","3":"status-publish","4":"has-post-thumbnail","6":"product_cat-padel_y_tenis_textil_camisas","7":"product_tag-fila","8":"pa_color-unico","9":"pa_talla-s","10":"pa_talla-xl","11":"thunk-woo-product-list","12":"opn-qv-enable","13":"open-woo-hover-","14":"open-single-product-tab-horizontal","15":"open-shadow-","16":"open-shadow-hover-","18":"first","19":"instock","20":"shipping-taxable","21":"purchasable","22":"product-type-variable"},"jetpack_sharing_enabled":true,"_links":{"self":[{"href":"https:\/\/www.deporteseli.com\/index.php?rest_route=\/wp\/v2\/product\/62499","targetHints":{"allow":["GET"]}}],"collection":[{"href":"https:\/\/www.deporteseli.com\/index.php?rest_route=\/wp\/v2\/product"}],"about":[{"href":"https:\/\/www.deporteseli.com\/index.php?rest_route=\/wp\/v2\/types\/product"}],"wp:featuredmedia":[{"embeddable":true,"href":"https:\/\/www.deporteseli.com\/index.php?rest_route=\/wp\/v2\/media\/62502"}],"wp:attachment":[{"href":"https:\/\/www.deporteseli.com\/index.php?rest_route=%2Fwp%2Fv2%2Fmedia&parent=62499"}],"wp:term":[{"taxonomy":"product_brand","embeddable":true,"href":"https:\/\/www.deporteseli.com\/index.php?rest_route=%2Fwp%2Fv2%2Fproduct_brand&post=62499"},{"taxonomy":"product_cat","embeddable":true,"href":"https:\/\/www.deporteseli.com\/index.php?rest_route=%2Fwp%2Fv2%2Fproduct_cat&post=62499"},{"taxonomy":"product_tag","embeddable":true,"href":"https:\/\/www.deporteseli.com\/index.php?rest_route=%2Fwp%2Fv2%2Fproduct_tag&post=62499"}],"curies":[{"name":"wp","href":"https:\/\/api.w.org\/{rel}","templated":true}]}}