{"id":62337,"date":"2026-02-10T20:10:06","date_gmt":"2026-02-10T20:10:06","guid":{"rendered":"https:\/\/www.deporteseli.com\/?product=conjunto-de-mujer-track-negro"},"modified":"2026-03-18T05:19:54","modified_gmt":"2026-03-18T05:19:54","slug":"conjunto-de-mujer-track-negro","status":"publish","type":"product","link":"https:\/\/www.deporteseli.com\/?product=conjunto-de-mujer-track-negro","title":{"rendered":"CONJUNTO DE MUJER TRACK NEGRO"},"content":{"rendered":"<p>DESCRIPCI\u00d3N  El conjunto Track combina rendimiento t\u00e9cnico y elegancia para jugadoras exigentes. Su camiseta 100% poli\u00e9ster es ligera y transpirable, mientras que la falda en 75% poli\u00e9ster y 5% elastano incluye un pantal\u00f3n interno que ofrece soporte y libertad de movimiento. Las costuras planas y escondidas garantizan una comodidad sin rozaduras, permiti\u00e9ndote concentrarte en cada punto del juego                                                                                                                                                                                                                                                                                                                                                                                                                                                                                                                                                                                                                                                                                                                                                                                                                                                                                                                                                                                                                                        <\/p>\n","protected":false},"excerpt":{"rendered":"<p>CONJUNTO DE MUJER TRACK NEGRO<\/p>\n","protected":false},"featured_media":62339,"template":"","meta":[],"product_brand":[],"product_cat":[367],"product_tag":[],"class_list":{"0":"post-62337","1":"product","2":"type-product","3":"status-publish","4":"has-post-thumbnail","6":"product_cat-padel_y_tenis_textil_conjuntos","7":"pa_color-unico","8":"pa_talla-l","9":"thunk-woo-product-list","10":"opn-qv-enable","11":"open-woo-hover-","12":"open-single-product-tab-horizontal","13":"open-shadow-","14":"open-shadow-hover-","16":"first","17":"instock","18":"shipping-taxable","19":"purchasable","20":"product-type-variable"},"jetpack_sharing_enabled":true,"_links":{"self":[{"href":"https:\/\/www.deporteseli.com\/index.php?rest_route=\/wp\/v2\/product\/62337","targetHints":{"allow":["GET"]}}],"collection":[{"href":"https:\/\/www.deporteseli.com\/index.php?rest_route=\/wp\/v2\/product"}],"about":[{"href":"https:\/\/www.deporteseli.com\/index.php?rest_route=\/wp\/v2\/types\/product"}],"wp:featuredmedia":[{"embeddable":true,"href":"https:\/\/www.deporteseli.com\/index.php?rest_route=\/wp\/v2\/media\/62339"}],"wp:attachment":[{"href":"https:\/\/www.deporteseli.com\/index.php?rest_route=%2Fwp%2Fv2%2Fmedia&parent=62337"}],"wp:term":[{"taxonomy":"product_brand","embeddable":true,"href":"https:\/\/www.deporteseli.com\/index.php?rest_route=%2Fwp%2Fv2%2Fproduct_brand&post=62337"},{"taxonomy":"product_cat","embeddable":true,"href":"https:\/\/www.deporteseli.com\/index.php?rest_route=%2Fwp%2Fv2%2Fproduct_cat&post=62337"},{"taxonomy":"product_tag","embeddable":true,"href":"https:\/\/www.deporteseli.com\/index.php?rest_route=%2Fwp%2Fv2%2Fproduct_tag&post=62337"}],"curies":[{"name":"wp","href":"https:\/\/api.w.org\/{rel}","templated":true}]}}