{"id":62205,"date":"2026-02-10T19:52:38","date_gmt":"2026-02-10T19:52:38","guid":{"rendered":"https:\/\/www.deporteseli.com\/?product=conjunto-de-mujer-essential-rosa"},"modified":"2026-03-07T06:50:18","modified_gmt":"2026-03-07T06:50:18","slug":"conjunto-de-mujer-essential-rosa","status":"publish","type":"product","link":"https:\/\/www.deporteseli.com\/?product=conjunto-de-mujer-essential-rosa","title":{"rendered":"CONJUNTO DE MUJER ESSENTIAL ROSA"},"content":{"rendered":"<p>DESCRIPCI\u00d3N  El conjunto Essential es una opci\u00f3n c\u00f3moda y ligera para entrenamientos y uso diario. Su camiseta fabricada en 100% poli\u00e9ster con tejido transpirable en la espalda mejora la ventilaci\u00f3n, proporcionando frescura en cada movimiento. El pantal\u00f3n tipo malla, fabricado en 75% poli\u00e9ster y 25% elastano, ofrece un ajuste flexible y c\u00f3modo. Su cintura el\u00e1stica garantiza sujeci\u00f3n sin restricciones.                                                                                                                                                                                                                                                                                                                                                                                                                                                                                                                                                                                                                                                                                                                                                                                                                                                                                                                                                                                                                                        <\/p>\n","protected":false},"excerpt":{"rendered":"<p>CONJUNTO DE MUJER ESSENTIAL ROSA<\/p>\n","protected":false},"featured_media":62209,"template":"","meta":[],"product_brand":[],"product_cat":[272],"product_tag":[],"class_list":{"0":"post-62205","1":"product","2":"type-product","3":"status-publish","4":"has-post-thumbnail","6":"product_cat-mujer_textil_conjuntos","7":"pa_color-unico","8":"pa_talla-l","9":"pa_talla-s","10":"pa_talla-xs","11":"thunk-woo-product-list","12":"opn-qv-enable","13":"open-woo-hover-","14":"open-single-product-tab-horizontal","15":"open-shadow-","16":"open-shadow-hover-","18":"first","19":"instock","20":"shipping-taxable","21":"purchasable","22":"product-type-variable"},"jetpack_sharing_enabled":true,"_links":{"self":[{"href":"https:\/\/www.deporteseli.com\/index.php?rest_route=\/wp\/v2\/product\/62205","targetHints":{"allow":["GET"]}}],"collection":[{"href":"https:\/\/www.deporteseli.com\/index.php?rest_route=\/wp\/v2\/product"}],"about":[{"href":"https:\/\/www.deporteseli.com\/index.php?rest_route=\/wp\/v2\/types\/product"}],"wp:featuredmedia":[{"embeddable":true,"href":"https:\/\/www.deporteseli.com\/index.php?rest_route=\/wp\/v2\/media\/62209"}],"wp:attachment":[{"href":"https:\/\/www.deporteseli.com\/index.php?rest_route=%2Fwp%2Fv2%2Fmedia&parent=62205"}],"wp:term":[{"taxonomy":"product_brand","embeddable":true,"href":"https:\/\/www.deporteseli.com\/index.php?rest_route=%2Fwp%2Fv2%2Fproduct_brand&post=62205"},{"taxonomy":"product_cat","embeddable":true,"href":"https:\/\/www.deporteseli.com\/index.php?rest_route=%2Fwp%2Fv2%2Fproduct_cat&post=62205"},{"taxonomy":"product_tag","embeddable":true,"href":"https:\/\/www.deporteseli.com\/index.php?rest_route=%2Fwp%2Fv2%2Fproduct_tag&post=62205"}],"curies":[{"name":"wp","href":"https:\/\/api.w.org\/{rel}","templated":true}]}}