{"id":61859,"date":"2026-02-10T13:21:18","date_gmt":"2026-02-10T13:21:18","guid":{"rendered":"https:\/\/www.deporteseli.com\/?product=tenis-j-smith-regir-negro-26"},"modified":"2026-03-08T05:18:19","modified_gmt":"2026-03-08T05:18:19","slug":"tenis-j-smith-regir-negro-26","status":"publish","type":"product","link":"https:\/\/www.deporteseli.com\/?product=tenis-j-smith-regir-negro-26","title":{"rendered":"TENIS J.SMITH REGIR NEGRO 26"},"content":{"rendered":"<p>Zapatilla de running ligera dise\u00f1ada para ofrecer comodidad y dinamismo en cada zancada.    Su corte de mesh abierto favorece una \u00f3ptima transpiraci\u00f3n, manteniendo el pie fresco incluso en entrenamientos intensos. Incorpora piezas termoselladas en la ojetera, puntera y tal\u00f3n, eliminando costuras y elementos innecesarios para lograr una estructura m\u00e1s ligera, c\u00f3moda y envolvente. La suela de phylon proporciona una amortiguaci\u00f3n equilibrada (cushion), ayudando a absorber el impacto y a maximizar la ligereza de la zapatilla. Un modelo ideal para quienes buscan rendimiento, confort y velocidad en sus sesiones de running.                                                                                                                                                                                                                                                                                                                                                                                                                                                                                                                                                                                                                                                                                                                                                                                                                                                                                                                                                                                                                                        <\/p>\n","protected":false},"excerpt":{"rendered":"<p>TENIS J.SMITH REGIR NEGRO 26<\/p>\n","protected":false},"featured_media":61867,"template":"","meta":[],"product_brand":[],"product_cat":[259],"product_tag":[43],"class_list":{"0":"post-61859","1":"product","2":"type-product","3":"status-publish","4":"has-post-thumbnail","6":"product_cat-hombre_calzado_running","7":"product_tag-jhon_smith","8":"pa_color-unico","9":"pa_talla-149","10":"pa_talla-151","11":"pa_talla-153","12":"pa_talla-155","13":"pa_talla-157","14":"pa_talla-159","15":"pa_talla-161","16":"thunk-woo-product-list","17":"opn-qv-enable","18":"open-woo-hover-","19":"open-single-product-tab-horizontal","20":"open-shadow-","21":"open-shadow-hover-","23":"first","24":"instock","25":"shipping-taxable","26":"purchasable","27":"product-type-variable"},"jetpack_sharing_enabled":true,"_links":{"self":[{"href":"https:\/\/www.deporteseli.com\/index.php?rest_route=\/wp\/v2\/product\/61859","targetHints":{"allow":["GET"]}}],"collection":[{"href":"https:\/\/www.deporteseli.com\/index.php?rest_route=\/wp\/v2\/product"}],"about":[{"href":"https:\/\/www.deporteseli.com\/index.php?rest_route=\/wp\/v2\/types\/product"}],"wp:featuredmedia":[{"embeddable":true,"href":"https:\/\/www.deporteseli.com\/index.php?rest_route=\/wp\/v2\/media\/61867"}],"wp:attachment":[{"href":"https:\/\/www.deporteseli.com\/index.php?rest_route=%2Fwp%2Fv2%2Fmedia&parent=61859"}],"wp:term":[{"taxonomy":"product_brand","embeddable":true,"href":"https:\/\/www.deporteseli.com\/index.php?rest_route=%2Fwp%2Fv2%2Fproduct_brand&post=61859"},{"taxonomy":"product_cat","embeddable":true,"href":"https:\/\/www.deporteseli.com\/index.php?rest_route=%2Fwp%2Fv2%2Fproduct_cat&post=61859"},{"taxonomy":"product_tag","embeddable":true,"href":"https:\/\/www.deporteseli.com\/index.php?rest_route=%2Fwp%2Fv2%2Fproduct_tag&post=61859"}],"curies":[{"name":"wp","href":"https:\/\/api.w.org\/{rel}","templated":true}]}}