{"id":61822,"date":"2026-02-10T10:05:37","date_gmt":"2026-02-10T10:05:37","guid":{"rendered":"https:\/\/www.deporteseli.com\/?product=bolso-adidas-kc6751"},"modified":"2026-02-10T10:05:42","modified_gmt":"2026-02-10T10:05:42","slug":"bolso-adidas-kc6751","status":"publish","type":"product","link":"https:\/\/www.deporteseli.com\/?product=bolso-adidas-kc6751","title":{"rendered":"BOLSO ADIDAS KC6751"},"content":{"rendered":"<p>Una bolsa de viaje vers\u00e1til con correa extra\u00edble de lo m\u00e1s c\u00f3moda  La Bolsa de viaje mediana Training Defender es la compa\u00f1era ideal para tus sesiones de gimnasio y escapadas de fin de semana. Con un dise\u00f1o que piensa en las necesidades de cualquier deportista, esta bolsa combina estilo y funcionalidad para que tengas lo m\u00e1s importante al alcance de la mano.    Esta bolsa de viaje, confeccionada en material de ripstop resistente, est\u00e1 hecha para soportar las exigencias del uso diario. Los refuerzos resistentes al desgaste proporcionan una protecci\u00f3n precisa y contribuyen a que tu equipaci\u00f3n permanezca a buen recaudo d\u00eda tras d\u00eda.    Presenta perforaciones de corte a l\u00e1ser que favorecen la ventilaci\u00f3n, para que a tus cosas les d\u00e9 el aire. La correa extra\u00edble para el hombro te permite llevar la bolsa de distintas formas, para que te la cuelgues como quieras y disfrutes de mayor comodidad.    No importa si vas al gimnasio o si te lanzas a la aventura, esta bolsa de viaje est\u00e1 lista para apoyar tu estilo de vida activo. Desaf\u00eda al d\u00eda con confianza, con adidas.                                                                                                                                                                                                                                                                                                                                                                                                                                                                                                                                                                                                                                                                                                                                                                                                                                                                                                                                                                                                                                        <\/p>\n","protected":false},"excerpt":{"rendered":"<p>BOLSO ADIDAS KC6751<\/p>\n","protected":false},"featured_media":61824,"template":"","meta":[],"product_brand":[],"product_cat":[402],"product_tag":[18],"class_list":{"0":"post-61822","1":"product","2":"type-product","3":"status-publish","4":"has-post-thumbnail","6":"product_cat-accesorios_bolsos","7":"product_tag-adidas","8":"pa_color-unico","9":"pa_talla-unica","10":"thunk-woo-product-list","11":"opn-qv-enable","12":"open-woo-hover-","13":"open-single-product-tab-horizontal","14":"open-shadow-","15":"open-shadow-hover-","17":"first","18":"instock","19":"shipping-taxable","20":"purchasable","21":"product-type-variable"},"jetpack_sharing_enabled":true,"_links":{"self":[{"href":"https:\/\/www.deporteseli.com\/index.php?rest_route=\/wp\/v2\/product\/61822","targetHints":{"allow":["GET"]}}],"collection":[{"href":"https:\/\/www.deporteseli.com\/index.php?rest_route=\/wp\/v2\/product"}],"about":[{"href":"https:\/\/www.deporteseli.com\/index.php?rest_route=\/wp\/v2\/types\/product"}],"wp:featuredmedia":[{"embeddable":true,"href":"https:\/\/www.deporteseli.com\/index.php?rest_route=\/wp\/v2\/media\/61824"}],"wp:attachment":[{"href":"https:\/\/www.deporteseli.com\/index.php?rest_route=%2Fwp%2Fv2%2Fmedia&parent=61822"}],"wp:term":[{"taxonomy":"product_brand","embeddable":true,"href":"https:\/\/www.deporteseli.com\/index.php?rest_route=%2Fwp%2Fv2%2Fproduct_brand&post=61822"},{"taxonomy":"product_cat","embeddable":true,"href":"https:\/\/www.deporteseli.com\/index.php?rest_route=%2Fwp%2Fv2%2Fproduct_cat&post=61822"},{"taxonomy":"product_tag","embeddable":true,"href":"https:\/\/www.deporteseli.com\/index.php?rest_route=%2Fwp%2Fv2%2Fproduct_tag&post=61822"}],"curies":[{"name":"wp","href":"https:\/\/api.w.org\/{rel}","templated":true}]}}