{"id":61617,"date":"2026-02-05T09:43:27","date_gmt":"2026-02-05T09:43:27","guid":{"rendered":"https:\/\/www.deporteseli.com\/?product=head-sprint-court-4-0"},"modified":"2026-04-11T04:18:12","modified_gmt":"2026-04-11T04:18:12","slug":"head-sprint-court-4-0","status":"publish","type":"product","link":"https:\/\/www.deporteseli.com\/?product=head-sprint-court-4-0","title":{"rendered":"HEAD SPRINT COURT 4.0"},"content":{"rendered":"<p>Sin duda, los jugadores j\u00f3venes que est\u00e1n aprendiendo a jugar se divertir\u00e1n con las SPRINT COURT 4.0 JUNIOR. La nueva parte superior cuenta con un tejido de malla que ofrece una mayor transpirabilidad, adem\u00e1s de estar fabricada con un material de PU duradero, mientras que la nueva suela ofrece un gran agarre en las pistas de tenis, p\u00e1del y pickleball.Peso ligero, confort moderno y m\u00e1ximo rendimiento, se combinan con un aspecto fresco y divertido.  Nuevo empine con tejido de malla para mayor transpirabilidad y tambi\u00e9n duradero.  Nueva suela que ofrece todo tipo de superficies para tener un magn\u00edfico agarre en las pistas de tenis, p\u00e1del y pickleball.  Agradable divertido  Peso ligero, dise\u00f1o, comodidad y rendimiento para juniors.    Malla transpirable Cuero sint\u00e9tico duradero Materiales de cuello y forro suaves  mediasuela  Resorte en la puntera m\u00e1s alto Ca\u00edda m\u00ednima entre puntera y tal\u00f3n Entresuela de EVA de gran comodidad  Suela  Banda de rodadura h\u00edbrida para todas las superficies de tenis diferentes Zonas de durabilidad para canchas duras  CONTROL LATERAL  Impulsor de estabilidad en el lateral de la suela, para evitar torsiones del tobillo.  HyBrasion\u2122  HyBrasion\u2122HyBrasion\u2122  HYBRASION\u2122  Compuesto de caucho duradero                                                                                                                                                                                                                                                                                                                                                                                                                                                                                                                                                                                                                                                                                                                                                                                                                                                                                                                                                                                                                                        <\/p>\n","protected":false},"excerpt":{"rendered":"<p>HEAD SPRINT COURT 4.0<\/p>\n","protected":false},"featured_media":61624,"template":"","meta":[],"product_brand":[],"product_cat":[371],"product_tag":[22],"class_list":{"0":"post-61617","1":"product","2":"type-product","3":"status-publish","4":"has-post-thumbnail","6":"product_cat-padel_y_tenis_calzado","7":"product_tag-head","8":"pa_color-unico","9":"pa_talla-33-5","10":"pa_talla-34-5","11":"pa_talla-36-5","12":"pa_talla-38-5","13":"pa_talla-147","14":"pa_talla-149","15":"thunk-woo-product-list","16":"opn-qv-enable","17":"open-woo-hover-","18":"open-single-product-tab-horizontal","19":"open-shadow-","20":"open-shadow-hover-","22":"first","23":"instock","24":"sale","25":"shipping-taxable","26":"purchasable","27":"product-type-variable"},"jetpack_sharing_enabled":true,"_links":{"self":[{"href":"https:\/\/www.deporteseli.com\/index.php?rest_route=\/wp\/v2\/product\/61617","targetHints":{"allow":["GET"]}}],"collection":[{"href":"https:\/\/www.deporteseli.com\/index.php?rest_route=\/wp\/v2\/product"}],"about":[{"href":"https:\/\/www.deporteseli.com\/index.php?rest_route=\/wp\/v2\/types\/product"}],"wp:featuredmedia":[{"embeddable":true,"href":"https:\/\/www.deporteseli.com\/index.php?rest_route=\/wp\/v2\/media\/61624"}],"wp:attachment":[{"href":"https:\/\/www.deporteseli.com\/index.php?rest_route=%2Fwp%2Fv2%2Fmedia&parent=61617"}],"wp:term":[{"taxonomy":"product_brand","embeddable":true,"href":"https:\/\/www.deporteseli.com\/index.php?rest_route=%2Fwp%2Fv2%2Fproduct_brand&post=61617"},{"taxonomy":"product_cat","embeddable":true,"href":"https:\/\/www.deporteseli.com\/index.php?rest_route=%2Fwp%2Fv2%2Fproduct_cat&post=61617"},{"taxonomy":"product_tag","embeddable":true,"href":"https:\/\/www.deporteseli.com\/index.php?rest_route=%2Fwp%2Fv2%2Fproduct_tag&post=61617"}],"curies":[{"name":"wp","href":"https:\/\/api.w.org\/{rel}","templated":true}]}}