{"id":49623,"date":"2026-01-27T22:31:39","date_gmt":"2026-01-27T22:31:39","guid":{"rendered":"https:\/\/www.deporteseli.com\/?product=wilson-hurakn-pro-v2-negro-wrs338270"},"modified":"2026-03-14T05:19:16","modified_gmt":"2026-03-14T05:19:16","slug":"wilson-hurakn-pro-v2-negro-wrs338270","status":"publish","type":"product","link":"https:\/\/www.deporteseli.com\/?product=wilson-hurakn-pro-v2-negro-wrs338270","title":{"rendered":"WILSON HURAKN PRO V2 NEGRO WRS338270"},"content":{"rendered":"<p>Ligera y din\u00e1mica, la Wilson Hurakn Pro V2Padel seguir\u00e1 todos tus movimientos a la perfecci\u00f3n.  La parte superior de las Hurakn Pro es una combinaci\u00f3n de malla y refuerzos sint\u00e9ticos que ofrece un estilo, ligereza y comodidad inigualables. El forro del calcet\u00edn Endofit tambi\u00e9n mejora tu comodidad desde el primer momento.  La amortiguaci\u00f3n Fused 8 Foam se ha creado en parte a partir de hilos de pl\u00e1stico reciclados para ofrecer el m\u00e1ximo dinamismo al tiempo que se reduce el impacto ecol\u00f3gico.  La tecnolog\u00eda Duralast optimiza la resistencia al desgaste de la suela exterior, garantizando que resista todos tus encuentros. El dise\u00f1o de la suela tambi\u00e9n se ha redise\u00f1ado por completo, inspir\u00e1ndose en las almohadillas de las patas de un gato. La inspiraci\u00f3n en la pata de gato facilitar\u00e1 la rotaci\u00f3n, esencial en el p\u00e1del, y la zona central proporcionar\u00e1 una estabilidad m\u00e1xima.    Caracter\u00edsticast\u00e9cnicas:    &#8211; Duralast: suela reforzada para una gran resistencia y un excelente potencial de tracci\u00f3n.  &#8211; Plantilla Ortholite para un confort superior  &#8211; DF2 : drop de 9 mm (diferencia de altura entre el tal\u00f3n y el antepi\u00e9)  &#8211; Pro Torque Chassis Light: Chasis que optimiza la velocidad gracias a una construcci\u00f3n ligera y estable.  &#8211; Fused 8 Foam: entresuela de EVA que incorpora hilos de pl\u00e1stico reciclado para un mayor dinamismo y un menor impacto medioambiental.  &#8211; Optimum Grip: Suela que recrea las almohadillas de las patas de un gato con 4 zonas de rotaci\u00f3n para facilitar el movimiento en todas las direcciones y el agarre al suelo.  &#8211; Endofit: Construcci\u00f3n de media suela para mayor comodidad y estabilidad.                                                                                                                                                                                                                                                                                                                                                                                                                                                                                                                                                                                                                                                                                                                                                                                                                                                                                                                                                                                                                                        <\/p>\n","protected":false},"excerpt":{"rendered":"<p>WILSON HURAKN PRO V2 NEGRO WRS338270<\/p>\n","protected":false},"featured_media":61516,"template":"","meta":[],"product_brand":[],"product_cat":[371],"product_tag":[57],"class_list":{"0":"post-49623","1":"product","2":"type-product","3":"status-publish","4":"has-post-thumbnail","6":"product_cat-padel_y_tenis_calzado","7":"product_tag-wilson","8":"pa_color-unico","9":"pa_talla-41-5","10":"pa_talla-153","11":"pa_talla-42-5","12":"pa_talla-43-5","13":"pa_talla-157","14":"pa_talla-44-5","15":"pa_talla-45-5","16":"pa_talla-161","17":"thunk-woo-product-list","18":"opn-qv-enable","19":"open-woo-hover-","20":"open-single-product-tab-horizontal","21":"open-shadow-","22":"open-shadow-hover-","24":"first","25":"instock","26":"sale","27":"shipping-taxable","28":"purchasable","29":"product-type-variable"},"jetpack_sharing_enabled":true,"_links":{"self":[{"href":"https:\/\/www.deporteseli.com\/index.php?rest_route=\/wp\/v2\/product\/49623","targetHints":{"allow":["GET"]}}],"collection":[{"href":"https:\/\/www.deporteseli.com\/index.php?rest_route=\/wp\/v2\/product"}],"about":[{"href":"https:\/\/www.deporteseli.com\/index.php?rest_route=\/wp\/v2\/types\/product"}],"wp:featuredmedia":[{"embeddable":true,"href":"https:\/\/www.deporteseli.com\/index.php?rest_route=\/wp\/v2\/media\/61516"}],"wp:attachment":[{"href":"https:\/\/www.deporteseli.com\/index.php?rest_route=%2Fwp%2Fv2%2Fmedia&parent=49623"}],"wp:term":[{"taxonomy":"product_brand","embeddable":true,"href":"https:\/\/www.deporteseli.com\/index.php?rest_route=%2Fwp%2Fv2%2Fproduct_brand&post=49623"},{"taxonomy":"product_cat","embeddable":true,"href":"https:\/\/www.deporteseli.com\/index.php?rest_route=%2Fwp%2Fv2%2Fproduct_cat&post=49623"},{"taxonomy":"product_tag","embeddable":true,"href":"https:\/\/www.deporteseli.com\/index.php?rest_route=%2Fwp%2Fv2%2Fproduct_tag&post=49623"}],"curies":[{"name":"wp","href":"https:\/\/api.w.org\/{rel}","templated":true}]}}