{"id":49580,"date":"2026-01-27T22:30:33","date_gmt":"2026-01-27T22:30:33","guid":{"rendered":"https:\/\/www.deporteseli.com\/?product=antivibrador-wilson-wr8405001"},"modified":"2026-03-15T05:19:37","modified_gmt":"2026-03-15T05:19:37","slug":"antivibrador-wilson-wr8405001","status":"publish","type":"product","link":"https:\/\/www.deporteseli.com\/?product=antivibrador-wilson-wr8405001","title":{"rendered":"ANTIVIBRADOR WILSON WR8405001"},"content":{"rendered":"<p>Antivibrador Wilson Animal es un accesorio indispensable para todos los aficionados al tenis, ya seas un jugador amateur o experimentado. Dise\u00f1ado para absorber las vibraciones de las cuerdas de tu raqueta, este antivibrador ayuda a mejorar tu comodidad de juego mientras preserva la calidad de tu golpe.    Fabricado por Wilson, una marca reconocida por su experiencia en el mundo del tenis, este antivibrador combina rendimiento y est\u00e9tica. Permite no solo reducir la fatiga del brazo, sino tambi\u00e9n optimizar la potencia y la precisi\u00f3n de tus golpes.    Aqu\u00ed hay algunas caracter\u00edsticas clave de la caja de antivibrador Wilson Animal:    Amortiguaci\u00f3n de vibraciones: Reduce las vibraciones no deseadas al impacto con la bola.  Dise\u00f1o ergon\u00f3mico: Se adapta perfectamente a la raqueta para un agarre \u00f3ptimo.  Materiales de calidad: Fabricado con materiales duraderos que garantizan una larga vida \u00fatil.  Facilidad de uso: Instalaci\u00f3n r\u00e1pida y sencilla en cualquier raqueta de tenis.  Este antivibrador es m\u00e1s que un simple accesorio, es parte integral del equipo de un jugador serio. Al reducir las vibraciones, ayuda a minimizar el riesgo de lesiones mientras mejora tus sensaciones durante los intercambios. Ya juegues por ocio o en competici\u00f3n, integrar la caja de antivibrador Wilson Animal en tu arsenal significa elegir una mejor experiencia de juego.    En resumen, este antivibrador es una elecci\u00f3n inteligente para cualquier jugador que desee combinar comodidad y rendimiento en la cancha. Invertir en la caja de antivibrador Wilson Animal es optar por la calidad y la innovaci\u00f3n para optimizar cada parte de tu juego.                                                                                                                                                                                                                                                                                                                                                                                                                                                                                                                                                                                                                                                                                                                                                                                                                                                                                                                                                                                                                                        <\/p>\n","protected":false},"excerpt":{"rendered":"<p>ANTIVIBRADOR WILSON WR8405001<\/p>\n","protected":false},"featured_media":61471,"template":"","meta":[],"product_brand":[],"product_cat":[348],"product_tag":[57],"class_list":{"0":"post-49580","1":"product","2":"type-product","3":"status-publish","4":"has-post-thumbnail","6":"product_cat-deportes_tenis","7":"product_tag-wilson","8":"pa_color-unico","9":"pa_talla-unica","10":"thunk-woo-product-list","11":"opn-qv-enable","12":"open-woo-hover-","13":"open-single-product-tab-horizontal","14":"open-shadow-","15":"open-shadow-hover-","17":"first","18":"instock","19":"shipping-taxable","20":"purchasable","21":"product-type-variable"},"jetpack_sharing_enabled":true,"_links":{"self":[{"href":"https:\/\/www.deporteseli.com\/index.php?rest_route=\/wp\/v2\/product\/49580","targetHints":{"allow":["GET"]}}],"collection":[{"href":"https:\/\/www.deporteseli.com\/index.php?rest_route=\/wp\/v2\/product"}],"about":[{"href":"https:\/\/www.deporteseli.com\/index.php?rest_route=\/wp\/v2\/types\/product"}],"wp:featuredmedia":[{"embeddable":true,"href":"https:\/\/www.deporteseli.com\/index.php?rest_route=\/wp\/v2\/media\/61471"}],"wp:attachment":[{"href":"https:\/\/www.deporteseli.com\/index.php?rest_route=%2Fwp%2Fv2%2Fmedia&parent=49580"}],"wp:term":[{"taxonomy":"product_brand","embeddable":true,"href":"https:\/\/www.deporteseli.com\/index.php?rest_route=%2Fwp%2Fv2%2Fproduct_brand&post=49580"},{"taxonomy":"product_cat","embeddable":true,"href":"https:\/\/www.deporteseli.com\/index.php?rest_route=%2Fwp%2Fv2%2Fproduct_cat&post=49580"},{"taxonomy":"product_tag","embeddable":true,"href":"https:\/\/www.deporteseli.com\/index.php?rest_route=%2Fwp%2Fv2%2Fproduct_tag&post=49580"}],"curies":[{"name":"wp","href":"https:\/\/api.w.org\/{rel}","templated":true}]}}