{"id":49571,"date":"2026-01-27T22:30:22","date_gmt":"2026-01-27T22:30:22","guid":{"rendered":"https:\/\/www.deporteseli.com\/?product=raqueta-head-231015-radical-mp"},"modified":"2026-01-27T22:30:23","modified_gmt":"2026-01-27T22:30:23","slug":"raqueta-head-231015-radical-mp","status":"publish","type":"product","link":"https:\/\/www.deporteseli.com\/?product=raqueta-head-231015-radical-mp","title":{"rendered":"RAQUETA HEAD 231015 RADICAL MP"},"content":{"rendered":"<p>Radical MP 18X20 2025 Raquetas De Competici\u00f3n  Impulsa tu juego con una raqueta de competici\u00f3n La Radical MP 18&#215;20 2025 de HEAD es ideal para jugadores de torneos que buscan precisi\u00f3n y control en cada golpe. Dise\u00f1ada con un patr\u00f3n de encordado 18\/20, esta raqueta promete incrementar tu rendimiento en la cancha. Su perfil oscilante entre 20-23-21 mm y un peso de 300 gramos proporcionan estabilidad sin comprometer la movilidad. Con una longitud de 68.5 cm y un punto de equilibrio localizado a 32 cm, te asegura un manejo excepcional y una sensaci\u00f3n \u00fanica al jugar. El tama\u00f1o de la cabeza de 630 cm\u00b2 aumenta la precisi\u00f3n, lo que la convierte en tu aliada perfecta para destacar en competencias. Highlights: Patr\u00f3n de encordado 18\/20 para mayor precisi\u00f3n Peso equilibrado para estabilidad y control Dise\u00f1o de perfil innovador que mejora el rendimiento Convierte cada partido en una victoria con la Radical MP 18&#215;20 2025.                                                                                                                                                                                                                                                                                                                                                                                                                                                                                                                                                                                                                                                                                                                                                                                                                                                                                                                                                                                                                                        <\/p>\n","protected":false},"excerpt":{"rendered":"<p>RAQUETA HEAD 231015 RADICAL MP<\/p>\n","protected":false},"featured_media":61459,"template":"","meta":[],"product_brand":[],"product_cat":[348],"product_tag":[22],"class_list":{"0":"post-49571","1":"product","2":"type-product","3":"status-publish","4":"has-post-thumbnail","6":"product_cat-deportes_tenis","7":"product_tag-head","8":"pa_color-unico","9":"pa_talla-unica","10":"thunk-woo-product-list","11":"opn-qv-enable","12":"open-woo-hover-","13":"open-single-product-tab-horizontal","14":"open-shadow-","15":"open-shadow-hover-","17":"first","18":"instock","19":"sale","20":"shipping-taxable","21":"purchasable","22":"product-type-variable"},"jetpack_sharing_enabled":true,"_links":{"self":[{"href":"https:\/\/www.deporteseli.com\/index.php?rest_route=\/wp\/v2\/product\/49571","targetHints":{"allow":["GET"]}}],"collection":[{"href":"https:\/\/www.deporteseli.com\/index.php?rest_route=\/wp\/v2\/product"}],"about":[{"href":"https:\/\/www.deporteseli.com\/index.php?rest_route=\/wp\/v2\/types\/product"}],"wp:featuredmedia":[{"embeddable":true,"href":"https:\/\/www.deporteseli.com\/index.php?rest_route=\/wp\/v2\/media\/61459"}],"wp:attachment":[{"href":"https:\/\/www.deporteseli.com\/index.php?rest_route=%2Fwp%2Fv2%2Fmedia&parent=49571"}],"wp:term":[{"taxonomy":"product_brand","embeddable":true,"href":"https:\/\/www.deporteseli.com\/index.php?rest_route=%2Fwp%2Fv2%2Fproduct_brand&post=49571"},{"taxonomy":"product_cat","embeddable":true,"href":"https:\/\/www.deporteseli.com\/index.php?rest_route=%2Fwp%2Fv2%2Fproduct_cat&post=49571"},{"taxonomy":"product_tag","embeddable":true,"href":"https:\/\/www.deporteseli.com\/index.php?rest_route=%2Fwp%2Fv2%2Fproduct_tag&post=49571"}],"curies":[{"name":"wp","href":"https:\/\/api.w.org\/{rel}","templated":true}]}}