{"id":49532,"date":"2026-01-27T22:29:32","date_gmt":"2026-01-27T22:29:32","guid":{"rendered":"https:\/\/www.deporteseli.com\/?product=short-bullpadel-pedroso-azul-marino"},"modified":"2026-03-07T06:49:36","modified_gmt":"2026-03-07T06:49:36","slug":"short-bullpadel-pedroso-azul-marino","status":"publish","type":"product","link":"https:\/\/www.deporteseli.com\/?product=short-bullpadel-pedroso-azul-marino","title":{"rendered":"SHORT BULLPADEL PEDROSO AZUL MARINO"},"content":{"rendered":"<p>Bermuda t\u00e9cnica de alto rendimiento de la l\u00ednea Proline.    Dise\u00f1ada para ofrecer m\u00e1xima comodidad en pista, incorpora una cinturilla con banda el\u00e1stica personalizada que garantiza un ajuste seguro y confortable. Dispone de bolsillos laterales funcionales y peque\u00f1as aberturas en los laterales que mejoran la libertad de movimiento durante el juego.  Incluye una pieza lateral con inserci\u00f3n de rejilla que potencia la transpirabilidad y facilita la ventilaci\u00f3n en las zonas de mayor exigencia, junto a detalles gr\u00e1ficos distintivos de la l\u00ednea. Confeccionada en punto de nylon el\u00e1stico, integra el acabado de secado r\u00e1pido Drylum, que favorece la evacuaci\u00f3n del sudor y aporta una sensaci\u00f3n de frescura continua incluso en los partidos m\u00e1s intensos.                                                                                                                                                                                                                                                                                                                                                                                                                                                                                                                                                                                                                                                                                                                                                                                                                                                                                                                                                                                                                                        <\/p>\n","protected":false},"excerpt":{"rendered":"<p>SHORT BULLPADEL PEDROSO AZUL MARINO<\/p>\n","protected":false},"featured_media":61435,"template":"","meta":[],"product_brand":[],"product_cat":[365],"product_tag":[21],"class_list":{"0":"post-49532","1":"product","2":"type-product","3":"status-publish","4":"has-post-thumbnail","6":"product_cat-padel_y_tenis_textil_shorts","7":"product_tag-bull_padel","8":"pa_color-unico","9":"pa_talla-l","10":"pa_talla-s","11":"thunk-woo-product-list","12":"opn-qv-enable","13":"open-woo-hover-","14":"open-single-product-tab-horizontal","15":"open-shadow-","16":"open-shadow-hover-","18":"first","19":"instock","20":"shipping-taxable","21":"purchasable","22":"product-type-variable"},"jetpack_sharing_enabled":true,"_links":{"self":[{"href":"https:\/\/www.deporteseli.com\/index.php?rest_route=\/wp\/v2\/product\/49532","targetHints":{"allow":["GET"]}}],"collection":[{"href":"https:\/\/www.deporteseli.com\/index.php?rest_route=\/wp\/v2\/product"}],"about":[{"href":"https:\/\/www.deporteseli.com\/index.php?rest_route=\/wp\/v2\/types\/product"}],"wp:featuredmedia":[{"embeddable":true,"href":"https:\/\/www.deporteseli.com\/index.php?rest_route=\/wp\/v2\/media\/61435"}],"wp:attachment":[{"href":"https:\/\/www.deporteseli.com\/index.php?rest_route=%2Fwp%2Fv2%2Fmedia&parent=49532"}],"wp:term":[{"taxonomy":"product_brand","embeddable":true,"href":"https:\/\/www.deporteseli.com\/index.php?rest_route=%2Fwp%2Fv2%2Fproduct_brand&post=49532"},{"taxonomy":"product_cat","embeddable":true,"href":"https:\/\/www.deporteseli.com\/index.php?rest_route=%2Fwp%2Fv2%2Fproduct_cat&post=49532"},{"taxonomy":"product_tag","embeddable":true,"href":"https:\/\/www.deporteseli.com\/index.php?rest_route=%2Fwp%2Fv2%2Fproduct_tag&post=49532"}],"curies":[{"name":"wp","href":"https:\/\/api.w.org\/{rel}","templated":true}]}}