{"id":49492,"date":"2026-01-27T22:28:38","date_gmt":"2026-01-27T22:28:38","guid":{"rendered":"https:\/\/www.deporteseli.com\/?product=pala-bullpadel-neuron-02-edge-tf-25"},"modified":"2026-01-27T22:28:39","modified_gmt":"2026-01-27T22:28:39","slug":"pala-bullpadel-neuron-02-edge-tf-25","status":"publish","type":"product","link":"https:\/\/www.deporteseli.com\/?product=pala-bullpadel-neuron-02-edge-tf-25","title":{"rendered":"PALA BULLPADEL NEURON 02 EDGE TF 25"},"content":{"rendered":"<p>La nueva Neuron 02 Edge llega al Premier Padel Final como la \u00fanica pala capaz de seguir el juego veloz, preciso y estrat\u00e9gico al m\u00e1s puro estilo Fede Chingotto.  Un dise\u00f1o llevado al l\u00edmite por el equipo Bullpadel-Lab para anticipar, responder y decidir cada punto en una fracci\u00f3n de segundo: justo como exige el torneo m\u00e1s determinante de la temporada.  Creada para quienes buscan perfecci\u00f3n absoluta, Neuron 02 Edge combina ingenier\u00eda extrema y control total. Su innovador marco PrismLock bloquea torsiones y mantiene la pala firme incluso en los momentos m\u00e1s cr\u00edticos del partido, mientras que su formato geo en la cabeza a\u00f1ade un extra de potencia que transforma el control en precisi\u00f3n ganadora.  En el escenario final donde cada detalle cuenta, esta pala coloca la bola exactamente donde la imaginas.  La pala m\u00e1s precisa que hemos creado. Pensada para los que vienen al Premier Padel Final a decidirlo todo.    Tecnolog\u00edas: Prismlock, Nueron Core, Air Power, Geometric Shape, Ease Vibe, Custom Weight, Smart Holes, 3D Grain, Hesacore, Vibradrive, X-Tend Carbon 3K, Multieva, Carbontube.    \u2022Peso aprox: 365-375 grs.  \u2022Perfil: 38mm.  \u2022Balance: ~26 cm  \u2022Superficie de juego: 535 cm\u00b2  \u2022Forma: Geom\u00e9trica  \u2022Comp. Exterior: X-Tend Carbon 3K  \u2022Comp. Interior: Multieva  \u2022Acabado rugoso: Tipo 3D  \u2022Nivel: Profesional  \u2022Ideal para: Precisi\u00f3n M\u00e1xima                                                                                                                                                                                                                                                                                                                                                                                                                                                                                                                                                                                                                                                                                                                                                                                                                                                                                                                                                                                                                                        <\/p>\n","protected":false},"excerpt":{"rendered":"<p>PALA BULLPADEL NEURON 02 EDGE TF 25<\/p>\n","protected":false},"featured_media":61367,"template":"","meta":[],"product_brand":[],"product_cat":[353],"product_tag":[21],"class_list":{"0":"post-49492","1":"product","2":"type-product","3":"status-publish","4":"has-post-thumbnail","6":"product_cat-padel_y_tenis_palas","7":"product_tag-bull_padel","8":"pa_color-unico","9":"pa_talla-unica","10":"thunk-woo-product-list","11":"opn-qv-enable","12":"open-woo-hover-","13":"open-single-product-tab-horizontal","14":"open-shadow-","15":"open-shadow-hover-","17":"first","18":"instock","19":"sale","20":"shipping-taxable","21":"purchasable","22":"product-type-variable"},"jetpack_sharing_enabled":true,"_links":{"self":[{"href":"https:\/\/www.deporteseli.com\/index.php?rest_route=\/wp\/v2\/product\/49492","targetHints":{"allow":["GET"]}}],"collection":[{"href":"https:\/\/www.deporteseli.com\/index.php?rest_route=\/wp\/v2\/product"}],"about":[{"href":"https:\/\/www.deporteseli.com\/index.php?rest_route=\/wp\/v2\/types\/product"}],"wp:featuredmedia":[{"embeddable":true,"href":"https:\/\/www.deporteseli.com\/index.php?rest_route=\/wp\/v2\/media\/61367"}],"wp:attachment":[{"href":"https:\/\/www.deporteseli.com\/index.php?rest_route=%2Fwp%2Fv2%2Fmedia&parent=49492"}],"wp:term":[{"taxonomy":"product_brand","embeddable":true,"href":"https:\/\/www.deporteseli.com\/index.php?rest_route=%2Fwp%2Fv2%2Fproduct_brand&post=49492"},{"taxonomy":"product_cat","embeddable":true,"href":"https:\/\/www.deporteseli.com\/index.php?rest_route=%2Fwp%2Fv2%2Fproduct_cat&post=49492"},{"taxonomy":"product_tag","embeddable":true,"href":"https:\/\/www.deporteseli.com\/index.php?rest_route=%2Fwp%2Fv2%2Fproduct_tag&post=49492"}],"curies":[{"name":"wp","href":"https:\/\/api.w.org\/{rel}","templated":true}]}}