{"id":49488,"date":"2026-01-27T22:28:32","date_gmt":"2026-01-27T22:28:32","guid":{"rendered":"https:\/\/www.deporteseli.com\/?product=pala-bullpadel-hack-04-tf-25"},"modified":"2026-01-27T22:28:34","modified_gmt":"2026-01-27T22:28:34","slug":"pala-bullpadel-hack-04-tf-25","status":"publish","type":"product","link":"https:\/\/www.deporteseli.com\/?product=pala-bullpadel-hack-04-tf-25","title":{"rendered":"PALA BULLPADEL HACK 04 TF 25"},"content":{"rendered":"<p>M\u00e1s r\u00e1pida, m\u00e1s potente, m\u00e1s letal. La nueva Pala Bullpadel HACK 04 llega al Premier Padel Final para redefinir lo que significa jugar al m\u00e1ximo nivel.  Dise\u00f1ada para encender la bola en cada golpe, su exclusiva tecnolog\u00eda y un punto dulce inigualable te permiten acelerar cada salida con una facilidad brutal, llevando tu juego a una dimensi\u00f3n donde solo compiten los mejores.  En un escenario donde cada punto importa, HACK 04 responde con una agilidad y dinamismo capaces de desequilibrar cualquier partido.  Si eres de los que imponen ritmo, presi\u00f3n y velocidad desde el primer intercambio, la HACK 04 es tu arma para el Premier Padel Final.      Tecnolog\u00edas: Total Channel, Tricore, Air React Channel, Ease Vibe, Custom weight, Smart Holes, 3D Grain, Hesacore, Vibradrive , TriCarbon 18K, Multieva, Carbon Tube.      \u2022Peso aprox: 365-375 g.  \u2022Perfil: 38mm.  \u2022Balance: \u02dc 26,4  \u2022Superficie de juego: 522 cm\u00b2  \u2022Forma: Diamante.  \u2022Comp. Exterior: TriCarbon 18K.  \u2022Comp. Interior: Multieva.  \u2022Acabado Rugoso: Tipo 3D  \u2022Nivel: Profesional  \u2022Ideal para: Acelerar y Atacar                                                                                                                                                                                                                                                                                                                                                                                                                                                                                                                                                                                                                                                                                                                                                                                                                                                                                                                                                                                                                                        <\/p>\n","protected":false},"excerpt":{"rendered":"<p>PALA BULLPADEL HACK 04 TF 25<\/p>\n","protected":false},"featured_media":61356,"template":"","meta":[],"product_brand":[],"product_cat":[353],"product_tag":[21],"class_list":{"0":"post-49488","1":"product","2":"type-product","3":"status-publish","4":"has-post-thumbnail","6":"product_cat-padel_y_tenis_palas","7":"product_tag-bull_padel","8":"pa_color-unico","9":"pa_talla-unica","10":"thunk-woo-product-list","11":"opn-qv-enable","12":"open-woo-hover-","13":"open-single-product-tab-horizontal","14":"open-shadow-","15":"open-shadow-hover-","17":"first","18":"instock","19":"sale","20":"shipping-taxable","21":"purchasable","22":"product-type-variable"},"jetpack_sharing_enabled":true,"_links":{"self":[{"href":"https:\/\/www.deporteseli.com\/index.php?rest_route=\/wp\/v2\/product\/49488","targetHints":{"allow":["GET"]}}],"collection":[{"href":"https:\/\/www.deporteseli.com\/index.php?rest_route=\/wp\/v2\/product"}],"about":[{"href":"https:\/\/www.deporteseli.com\/index.php?rest_route=\/wp\/v2\/types\/product"}],"wp:featuredmedia":[{"embeddable":true,"href":"https:\/\/www.deporteseli.com\/index.php?rest_route=\/wp\/v2\/media\/61356"}],"wp:attachment":[{"href":"https:\/\/www.deporteseli.com\/index.php?rest_route=%2Fwp%2Fv2%2Fmedia&parent=49488"}],"wp:term":[{"taxonomy":"product_brand","embeddable":true,"href":"https:\/\/www.deporteseli.com\/index.php?rest_route=%2Fwp%2Fv2%2Fproduct_brand&post=49488"},{"taxonomy":"product_cat","embeddable":true,"href":"https:\/\/www.deporteseli.com\/index.php?rest_route=%2Fwp%2Fv2%2Fproduct_cat&post=49488"},{"taxonomy":"product_tag","embeddable":true,"href":"https:\/\/www.deporteseli.com\/index.php?rest_route=%2Fwp%2Fv2%2Fproduct_tag&post=49488"}],"curies":[{"name":"wp","href":"https:\/\/api.w.org\/{rel}","templated":true}]}}