{"id":49456,"date":"2026-01-27T22:27:52","date_gmt":"2026-01-27T22:27:52","guid":{"rendered":"https:\/\/www.deporteseli.com\/?product=short-adidas-jf3747"},"modified":"2026-03-12T05:20:04","modified_gmt":"2026-03-12T05:20:04","slug":"short-adidas-jf3747","status":"publish","type":"product","link":"https:\/\/www.deporteseli.com\/?product=short-adidas-jf3747","title":{"rendered":"SHORT ADIDAS JF3747"},"content":{"rendered":"<p>Descripci\u00f3n  Descubre las mallas cortas Techfit, dise\u00f1adas para la mujer que exige m\u00e1s de su equipo de entrenamiento. Fabricadas en parte con materiales reciclados, estas mallas ofrecen un ajuste ce\u00f1ido y tecnolog\u00eda AEROREADY para mantenerte seca y c\u00f3moda durante tus sesiones de entrenamiento intensas. La cintura totalmente el\u00e1stica garantiza un ajuste seguro, mientras que la capa base Techfit ofrece propiedades de absorci\u00f3n del sudor y secado r\u00e1pido para una comodidad durante todo el d\u00eda. Entrena duro, si\u00e9ntete bien y luce espectacular.                                                                                                                                                                                                                                                                                                                                                                                                                                                                                                                                                                                                                                                                                                                                                                                                                                                                                                                                                                                                                                        <\/p>\n","protected":false},"excerpt":{"rendered":"<p>SHORT ADIDAS JF3747<\/p>\n","protected":false},"featured_media":61335,"template":"","meta":[],"product_brand":[],"product_cat":[382],"product_tag":[18],"class_list":{"0":"post-49456","1":"product","2":"type-product","3":"status-publish","4":"has-post-thumbnail","6":"product_cat-ninas_textil_shorts","7":"product_tag-adidas","8":"pa_color-unico","9":"pa_talla-t-10","10":"pa_talla-t-12","11":"pa_talla-t-14","12":"pa_talla-t-16","13":"pa_talla-t-8","14":"thunk-woo-product-list","15":"opn-qv-enable","16":"open-woo-hover-","17":"open-single-product-tab-horizontal","18":"open-shadow-","19":"open-shadow-hover-","21":"first","22":"instock","23":"shipping-taxable","24":"purchasable","25":"product-type-variable"},"jetpack_sharing_enabled":true,"_links":{"self":[{"href":"https:\/\/www.deporteseli.com\/index.php?rest_route=\/wp\/v2\/product\/49456","targetHints":{"allow":["GET"]}}],"collection":[{"href":"https:\/\/www.deporteseli.com\/index.php?rest_route=\/wp\/v2\/product"}],"about":[{"href":"https:\/\/www.deporteseli.com\/index.php?rest_route=\/wp\/v2\/types\/product"}],"wp:featuredmedia":[{"embeddable":true,"href":"https:\/\/www.deporteseli.com\/index.php?rest_route=\/wp\/v2\/media\/61335"}],"wp:attachment":[{"href":"https:\/\/www.deporteseli.com\/index.php?rest_route=%2Fwp%2Fv2%2Fmedia&parent=49456"}],"wp:term":[{"taxonomy":"product_brand","embeddable":true,"href":"https:\/\/www.deporteseli.com\/index.php?rest_route=%2Fwp%2Fv2%2Fproduct_brand&post=49456"},{"taxonomy":"product_cat","embeddable":true,"href":"https:\/\/www.deporteseli.com\/index.php?rest_route=%2Fwp%2Fv2%2Fproduct_cat&post=49456"},{"taxonomy":"product_tag","embeddable":true,"href":"https:\/\/www.deporteseli.com\/index.php?rest_route=%2Fwp%2Fv2%2Fproduct_tag&post=49456"}],"curies":[{"name":"wp","href":"https:\/\/api.w.org\/{rel}","templated":true}]}}