{"id":49452,"date":"2026-01-27T22:27:46","date_gmt":"2026-01-27T22:27:46","guid":{"rendered":"https:\/\/www.deporteseli.com\/?product=pala-bullpadel-indiga-boy-26"},"modified":"2026-01-27T22:27:48","modified_gmt":"2026-01-27T22:27:48","slug":"pala-bullpadel-indiga-boy-26","status":"publish","type":"product","link":"https:\/\/www.deporteseli.com\/?product=pala-bullpadel-indiga-boy-26","title":{"rendered":"PALA BULLPADEL INDIGA BOY 26"},"content":{"rendered":"<p>La clave de la l\u00ednea Indiga Kids es el innovador sistema Grip Zone. Esta es una zona dise\u00f1ada en la matriz de la pala para facilitar la sujeci\u00f3n correcta con la mano no dominante.    Beneficio Directo: El ni\u00f1o aprender\u00e1 la t\u00e9cnica de los golpes de una manera mucho m\u00e1s f\u00e1cil y r\u00e1pida, corrigiendo vicios y malas posturas desde el inicio.    Aprendizaje Garantizado: Ayuda a la correcta colocaci\u00f3n de la mano, lo que resulta en una ejecuci\u00f3n de golpes m\u00e1s limpia y efectiva.    Caracter\u00edsticas T\u00e9cnicas Enfocadas al Jugador Infantil  Empu\u00f1adura a Medida: La empu\u00f1adura ha sido dise\u00f1ada para ajustarse perfectamente a la peque\u00f1a mano del ni\u00f1o, evitando la fatiga innecesaria.    Grip Confortable: M\u00e1ximo confort en el agarre para horas de juego sin molestias.    N\u00facleo Amplio: El tama\u00f1o amplio del n\u00facleo (punto dulce) facilita el contacto con la bola, lo que se traduce en mayor control y confianza en sus primeros golpes.    Dise\u00f1o Colorido: Los modelos Boy y Girl tienen colores vibrantes y atractivos para inspirar a los j\u00f3venes jugadores.    La pala Indiga Boy 26 es la opci\u00f3n definitiva para los primeros golpes en el p\u00e1del, ofreciendo la combinaci\u00f3n ideal de seguridad, tecnolog\u00eda de aprendizaje y jugabilidad para los m\u00e1s j\u00f3venes.  Peso: 280 Gr    Perfil: 26 Mm    Balance: Medio    Forma: L\u00e1grima    Comp. Exterior: Polyglass    Comp. Interior: Evalastic    Jugador: Kid                                                                                                                                                                                                                                                                                                                                                                                                                                                                                                                                                                                                                                                                                                                                                                                                                                                                                                                                                                                                                                        <\/p>\n","protected":false},"excerpt":{"rendered":"<p>PALA BULLPADEL INDIGA BOY 26<\/p>\n","protected":false},"featured_media":61327,"template":"","meta":[],"product_brand":[],"product_cat":[353],"product_tag":[21],"class_list":{"0":"post-49452","1":"product","2":"type-product","3":"status-publish","4":"has-post-thumbnail","6":"product_cat-padel_y_tenis_palas","7":"product_tag-bull_padel","8":"pa_color-unico","9":"pa_talla-unica","10":"thunk-woo-product-list","11":"opn-qv-enable","12":"open-woo-hover-","13":"open-single-product-tab-horizontal","14":"open-shadow-","15":"open-shadow-hover-","17":"first","18":"instock","19":"sale","20":"shipping-taxable","21":"purchasable","22":"product-type-variable"},"jetpack_sharing_enabled":true,"_links":{"self":[{"href":"https:\/\/www.deporteseli.com\/index.php?rest_route=\/wp\/v2\/product\/49452","targetHints":{"allow":["GET"]}}],"collection":[{"href":"https:\/\/www.deporteseli.com\/index.php?rest_route=\/wp\/v2\/product"}],"about":[{"href":"https:\/\/www.deporteseli.com\/index.php?rest_route=\/wp\/v2\/types\/product"}],"wp:featuredmedia":[{"embeddable":true,"href":"https:\/\/www.deporteseli.com\/index.php?rest_route=\/wp\/v2\/media\/61327"}],"wp:attachment":[{"href":"https:\/\/www.deporteseli.com\/index.php?rest_route=%2Fwp%2Fv2%2Fmedia&parent=49452"}],"wp:term":[{"taxonomy":"product_brand","embeddable":true,"href":"https:\/\/www.deporteseli.com\/index.php?rest_route=%2Fwp%2Fv2%2Fproduct_brand&post=49452"},{"taxonomy":"product_cat","embeddable":true,"href":"https:\/\/www.deporteseli.com\/index.php?rest_route=%2Fwp%2Fv2%2Fproduct_cat&post=49452"},{"taxonomy":"product_tag","embeddable":true,"href":"https:\/\/www.deporteseli.com\/index.php?rest_route=%2Fwp%2Fv2%2Fproduct_tag&post=49452"}],"curies":[{"name":"wp","href":"https:\/\/api.w.org\/{rel}","templated":true}]}}