{"id":49448,"date":"2026-01-27T22:27:41","date_gmt":"2026-01-27T22:27:41","guid":{"rendered":"https:\/\/www.deporteseli.com\/?product=pala-bullpadel-vertex-jr-boy-26"},"modified":"2026-01-27T22:27:42","modified_gmt":"2026-01-27T22:27:42","slug":"pala-bullpadel-vertex-jr-boy-26","status":"publish","type":"product","link":"https:\/\/www.deporteseli.com\/?product=pala-bullpadel-vertex-jr-boy-26","title":{"rendered":"PALA BULLPADEL VERTEX JR BOY 26"},"content":{"rendered":"<p>La Vertex 05 JR ha sido dise\u00f1ada para jugadores junior que ya poseen un alto nivel de juego y buscan una pala que los prepare para el circuito profesional. Este modelo de forma de diamante ofrece la m\u00e1xima potencia requerida en el juego ofensivo, manteniendo un control preciso y un tacto profesional.    Tecnolog\u00eda y Aprendizaje Avanzado  Superficie: La superficie de la Vertex 05 JR es similar a la de las palas de adulto de alta gama, lo que favorece significativamente el aprendizaje y la adaptaci\u00f3n del joven jugador a las sensaciones de un equipo profesional.    Coraz\u00f3n Vertex: Incorpora el coraz\u00f3n Vertex, una tecnolog\u00eda clave que garantiza una perfecta distribuci\u00f3n de los pesos, optimizando el equilibrio de la pala. Adem\u00e1s, este coraz\u00f3n es crucial para eliminar las vibraciones, protegiendo el brazo del jugador junior.    Construcci\u00f3n y Materiales de Alto Rendimiento  La pala est\u00e1 construida con materiales de calidad superior para asegurar durabilidad y rendimiento:    N\u00facleo Externo: Compuesto por fibra de vidrio Polyglass, que proporciona un tacto c\u00f3modo con buena salida de bola.    N\u00facleo Interior: Formado por goma Evalastic, ofreciendo una excelente sensaci\u00f3n de golpeo y potencia.    Marco: Fabricado con el robusto CarbonTube de fibra de carbono 100%, lo que garantiza una m\u00e1xima resistencia y la durabilidad necesaria para el juego intenso.    La Bullpadel Vertex 05 JR BOY es la herramienta definitiva para que los jugadores junior m\u00e1s prometedores alcancen su m\u00e1ximo potencial en la pista.  Peso aprox: 335-345 GRS    Perfil: 35 MM    Balance: Medio    Forma: Diamante    Comp. Exterior: Polyglass    Comp. Interior: Evalstic    Jugador: Junior                                                                                                                                                                                                                                                                                                                                                                                                                                                                                                                                                                                                                                                                                                                                                                                                                                                                                                                                                                                                                                        <\/p>\n","protected":false},"excerpt":{"rendered":"<p>PALA BULLPADEL VERTEX JR BOY 26<\/p>\n","protected":false},"featured_media":61319,"template":"","meta":[],"product_brand":[],"product_cat":[353],"product_tag":[21],"class_list":{"0":"post-49448","1":"product","2":"type-product","3":"status-publish","4":"has-post-thumbnail","6":"product_cat-padel_y_tenis_palas","7":"product_tag-bull_padel","8":"pa_color-unico","9":"pa_talla-unica","10":"thunk-woo-product-list","11":"opn-qv-enable","12":"open-woo-hover-","13":"open-single-product-tab-horizontal","14":"open-shadow-","15":"open-shadow-hover-","17":"first","18":"instock","19":"sale","20":"shipping-taxable","21":"purchasable","22":"product-type-variable"},"jetpack_sharing_enabled":true,"_links":{"self":[{"href":"https:\/\/www.deporteseli.com\/index.php?rest_route=\/wp\/v2\/product\/49448","targetHints":{"allow":["GET"]}}],"collection":[{"href":"https:\/\/www.deporteseli.com\/index.php?rest_route=\/wp\/v2\/product"}],"about":[{"href":"https:\/\/www.deporteseli.com\/index.php?rest_route=\/wp\/v2\/types\/product"}],"wp:featuredmedia":[{"embeddable":true,"href":"https:\/\/www.deporteseli.com\/index.php?rest_route=\/wp\/v2\/media\/61319"}],"wp:attachment":[{"href":"https:\/\/www.deporteseli.com\/index.php?rest_route=%2Fwp%2Fv2%2Fmedia&parent=49448"}],"wp:term":[{"taxonomy":"product_brand","embeddable":true,"href":"https:\/\/www.deporteseli.com\/index.php?rest_route=%2Fwp%2Fv2%2Fproduct_brand&post=49448"},{"taxonomy":"product_cat","embeddable":true,"href":"https:\/\/www.deporteseli.com\/index.php?rest_route=%2Fwp%2Fv2%2Fproduct_cat&post=49448"},{"taxonomy":"product_tag","embeddable":true,"href":"https:\/\/www.deporteseli.com\/index.php?rest_route=%2Fwp%2Fv2%2Fproduct_tag&post=49448"}],"curies":[{"name":"wp","href":"https:\/\/api.w.org\/{rel}","templated":true}]}}