{"id":49426,"date":"2026-01-27T22:27:09","date_gmt":"2026-01-27T22:27:09","guid":{"rendered":"https:\/\/www.deporteseli.com\/?product=mochila-adidas-jn2737"},"modified":"2026-02-12T13:27:50","modified_gmt":"2026-02-12T13:27:50","slug":"mochila-adidas-jn2737","status":"publish","type":"product","link":"https:\/\/www.deporteseli.com\/?product=mochila-adidas-jn2737","title":{"rendered":"MOCHILA ADIDAS JN2737"},"content":{"rendered":"<p>Una mochila deportiva con el estilo de las 3 bandas.  Esta mochila adidas junior, dise\u00f1ada para atletas que nunca paran, sigue el ritmo de su apretada agenda. El espacioso compartimento principal y los varios bolsillos le ayudan a tener organizados y a mano los libros, el material y la equipaci\u00f3n deportiva. Las correas ajustables para los hombros le permiten encontrar el ajuste perfecto y disfrutar de una mayor comodidad durante todo el d\u00eda.  Tama\u00f1o: 11 cm \u00d7 26 cm \u00d7 40 cm  Capacidad: 13,14 L  100% poli\u00e9ster (reciclado)  Cierre con cremallera  Color del art\u00edculo: Royal Blue \/ Dark Blue \/ Glow Blue  N\u00famero de art\u00edculo: JN2737                                                                                                                                                                                                                                                                                                                                                                                                                                                                                                                                                                                                                                                                                                                                                                                                                                                                                                                                                                                                                                        <\/p>\n","protected":false},"excerpt":{"rendered":"<p>MOCHILA ADIDAS JN2737<\/p>\n","protected":false},"featured_media":61293,"template":"","meta":[],"product_brand":[],"product_cat":[401],"product_tag":[18],"class_list":{"0":"post-49426","1":"product","2":"type-product","3":"status-publish","4":"has-post-thumbnail","6":"product_cat-accesorios_mochilas","7":"product_tag-adidas","8":"pa_color-unico","9":"pa_talla-unica","10":"thunk-woo-product-list","11":"opn-qv-enable","12":"open-woo-hover-","13":"open-single-product-tab-horizontal","14":"open-shadow-","15":"open-shadow-hover-","17":"first","18":"instock","19":"shipping-taxable","20":"purchasable","21":"product-type-variable"},"jetpack_sharing_enabled":true,"_links":{"self":[{"href":"https:\/\/www.deporteseli.com\/index.php?rest_route=\/wp\/v2\/product\/49426","targetHints":{"allow":["GET"]}}],"collection":[{"href":"https:\/\/www.deporteseli.com\/index.php?rest_route=\/wp\/v2\/product"}],"about":[{"href":"https:\/\/www.deporteseli.com\/index.php?rest_route=\/wp\/v2\/types\/product"}],"wp:featuredmedia":[{"embeddable":true,"href":"https:\/\/www.deporteseli.com\/index.php?rest_route=\/wp\/v2\/media\/61293"}],"wp:attachment":[{"href":"https:\/\/www.deporteseli.com\/index.php?rest_route=%2Fwp%2Fv2%2Fmedia&parent=49426"}],"wp:term":[{"taxonomy":"product_brand","embeddable":true,"href":"https:\/\/www.deporteseli.com\/index.php?rest_route=%2Fwp%2Fv2%2Fproduct_brand&post=49426"},{"taxonomy":"product_cat","embeddable":true,"href":"https:\/\/www.deporteseli.com\/index.php?rest_route=%2Fwp%2Fv2%2Fproduct_cat&post=49426"},{"taxonomy":"product_tag","embeddable":true,"href":"https:\/\/www.deporteseli.com\/index.php?rest_route=%2Fwp%2Fv2%2Fproduct_tag&post=49426"}],"curies":[{"name":"wp","href":"https:\/\/api.w.org\/{rel}","templated":true}]}}