{"id":49411,"date":"2026-01-27T22:26:50","date_gmt":"2026-01-27T22:26:50","guid":{"rendered":"https:\/\/www.deporteseli.com\/?product=camiseta-bullpadel-pocate-negro"},"modified":"2026-03-07T06:49:05","modified_gmt":"2026-03-07T06:49:05","slug":"camiseta-bullpadel-pocate-negro","status":"publish","type":"product","link":"https:\/\/www.deporteseli.com\/?product=camiseta-bullpadel-pocate-negro","title":{"rendered":"CAMISETA BULLPADEL POCATE NEGRO"},"content":{"rendered":"<p>Camiseta t\u00e9cnica de la l\u00ednea Premier Padel.    Ligera, transpirable y llena de estilo, esta camiseta est\u00e1 dise\u00f1ada para acompa\u00f1arte en cada punto del partido. Confeccionada en un tejido de punto de poli\u00e9ster con elast\u00e1n, ofrece una gran libertad de movimiento y un ajuste c\u00f3modo. Incorpora la tecnolog\u00eda Drynamic, que gracias a sus microfilamentos ayuda a reducir la humedad y facilita la transpiraci\u00f3n, manteni\u00e9ndote seco incluso en los momentos de mayor intensidad.    Su dise\u00f1o asim\u00e9trico con piezas en contraste bajo la manga derecha y banda gr\u00e1fica sobre el hombro y la manga izquierda aporta un toque moderno y din\u00e1mico, mientras que el perforado l\u00e1ser en la espalda mejora la ventilaci\u00f3n justo donde m\u00e1s se necesita. Decorada con los gr\u00e1ficos oficiales de Premier Padel, esta prenda combina rendimiento y estilo para que disfrutes del p\u00e1del con total comodidad dentro y fuera de la pista.                                                                                                                                                                                                                                                                                                                                                                                                                                                                                                                                                                                                                                                                                                                                                                                                                                                                                                                                                                                                                                        <\/p>\n","protected":false},"excerpt":{"rendered":"<p>CAMISETA BULLPADEL POCATE NEGRO<\/p>\n","protected":false},"featured_media":61278,"template":"","meta":[],"product_brand":[],"product_cat":[364],"product_tag":[21],"class_list":{"0":"post-49411","1":"product","2":"type-product","3":"status-publish","4":"has-post-thumbnail","6":"product_cat-padel_y_tenis_textil_camisas","7":"product_tag-bull_padel","8":"pa_color-unico","9":"pa_talla-m","10":"pa_talla-xl","11":"pa_talla-xxl","12":"thunk-woo-product-list","13":"opn-qv-enable","14":"open-woo-hover-","15":"open-single-product-tab-horizontal","16":"open-shadow-","17":"open-shadow-hover-","19":"first","20":"instock","21":"shipping-taxable","22":"purchasable","23":"product-type-variable"},"jetpack_sharing_enabled":true,"_links":{"self":[{"href":"https:\/\/www.deporteseli.com\/index.php?rest_route=\/wp\/v2\/product\/49411","targetHints":{"allow":["GET"]}}],"collection":[{"href":"https:\/\/www.deporteseli.com\/index.php?rest_route=\/wp\/v2\/product"}],"about":[{"href":"https:\/\/www.deporteseli.com\/index.php?rest_route=\/wp\/v2\/types\/product"}],"wp:featuredmedia":[{"embeddable":true,"href":"https:\/\/www.deporteseli.com\/index.php?rest_route=\/wp\/v2\/media\/61278"}],"wp:attachment":[{"href":"https:\/\/www.deporteseli.com\/index.php?rest_route=%2Fwp%2Fv2%2Fmedia&parent=49411"}],"wp:term":[{"taxonomy":"product_brand","embeddable":true,"href":"https:\/\/www.deporteseli.com\/index.php?rest_route=%2Fwp%2Fv2%2Fproduct_brand&post=49411"},{"taxonomy":"product_cat","embeddable":true,"href":"https:\/\/www.deporteseli.com\/index.php?rest_route=%2Fwp%2Fv2%2Fproduct_cat&post=49411"},{"taxonomy":"product_tag","embeddable":true,"href":"https:\/\/www.deporteseli.com\/index.php?rest_route=%2Fwp%2Fv2%2Fproduct_tag&post=49411"}],"curies":[{"name":"wp","href":"https:\/\/api.w.org\/{rel}","templated":true}]}}