{"id":49305,"date":"2026-01-27T22:24:30","date_gmt":"2026-01-27T22:24:30","guid":{"rendered":"https:\/\/www.deporteseli.com\/?product=asics-gel-challenger-15-padel-2026-2"},"modified":"2026-04-05T04:18:05","modified_gmt":"2026-04-05T04:18:05","slug":"asics-gel-challenger-15-padel-2026-2","status":"publish","type":"product","link":"https:\/\/www.deporteseli.com\/?product=asics-gel-challenger-15-padel-2026-2","title":{"rendered":"ASICS GEL-CHALLENGER 15 PADEL 2026"},"content":{"rendered":"<p>Ya disponibles las Zapatillas Asics Gel Challenger 15 Padel saba blue vital green 2026, dise\u00f1adas para ofrecer un soporte excepcional y una comodidad sin igual durante cada movimiento en la pista. Su upper transpirable y el sistema DYNALACING\u2122 garantizan una sujeci\u00f3n firme y una ventilaci\u00f3n \u00f3ptima, ideales para jugadores que buscan rendimiento y durabilidad.    Este calzado est\u00e1 pensado para hombres de nivel intermedio a avanzado, que necesitan una zapatilla estable para movimientos laterales intensos. Si quieres una opci\u00f3n robusta, con buena amortiguaci\u00f3n y un dise\u00f1o moderno que destaque en la pista, esta es la elecci\u00f3n perfecta para mejorar tu juego.    Caracter\u00edsticas y tecnolog\u00edas de la zapatilla Asics Gel Challenger 15 Padel azules y verdes  Amortiguaci\u00f3n GEL\u2122 en el tal\u00f3n que proporciona una absorci\u00f3n de impactos efectiva, cuidando tus articulaciones durante frenadas r\u00e1pidas.  Suela New Padel con goma AHARPLUS\u2122 de alta resistencia que asegura durabilidad y tracci\u00f3n \u00f3ptima en pistas de arena o c\u00e9sped artificial.  Refuerzo lateral WINGWALL\u2122 para estabilizar movimientos horizontales y mantener el pie seguro en giros explosivos.  Plantilla ORTHOLITE\u2122 que ofrece un confort adicional adapt\u00e1ndose a la forma del pie y controlando la humedad para mayor frescura.  Materiales pensados para ofrecer frescura y estilo durante las temporadas m\u00e1s c\u00e1lidas.  Pertenece a la colecci\u00f3n de 2026.                                                                                                                                                                                                                                                                                                                                                                                                                                                                                                                                                                                                                                                                                                                                                                                                                                                                                                                                                                                                                                        <\/p>\n","protected":false},"excerpt":{"rendered":"<p>ASICS GEL-CHALLENGER 15 PADEL 2026<\/p>\n","protected":false},"featured_media":61182,"template":"","meta":[],"product_brand":[],"product_cat":[371],"product_tag":[19],"class_list":{"0":"post-49305","1":"product","2":"type-product","3":"status-publish","4":"has-post-thumbnail","6":"product_cat-padel_y_tenis_calzado","7":"product_tag-asics","8":"pa_color-unico","9":"pa_talla-40-5","10":"pa_talla-41-5","11":"pa_talla-153","12":"pa_talla-42-5","13":"pa_talla-43-5","14":"pa_talla-157","15":"pa_talla-44-5","16":"pa_talla-159","17":"pa_talla-161","18":"pa_talla-46-5","19":"pa_talla-163","20":"pa_talla-164","21":"thunk-woo-product-list","22":"opn-qv-enable","23":"open-woo-hover-","24":"open-single-product-tab-horizontal","25":"open-shadow-","26":"open-shadow-hover-","28":"first","29":"instock","30":"sale","31":"shipping-taxable","32":"purchasable","33":"product-type-variable"},"jetpack_sharing_enabled":true,"_links":{"self":[{"href":"https:\/\/www.deporteseli.com\/index.php?rest_route=\/wp\/v2\/product\/49305","targetHints":{"allow":["GET"]}}],"collection":[{"href":"https:\/\/www.deporteseli.com\/index.php?rest_route=\/wp\/v2\/product"}],"about":[{"href":"https:\/\/www.deporteseli.com\/index.php?rest_route=\/wp\/v2\/types\/product"}],"wp:featuredmedia":[{"embeddable":true,"href":"https:\/\/www.deporteseli.com\/index.php?rest_route=\/wp\/v2\/media\/61182"}],"wp:attachment":[{"href":"https:\/\/www.deporteseli.com\/index.php?rest_route=%2Fwp%2Fv2%2Fmedia&parent=49305"}],"wp:term":[{"taxonomy":"product_brand","embeddable":true,"href":"https:\/\/www.deporteseli.com\/index.php?rest_route=%2Fwp%2Fv2%2Fproduct_brand&post=49305"},{"taxonomy":"product_cat","embeddable":true,"href":"https:\/\/www.deporteseli.com\/index.php?rest_route=%2Fwp%2Fv2%2Fproduct_cat&post=49305"},{"taxonomy":"product_tag","embeddable":true,"href":"https:\/\/www.deporteseli.com\/index.php?rest_route=%2Fwp%2Fv2%2Fproduct_tag&post=49305"}],"curies":[{"name":"wp","href":"https:\/\/api.w.org\/{rel}","templated":true}]}}