{"id":49296,"date":"2026-01-27T22:24:17","date_gmt":"2026-01-27T22:24:17","guid":{"rendered":"https:\/\/www.deporteseli.com\/?product=asics-gel-challenger-15-padel-2026"},"modified":"2026-03-21T05:20:18","modified_gmt":"2026-03-21T05:20:18","slug":"asics-gel-challenger-15-padel-2026","status":"publish","type":"product","link":"https:\/\/www.deporteseli.com\/?product=asics-gel-challenger-15-padel-2026","title":{"rendered":"ASICS GEL-CHALLENGER 15 PADEL 2026"},"content":{"rendered":"<p>GEL-CHALLENGER 15 PADEL \u2013 M\u00e1xima Comodidad y Estabilidad en la Pista  Dise\u00f1adas para el control lateral y la amortiguaci\u00f3n en cada paso  Las GEL-CHALLENGER 15 PADEL de ASICS son unas zapatillas dise\u00f1adas espec\u00edficamente para jugadores de p\u00e1del que buscan estabilidad y confort. Su empeine envolvente y el cuello acolchado proporcionan un ajuste firme y c\u00f3modo. Incorporan la tecnolog\u00eda WINGWALL\u2122 en el lateral para mejorar la estabilidad en desplazamientos laterales.    Tecnolog\u00edas Destacadas  WINGWALL\u2122: Mayor estabilidad en movimientos laterales.  Suela AHARPLUS\u2122: Goma altamente resistente en el tal\u00f3n para mayor durabilidad.  GEL\u2122 en tal\u00f3n: Amortiguaci\u00f3n que absorbe impactos y mejora la comodidad.  PGUARD\u2122: Refuerzo para aumentar la durabilidad de la puntera.  Plantilla OrthoLite\u2122: Control de humedad y confort interior.  Proceso de te\u00f1ido en soluci\u00f3n: Reduce el consumo de agua y emisiones de carbono.  Detalles T\u00e9cnicos  Tipo de suela: Adecuada para pista de p\u00e1del  G\u00e9nero: Hombre  Colores: Blanco \/ Verde  Colecci\u00f3n: Primavera-verano 2026  Referencia: 1041A511-101                                                                                                                                                                                                                                                                                                                                                                                                                                                                                                                                                                                                                                                                                                                                                                                                                                                                                                                                                                                                                                        <\/p>\n","protected":false},"excerpt":{"rendered":"<p>ASICS GEL-CHALLENGER 15 PADEL 2026<\/p>\n","protected":false},"featured_media":61179,"template":"","meta":[],"product_brand":[],"product_cat":[371],"product_tag":[19],"class_list":{"0":"post-49296","1":"product","2":"type-product","3":"status-publish","4":"has-post-thumbnail","6":"product_cat-padel_y_tenis_calzado","7":"product_tag-asics","8":"pa_color-unico","9":"pa_talla-41-5","10":"pa_talla-153","11":"pa_talla-42-5","12":"pa_talla-43-5","13":"pa_talla-157","14":"pa_talla-159","15":"pa_talla-161","16":"pa_talla-163","17":"pa_talla-164","18":"thunk-woo-product-list","19":"opn-qv-enable","20":"open-woo-hover-","21":"open-single-product-tab-horizontal","22":"open-shadow-","23":"open-shadow-hover-","25":"first","26":"instock","27":"sale","28":"shipping-taxable","29":"purchasable","30":"product-type-variable"},"jetpack_sharing_enabled":true,"_links":{"self":[{"href":"https:\/\/www.deporteseli.com\/index.php?rest_route=\/wp\/v2\/product\/49296","targetHints":{"allow":["GET"]}}],"collection":[{"href":"https:\/\/www.deporteseli.com\/index.php?rest_route=\/wp\/v2\/product"}],"about":[{"href":"https:\/\/www.deporteseli.com\/index.php?rest_route=\/wp\/v2\/types\/product"}],"wp:featuredmedia":[{"embeddable":true,"href":"https:\/\/www.deporteseli.com\/index.php?rest_route=\/wp\/v2\/media\/61179"}],"wp:attachment":[{"href":"https:\/\/www.deporteseli.com\/index.php?rest_route=%2Fwp%2Fv2%2Fmedia&parent=49296"}],"wp:term":[{"taxonomy":"product_brand","embeddable":true,"href":"https:\/\/www.deporteseli.com\/index.php?rest_route=%2Fwp%2Fv2%2Fproduct_brand&post=49296"},{"taxonomy":"product_cat","embeddable":true,"href":"https:\/\/www.deporteseli.com\/index.php?rest_route=%2Fwp%2Fv2%2Fproduct_cat&post=49296"},{"taxonomy":"product_tag","embeddable":true,"href":"https:\/\/www.deporteseli.com\/index.php?rest_route=%2Fwp%2Fv2%2Fproduct_tag&post=49296"}],"curies":[{"name":"wp","href":"https:\/\/api.w.org\/{rel}","templated":true}]}}