{"id":49280,"date":"2026-01-27T22:23:57","date_gmt":"2026-01-27T22:23:57","guid":{"rendered":"https:\/\/www.deporteseli.com\/?product=paletero-bullpadel-ale-salazar-flow-26"},"modified":"2026-01-27T22:23:58","modified_gmt":"2026-01-27T22:23:58","slug":"paletero-bullpadel-ale-salazar-flow-26","status":"publish","type":"product","link":"https:\/\/www.deporteseli.com\/?product=paletero-bullpadel-ale-salazar-flow-26","title":{"rendered":"PALETERO BULLPADEL ALE SALAZAR FLOW 26"},"content":{"rendered":"<p>Ya disponible el nuevo Paletero Bullpadel BPP26006 Flow negro 2026, la elecci\u00f3n perfecta para jugadoras exigentes que buscan calidad y funcionalidad en su equipamiento. Fabricado en materiales resistentes como Nylon Dobby y Neopreno, garantiza durabilidad y ligereza para acompa\u00f1arte en cada partido y entrenamiento, sin importar la intensidad.    Dise\u00f1ado para quienes valoran el estilo y la practicidad, este paletero combina espacio suficiente para guardar palas, ropa y accesorios con un dise\u00f1o pensado en la comodidad. Su sistema de transporte ergon\u00f3mico y compartimentos t\u00e9rmicos asegurar\u00e1n que tu material est\u00e9 protegido y organizado siempre.    Caracter\u00edsticas del paletero Bullpadel BPP26006 Flow de Ale Salazar  Material resistente: Nylon Dobby y Neopreno que aportan ligereza y una larga vida \u00fatil para un uso constante.  Compartimentos t\u00e9rmicos: Capaces de alojar hasta cuatro palas, protegi\u00e9ndolas de cambios de temperatura y manteniendo su rendimiento.  Amplio espacio principal: Ideal para ropa, accesorios y dem\u00e1s equipamiento necesario para tus entrenamientos y torneos.  Zona ventilada independiente: Perfecta para guardar calzado o ropa usada sin que afecte al resto del contenido.  Comodidad en el transporte: Con correas acolchadas tipo mochila y asa superior que facilitan su traslado en cualquier situaci\u00f3n.  Incluido en el cat\u00e1logo de bolsas Bullpadel para mujer 2026.                                                                                                                                                                                                                                                                                                                                                                                                                                                                                                                                                                                                                                                                                                                                                                                                                                                                                                                                                                                                                                        <\/p>\n","protected":false},"excerpt":{"rendered":"<p>PALETERO BULLPADEL ALE SALAZAR FLOW 26<\/p>\n","protected":false},"featured_media":61157,"template":"","meta":[],"product_brand":[],"product_cat":[354],"product_tag":[21],"class_list":{"0":"post-49280","1":"product","2":"type-product","3":"status-publish","4":"has-post-thumbnail","6":"product_cat-padel_y_tenis_paleteros","7":"product_tag-bull_padel","8":"pa_color-unico","9":"pa_talla-unica","10":"thunk-woo-product-list","11":"opn-qv-enable","12":"open-woo-hover-","13":"open-single-product-tab-horizontal","14":"open-shadow-","15":"open-shadow-hover-","17":"first","18":"instock","19":"sale","20":"shipping-taxable","21":"purchasable","22":"product-type-variable"},"jetpack_sharing_enabled":true,"_links":{"self":[{"href":"https:\/\/www.deporteseli.com\/index.php?rest_route=\/wp\/v2\/product\/49280","targetHints":{"allow":["GET"]}}],"collection":[{"href":"https:\/\/www.deporteseli.com\/index.php?rest_route=\/wp\/v2\/product"}],"about":[{"href":"https:\/\/www.deporteseli.com\/index.php?rest_route=\/wp\/v2\/types\/product"}],"wp:featuredmedia":[{"embeddable":true,"href":"https:\/\/www.deporteseli.com\/index.php?rest_route=\/wp\/v2\/media\/61157"}],"wp:attachment":[{"href":"https:\/\/www.deporteseli.com\/index.php?rest_route=%2Fwp%2Fv2%2Fmedia&parent=49280"}],"wp:term":[{"taxonomy":"product_brand","embeddable":true,"href":"https:\/\/www.deporteseli.com\/index.php?rest_route=%2Fwp%2Fv2%2Fproduct_brand&post=49280"},{"taxonomy":"product_cat","embeddable":true,"href":"https:\/\/www.deporteseli.com\/index.php?rest_route=%2Fwp%2Fv2%2Fproduct_cat&post=49280"},{"taxonomy":"product_tag","embeddable":true,"href":"https:\/\/www.deporteseli.com\/index.php?rest_route=%2Fwp%2Fv2%2Fproduct_tag&post=49280"}],"curies":[{"name":"wp","href":"https:\/\/api.w.org\/{rel}","templated":true}]}}