{"id":49199,"date":"2026-01-27T22:22:07","date_gmt":"2026-01-27T22:22:07","guid":{"rendered":"https:\/\/www.deporteseli.com\/?product=pala-nox-edu-alon-attack-12k-26"},"modified":"2026-02-17T05:19:21","modified_gmt":"2026-02-17T05:19:21","slug":"pala-nox-edu-alon-attack-12k-26","status":"publish","type":"product","link":"https:\/\/www.deporteseli.com\/?product=pala-nox-edu-alon-attack-12k-26","title":{"rendered":"PALA NOX EDU ALON. ATTACK 12K\/26"},"content":{"rendered":"<p>Descripci\u00f3n  La EA10 Ventus Attack 12K XTREM, dise\u00f1ada en colaboraci\u00f3n con Edu Alonso, est\u00e1 pensada para jugadores que buscan dominar el juego ofensivo y marcar la diferencia en cada remate. Incorpora el nuevo molde de la colecci\u00f3n 2026 de palas Luxury, que mejora la aerodin\u00e1mica y el rendimiento general.    Su formato diamante, pu\u00f1o m\u00e1s largo y un balance alto para el ataque permiten desplegar golpes cargados de fuerza, manteniendo la precisi\u00f3n necesaria para controlar los momentos decisivos del partido.    La combinaci\u00f3n del carbono 12K Xtrem en sus caras y el n\u00facleo MLD Black Eva garantiza un tacto firme, gran salida de bola y estabilidad incluso en los intercambios m\u00e1s exigentes.                                                                                                                                                                                                                                                                                                                                                                                                                                                                                                                                                                                                                                                                                                                                                                                                                                                                                                                                                                                                                                        <\/p>\n","protected":false},"excerpt":{"rendered":"<p>PALA NOX EDU ALON. ATTACK 12K\/26<\/p>\n","protected":false},"featured_media":61087,"template":"","meta":[],"product_brand":[],"product_cat":[353],"product_tag":[33],"class_list":{"0":"post-49199","1":"product","2":"type-product","3":"status-publish","4":"has-post-thumbnail","6":"product_cat-padel_y_tenis_palas","7":"product_tag-nox","8":"pa_color-unico","9":"pa_talla-unica","10":"thunk-woo-product-list","11":"opn-qv-enable","12":"open-woo-hover-","13":"open-single-product-tab-horizontal","14":"open-shadow-","15":"open-shadow-hover-","17":"first","18":"instock","19":"sale","20":"shipping-taxable","21":"purchasable","22":"product-type-variable"},"jetpack_sharing_enabled":true,"_links":{"self":[{"href":"https:\/\/www.deporteseli.com\/index.php?rest_route=\/wp\/v2\/product\/49199","targetHints":{"allow":["GET"]}}],"collection":[{"href":"https:\/\/www.deporteseli.com\/index.php?rest_route=\/wp\/v2\/product"}],"about":[{"href":"https:\/\/www.deporteseli.com\/index.php?rest_route=\/wp\/v2\/types\/product"}],"wp:featuredmedia":[{"embeddable":true,"href":"https:\/\/www.deporteseli.com\/index.php?rest_route=\/wp\/v2\/media\/61087"}],"wp:attachment":[{"href":"https:\/\/www.deporteseli.com\/index.php?rest_route=%2Fwp%2Fv2%2Fmedia&parent=49199"}],"wp:term":[{"taxonomy":"product_brand","embeddable":true,"href":"https:\/\/www.deporteseli.com\/index.php?rest_route=%2Fwp%2Fv2%2Fproduct_brand&post=49199"},{"taxonomy":"product_cat","embeddable":true,"href":"https:\/\/www.deporteseli.com\/index.php?rest_route=%2Fwp%2Fv2%2Fproduct_cat&post=49199"},{"taxonomy":"product_tag","embeddable":true,"href":"https:\/\/www.deporteseli.com\/index.php?rest_route=%2Fwp%2Fv2%2Fproduct_tag&post=49199"}],"curies":[{"name":"wp","href":"https:\/\/api.w.org\/{rel}","templated":true}]}}