{"id":48903,"date":"2026-01-27T22:14:43","date_gmt":"2026-01-27T22:14:43","guid":{"rendered":"https:\/\/www.deporteseli.com\/?product=calcetin-babolat-5ua1323p"},"modified":"2026-01-27T22:14:49","modified_gmt":"2026-01-27T22:14:49","slug":"calcetin-babolat-5ua1323p","status":"publish","type":"product","link":"https:\/\/www.deporteseli.com\/?product=calcetin-babolat-5ua1323p","title":{"rendered":"CALCETIN BABOLAT 5UA1323P"},"content":{"rendered":"<p>Babolat Motion son los calcetines de p\u00e1del ideales para jugar con la m\u00e1xima comodidad, reduciendo a cero el riesgo de lesiones y molestias incluso en los partidos m\u00e1s largos.  Detalles:    Cojines 3D colocados debajo del antepi\u00e9 y en la uni\u00f3n entre el tal\u00f3n y el arco para una protecci\u00f3n integral que permite reducir ampollas, rozaduras, quemaduras y callosidades  Banda de soporte, colocada debajo del pie, que permite que el calcet\u00edn permanezca en su posici\u00f3n y reduce el deslizamiento  Zonas de ventilaci\u00f3n, situadas en la parte posterior del pie, que combinan comodidad y transpirabilidad  Dise\u00f1o espec\u00edfico para pie derecho y pie izquierdo  Bordes acanalados el\u00e1sticos  Logo Babolat bordado  Largo: media pierna  Paquete de 1 par  Unisexo  Tejido: 75% poliamida, 21% antiadherente, 4% elastano                                                                                                                                                                                                                                                                                                                                                                                                                                                                                                                                                                                                                                                                                                                                                                                                                                                                                                                                                                                                                                        <\/p>\n","protected":false},"excerpt":{"rendered":"<p>CALCETIN BABOLAT 5UA1323P<\/p>\n","protected":false},"featured_media":60850,"template":"","meta":[],"product_brand":[],"product_cat":[400],"product_tag":[84],"class_list":{"0":"post-48903","1":"product","2":"type-product","3":"status-publish","4":"has-post-thumbnail","6":"product_cat-accesorios_calcetines","7":"product_tag-babolat","8":"pa_color-unico","9":"pa_talla-39-42","10":"pa_talla-43-46","11":"thunk-woo-product-list","12":"opn-qv-enable","13":"open-woo-hover-","14":"open-single-product-tab-horizontal","15":"open-shadow-","16":"open-shadow-hover-","18":"first","19":"instock","20":"shipping-taxable","21":"purchasable","22":"product-type-variable"},"jetpack_sharing_enabled":true,"_links":{"self":[{"href":"https:\/\/www.deporteseli.com\/index.php?rest_route=\/wp\/v2\/product\/48903","targetHints":{"allow":["GET"]}}],"collection":[{"href":"https:\/\/www.deporteseli.com\/index.php?rest_route=\/wp\/v2\/product"}],"about":[{"href":"https:\/\/www.deporteseli.com\/index.php?rest_route=\/wp\/v2\/types\/product"}],"wp:featuredmedia":[{"embeddable":true,"href":"https:\/\/www.deporteseli.com\/index.php?rest_route=\/wp\/v2\/media\/60850"}],"wp:attachment":[{"href":"https:\/\/www.deporteseli.com\/index.php?rest_route=%2Fwp%2Fv2%2Fmedia&parent=48903"}],"wp:term":[{"taxonomy":"product_brand","embeddable":true,"href":"https:\/\/www.deporteseli.com\/index.php?rest_route=%2Fwp%2Fv2%2Fproduct_brand&post=48903"},{"taxonomy":"product_cat","embeddable":true,"href":"https:\/\/www.deporteseli.com\/index.php?rest_route=%2Fwp%2Fv2%2Fproduct_cat&post=48903"},{"taxonomy":"product_tag","embeddable":true,"href":"https:\/\/www.deporteseli.com\/index.php?rest_route=%2Fwp%2Fv2%2Fproduct_tag&post=48903"}],"curies":[{"name":"wp","href":"https:\/\/api.w.org\/{rel}","templated":true}]}}