{"id":48865,"date":"2026-01-27T22:13:39","date_gmt":"2026-01-27T22:13:39","guid":{"rendered":"https:\/\/www.deporteseli.com\/?product=camisa-babolat-3wp2071-2"},"modified":"2026-03-07T06:45:11","modified_gmt":"2026-03-07T06:45:11","slug":"camisa-babolat-3wp2071-2","status":"publish","type":"product","link":"https:\/\/www.deporteseli.com\/?product=camisa-babolat-3wp2071-2","title":{"rendered":"CAMISA BABOLAT 3WP2071"},"content":{"rendered":"<p>Descripci\u00f3n  La nueva y renovada camiseta de tirantes Play para mujer juega con los contrastes sin peder su estilo cl\u00e1sico.    Con su escote en V y su espalda realzada por un color din\u00e1mico, la camiseta de tirantes Play marca la diferencia en la pista.    Su nuevo tejido suave y flexible est\u00e1 confeccionado a base de poli\u00e9ster reciclado.  FiberDry  El tejido t\u00e9cnico con poli\u00e9ster \u00abFiber Dry\u00bb elegido para la colecci\u00f3n Babolat es LIGERO y SUAVE al tacto. De f\u00e1cil cuidado, resiste al uso m\u00e1s intenso desde los entrenamientos hasta la competici\u00f3n.                                                                                                                                                                                                                                                                                                                                                                                                                                                                                                                                                                                                                                                                                                                                                                                                                                                                                                                                                                                                                                        <\/p>\n","protected":false},"excerpt":{"rendered":"<p>CAMISA BABOLAT 3WP2071<\/p>\n","protected":false},"featured_media":60826,"template":"","meta":[],"product_brand":[],"product_cat":[364],"product_tag":[84],"class_list":{"0":"post-48865","1":"product","2":"type-product","3":"status-publish","4":"has-post-thumbnail","6":"product_cat-padel_y_tenis_textil_camisas","7":"product_tag-babolat","8":"pa_color-unico","9":"pa_talla-l","10":"pa_talla-m","11":"pa_talla-s","12":"thunk-woo-product-list","13":"opn-qv-enable","14":"open-woo-hover-","15":"open-single-product-tab-horizontal","16":"open-shadow-","17":"open-shadow-hover-","19":"first","20":"instock","21":"shipping-taxable","22":"purchasable","23":"product-type-variable"},"jetpack_sharing_enabled":true,"_links":{"self":[{"href":"https:\/\/www.deporteseli.com\/index.php?rest_route=\/wp\/v2\/product\/48865","targetHints":{"allow":["GET"]}}],"collection":[{"href":"https:\/\/www.deporteseli.com\/index.php?rest_route=\/wp\/v2\/product"}],"about":[{"href":"https:\/\/www.deporteseli.com\/index.php?rest_route=\/wp\/v2\/types\/product"}],"wp:featuredmedia":[{"embeddable":true,"href":"https:\/\/www.deporteseli.com\/index.php?rest_route=\/wp\/v2\/media\/60826"}],"wp:attachment":[{"href":"https:\/\/www.deporteseli.com\/index.php?rest_route=%2Fwp%2Fv2%2Fmedia&parent=48865"}],"wp:term":[{"taxonomy":"product_brand","embeddable":true,"href":"https:\/\/www.deporteseli.com\/index.php?rest_route=%2Fwp%2Fv2%2Fproduct_brand&post=48865"},{"taxonomy":"product_cat","embeddable":true,"href":"https:\/\/www.deporteseli.com\/index.php?rest_route=%2Fwp%2Fv2%2Fproduct_cat&post=48865"},{"taxonomy":"product_tag","embeddable":true,"href":"https:\/\/www.deporteseli.com\/index.php?rest_route=%2Fwp%2Fv2%2Fproduct_tag&post=48865"}],"curies":[{"name":"wp","href":"https:\/\/api.w.org\/{rel}","templated":true}]}}