{"id":48830,"date":"2026-01-27T22:12:56","date_gmt":"2026-01-27T22:12:56","guid":{"rendered":"https:\/\/www.deporteseli.com\/?product=camisa-babolat-3bp2011"},"modified":"2026-03-07T06:44:34","modified_gmt":"2026-03-07T06:44:34","slug":"camisa-babolat-3bp2011","status":"publish","type":"product","link":"https:\/\/www.deporteseli.com\/?product=camisa-babolat-3bp2011","title":{"rendered":"CAMISA BABOLAT 3BP2011"},"content":{"rendered":"<p>Descripci\u00f3n  La Play Crew Neck Tee de ni\u00f1o es una camiseta dise\u00f1ada y confeccionada para que su hijo pueda moverse con total libertad.    Un nuevo y flexible material de poli\u00e9ster reciclado ofrece a su hijo una total libertad de movimientos.    La forma cl\u00e1sica de la Play Crew Neck Tee para ni\u00f1o es perfecta tanto para entrenar como para jugar un partido.  FiberDry  El tejido t\u00e9cnico con poli\u00e9ster \u00abFiber Dry\u00bb elegido para la colecci\u00f3n Babolat es LIGERO y SUAVE al tacto. De f\u00e1cil cuidado, resiste al uso m\u00e1s intenso desde los entrenamientos hasta la competici\u00f3n.                                                                                                                                                                                                                                                                                                                                                                                                                                                                                                                                                                                                                                                                                                                                                                                                                                                                                                                                                                                                                                        <\/p>\n","protected":false},"excerpt":{"rendered":"<p>CAMISA BABOLAT 3BP2011<\/p>\n","protected":false},"featured_media":60803,"template":"","meta":[],"product_brand":[],"product_cat":[364],"product_tag":[84],"class_list":{"0":"post-48830","1":"product","2":"type-product","3":"status-publish","4":"has-post-thumbnail","6":"product_cat-padel_y_tenis_textil_camisas","7":"product_tag-babolat","8":"pa_color-unico","9":"pa_talla-t-10","10":"pa_talla-t-12","11":"pa_talla-t-14","12":"thunk-woo-product-list","13":"opn-qv-enable","14":"open-woo-hover-","15":"open-single-product-tab-horizontal","16":"open-shadow-","17":"open-shadow-hover-","19":"first","20":"instock","21":"shipping-taxable","22":"purchasable","23":"product-type-variable"},"jetpack_sharing_enabled":true,"_links":{"self":[{"href":"https:\/\/www.deporteseli.com\/index.php?rest_route=\/wp\/v2\/product\/48830","targetHints":{"allow":["GET"]}}],"collection":[{"href":"https:\/\/www.deporteseli.com\/index.php?rest_route=\/wp\/v2\/product"}],"about":[{"href":"https:\/\/www.deporteseli.com\/index.php?rest_route=\/wp\/v2\/types\/product"}],"wp:featuredmedia":[{"embeddable":true,"href":"https:\/\/www.deporteseli.com\/index.php?rest_route=\/wp\/v2\/media\/60803"}],"wp:attachment":[{"href":"https:\/\/www.deporteseli.com\/index.php?rest_route=%2Fwp%2Fv2%2Fmedia&parent=48830"}],"wp:term":[{"taxonomy":"product_brand","embeddable":true,"href":"https:\/\/www.deporteseli.com\/index.php?rest_route=%2Fwp%2Fv2%2Fproduct_brand&post=48830"},{"taxonomy":"product_cat","embeddable":true,"href":"https:\/\/www.deporteseli.com\/index.php?rest_route=%2Fwp%2Fv2%2Fproduct_cat&post=48830"},{"taxonomy":"product_tag","embeddable":true,"href":"https:\/\/www.deporteseli.com\/index.php?rest_route=%2Fwp%2Fv2%2Fproduct_tag&post=48830"}],"curies":[{"name":"wp","href":"https:\/\/api.w.org\/{rel}","templated":true}]}}