{"id":48763,"date":"2026-01-27T22:11:23","date_gmt":"2026-01-27T22:11:23","guid":{"rendered":"https:\/\/www.deporteseli.com\/?product=overgrip-wilson-pro-perforodo"},"modified":"2026-04-18T04:19:50","modified_gmt":"2026-04-18T04:19:50","slug":"overgrip-wilson-pro-perforodo","status":"publish","type":"product","link":"https:\/\/www.deporteseli.com\/?product=overgrip-wilson-pro-perforodo","title":{"rendered":"OVERGRIP WILSON PRO PERFORODO"},"content":{"rendered":"<p>Los overgrips WILSON Pro Perforated son la elecci\u00f3n preferida por jugadores de todos los niveles gracias a su excepcional agarre y transpirabilidad. Dise\u00f1ados para mejorar tu rendimiento en cada golpe, estos overgrips ofrecen una experiencia de juego c\u00f3moda y profesional.    Caracter\u00edsticas principales  Agarre superior: Garantiza un control firme incluso en las partidas m\u00e1s intensas.  Perforaci\u00f3n avanzada: Facilita la transpiraci\u00f3n para mantener las manos secas y c\u00f3modas.  Durabilidad comprobada: Materiales de alta calidad que prolongan su vida \u00fatil.  F\u00e1cil instalaci\u00f3n: Se adapta a cualquier raqueta de forma r\u00e1pida y sencilla.  Color: Blanco, para un estilo cl\u00e1sico y limpio.  Contenido del paquete  Pack de 3 overgrips Wilson Pro Perforados.                                                                                                                                                                                                                                                                                                                                                                                                                                                                                                                                                                                                                                                                                                                                                                                                                                                                                                                                                                                                                                        <\/p>\n","protected":false},"excerpt":{"rendered":"<p>OVERGRIP WILSON PRO PERFORODO<\/p>\n","protected":false},"featured_media":60767,"template":"","meta":[],"product_brand":[],"product_cat":[357],"product_tag":[57],"class_list":{"0":"post-48763","1":"product","2":"type-product","3":"status-publish","4":"has-post-thumbnail","6":"product_cat-padel_y_tenis_overgrip","7":"product_tag-wilson","8":"pa_color-unico","9":"pa_talla-unica","10":"thunk-woo-product-list","11":"opn-qv-enable","12":"open-woo-hover-","13":"open-single-product-tab-horizontal","14":"open-shadow-","15":"open-shadow-hover-","17":"first","18":"instock","19":"shipping-taxable","20":"purchasable","21":"product-type-variable"},"jetpack_sharing_enabled":true,"_links":{"self":[{"href":"https:\/\/www.deporteseli.com\/index.php?rest_route=\/wp\/v2\/product\/48763","targetHints":{"allow":["GET"]}}],"collection":[{"href":"https:\/\/www.deporteseli.com\/index.php?rest_route=\/wp\/v2\/product"}],"about":[{"href":"https:\/\/www.deporteseli.com\/index.php?rest_route=\/wp\/v2\/types\/product"}],"wp:featuredmedia":[{"embeddable":true,"href":"https:\/\/www.deporteseli.com\/index.php?rest_route=\/wp\/v2\/media\/60767"}],"wp:attachment":[{"href":"https:\/\/www.deporteseli.com\/index.php?rest_route=%2Fwp%2Fv2%2Fmedia&parent=48763"}],"wp:term":[{"taxonomy":"product_brand","embeddable":true,"href":"https:\/\/www.deporteseli.com\/index.php?rest_route=%2Fwp%2Fv2%2Fproduct_brand&post=48763"},{"taxonomy":"product_cat","embeddable":true,"href":"https:\/\/www.deporteseli.com\/index.php?rest_route=%2Fwp%2Fv2%2Fproduct_cat&post=48763"},{"taxonomy":"product_tag","embeddable":true,"href":"https:\/\/www.deporteseli.com\/index.php?rest_route=%2Fwp%2Fv2%2Fproduct_tag&post=48763"}],"curies":[{"name":"wp","href":"https:\/\/api.w.org\/{rel}","templated":true}]}}