{"id":48733,"date":"2026-01-27T22:10:33","date_gmt":"2026-01-27T22:10:33","guid":{"rendered":"https:\/\/www.deporteseli.com\/?product=guantes-adidas-jn5371"},"modified":"2026-01-27T22:10:38","modified_gmt":"2026-01-27T22:10:38","slug":"guantes-adidas-jn5371","status":"publish","type":"product","link":"https:\/\/www.deporteseli.com\/?product=guantes-adidas-jn5371","title":{"rendered":"GUANTES ADIDAS JN5371"},"content":{"rendered":"<p>Descripci\u00f3n  Det\u00e9n todos los disparos con los guantes de portero adidas Predator Competition, hechos para rendir en grandes partidos. Te mantendr\u00e1n en control de tu zona con una palma de l\u00e1tex de gran agarre y un dorso Mechano flexible. El corte negativo de los dedos proporciona un tacto ce\u00f1ido y natural, y la correa de l\u00e1tex de la mu\u00f1eca te permite encontrar el ajuste perfecto.  Caracter\u00edsticas del Producto  Detalles del guante de portero: Envoltura para el pulgar: l\u00e1tex adicional que cubre el pulgar para una mayor cobertura de agarre.  Detalles del guante de portero: URG 2.0 &#8211; De la inigualable serie URG de adidas, combina un excelente agarre y comodidad en el segmento de guantes premium. Lo recomendamos para todo tipo de superficies y condiciones. Limpie siempre el guante con agua tibia despu\u00e9s de usarlo.  Detalles del guante de portero: Tecnolog\u00eda de agarre de alta definici\u00f3n: elementos de goma individuales dise\u00f1ados en el dorso que proporcionan un agarre y control precisos.  Detalles del guante de portero: Vendaje el\u00e1stico: ajuste perfecto y soporte para la mu\u00f1eca.  Detalles del guante de portero: Corte negativo: el corte negativo proporciona un ajuste ce\u00f1ido y c\u00f3modo en todo el dedo.  Detalles del guante de portero: Dorso Mechano: ofrece el m\u00e1ximo nivel de comodidad y rendimiento. Transpirable, flexible y ajustado.  Detalles del guante de portero: Zonas flexibles anat\u00f3micas: imitan los movimientos naturales de la mano, evitando el embolsado y acercando el bal\u00f3n a la mano.                                                                                                                                                                                                                                                                                                                                                                                                                                                                                                                                                                                                                                                                                                                                                                                                                                                                                                                                                                                                                                        <\/p>\n","protected":false},"excerpt":{"rendered":"<p>GUANTES ADIDAS JN5371<\/p>\n","protected":false},"featured_media":60745,"template":"","meta":[],"product_brand":[],"product_cat":[322],"product_tag":[18],"class_list":{"0":"post-48733","1":"product","2":"type-product","3":"status-publish","4":"has-post-thumbnail","6":"product_cat-deportes_futbol_guantes_portero","7":"product_tag-adidas","8":"pa_color-unico","9":"pa_talla-171","10":"pa_talla-t-8","11":"pa_talla-t-9","12":"thunk-woo-product-list","13":"opn-qv-enable","14":"open-woo-hover-","15":"open-single-product-tab-horizontal","16":"open-shadow-","17":"open-shadow-hover-","19":"first","20":"instock","21":"sale","22":"shipping-taxable","23":"purchasable","24":"product-type-variable"},"jetpack_sharing_enabled":true,"_links":{"self":[{"href":"https:\/\/www.deporteseli.com\/index.php?rest_route=\/wp\/v2\/product\/48733","targetHints":{"allow":["GET"]}}],"collection":[{"href":"https:\/\/www.deporteseli.com\/index.php?rest_route=\/wp\/v2\/product"}],"about":[{"href":"https:\/\/www.deporteseli.com\/index.php?rest_route=\/wp\/v2\/types\/product"}],"wp:featuredmedia":[{"embeddable":true,"href":"https:\/\/www.deporteseli.com\/index.php?rest_route=\/wp\/v2\/media\/60745"}],"wp:attachment":[{"href":"https:\/\/www.deporteseli.com\/index.php?rest_route=%2Fwp%2Fv2%2Fmedia&parent=48733"}],"wp:term":[{"taxonomy":"product_brand","embeddable":true,"href":"https:\/\/www.deporteseli.com\/index.php?rest_route=%2Fwp%2Fv2%2Fproduct_brand&post=48733"},{"taxonomy":"product_cat","embeddable":true,"href":"https:\/\/www.deporteseli.com\/index.php?rest_route=%2Fwp%2Fv2%2Fproduct_cat&post=48733"},{"taxonomy":"product_tag","embeddable":true,"href":"https:\/\/www.deporteseli.com\/index.php?rest_route=%2Fwp%2Fv2%2Fproduct_tag&post=48733"}],"curies":[{"name":"wp","href":"https:\/\/api.w.org\/{rel}","templated":true}]}}