{"id":48723,"date":"2026-01-27T22:10:15","date_gmt":"2026-01-27T22:10:15","guid":{"rendered":"https:\/\/www.deporteseli.com\/?product=tenis-adidas-ih8586"},"modified":"2026-02-16T08:05:59","modified_gmt":"2026-02-16T08:05:59","slug":"tenis-adidas-ih8586","status":"publish","type":"product","link":"https:\/\/www.deporteseli.com\/?product=tenis-adidas-ih8586","title":{"rendered":"TENIS ADIDAS IH8586"},"content":{"rendered":"<p>Descripci\u00f3n  A\u00f1ade un toque setentero a tus looks de diario con esta zapatilla adidas. El empeine ligero incorpora un forro que envuelve el pie en suavidad, mientras que la mediasuela con amortiguaci\u00f3n Cloudfoam te ofrece una pisada m\u00e1s c\u00f3moda. Su dise\u00f1o elegante combina a la perfecci\u00f3n con todos tus outfits. La suela de goma flexible te permite afrontar con confianza tus actividades de la ma\u00f1ana a la noche.                                                                                                                                                                                                                                                                                                                                                                                                                                                                                                                                                                                                                                                                                                                                                                                                                                                                                                                                                                                                                                        <\/p>\n","protected":false},"excerpt":{"rendered":"<p>TENIS ADIDAS IH8586<\/p>\n","protected":false},"featured_media":60739,"template":"","meta":[],"product_brand":[],"product_cat":[261],"product_tag":[18],"class_list":{"0":"post-48723","1":"product","2":"type-product","3":"status-publish","4":"has-post-thumbnail","6":"product_cat-hombre_calzado_casual","7":"product_tag-adidas","8":"pa_color-unico","9":"pa_talla-40-5","10":"pa_talla-157","11":"pa_talla-46-5","12":"pa_talla-163","13":"pa_talla-164","14":"pa_talla-165","15":"thunk-woo-product-list","16":"opn-qv-enable","17":"open-woo-hover-","18":"open-single-product-tab-horizontal","19":"open-shadow-","20":"open-shadow-hover-","22":"first","23":"instock","24":"sale","25":"shipping-taxable","26":"purchasable","27":"product-type-variable"},"jetpack_sharing_enabled":true,"_links":{"self":[{"href":"https:\/\/www.deporteseli.com\/index.php?rest_route=\/wp\/v2\/product\/48723","targetHints":{"allow":["GET"]}}],"collection":[{"href":"https:\/\/www.deporteseli.com\/index.php?rest_route=\/wp\/v2\/product"}],"about":[{"href":"https:\/\/www.deporteseli.com\/index.php?rest_route=\/wp\/v2\/types\/product"}],"wp:featuredmedia":[{"embeddable":true,"href":"https:\/\/www.deporteseli.com\/index.php?rest_route=\/wp\/v2\/media\/60739"}],"wp:attachment":[{"href":"https:\/\/www.deporteseli.com\/index.php?rest_route=%2Fwp%2Fv2%2Fmedia&parent=48723"}],"wp:term":[{"taxonomy":"product_brand","embeddable":true,"href":"https:\/\/www.deporteseli.com\/index.php?rest_route=%2Fwp%2Fv2%2Fproduct_brand&post=48723"},{"taxonomy":"product_cat","embeddable":true,"href":"https:\/\/www.deporteseli.com\/index.php?rest_route=%2Fwp%2Fv2%2Fproduct_cat&post=48723"},{"taxonomy":"product_tag","embeddable":true,"href":"https:\/\/www.deporteseli.com\/index.php?rest_route=%2Fwp%2Fv2%2Fproduct_tag&post=48723"}],"curies":[{"name":"wp","href":"https:\/\/api.w.org\/{rel}","templated":true}]}}