{"id":48682,"date":"2026-01-27T22:09:19","date_gmt":"2026-01-27T22:09:19","guid":{"rendered":"https:\/\/www.deporteseli.com\/?product=botas-adidas-jh7751"},"modified":"2026-03-11T05:19:12","modified_gmt":"2026-03-11T05:19:12","slug":"botas-adidas-jh7751","status":"publish","type":"product","link":"https:\/\/www.deporteseli.com\/?product=botas-adidas-jh7751","title":{"rendered":"BOTAS ADIDAS JH7751"},"content":{"rendered":"<p>Caracter\u00edsticas del Producto  HECHO EN PARTE CON MATERIALES RECICLADOS: Hecho en parte con materiales reciclados  REGULAR: Dise\u00f1ado para un ajuste est\u00e1ndar, ni demasiado apretado ni demasiado suelto  Parte superior de Fiberskin: paquete de materiales dise\u00f1ados que ofrece soporte y sensaci\u00f3n de suavidad con l\u00edneas 3D ubicadas estrat\u00e9gicamente  Sprintgrid: L\u00edneas de impresi\u00f3n 2D para una visualizaci\u00f3n r\u00e1pida, emulando el elemento de dise\u00f1o de los rangos de precio m\u00e1s altos.  Leng\u00fceta flotante sint\u00e9tica: Leng\u00fceta sint\u00e9tica liviana con orificios perforados para un mayor flujo de aire.  MULTI TERRENO: LA SUELA Y LA CONFIGURACI\u00d3N DE LOS TACOS EST\u00c1N OPTIMIZADAS PARA SU USO EN TERRENOS MIXTOS (VARIAS GENERACIONES DE C\u00c9SPED ARTIFICIAL, TERRENO DURO Y C\u00c9SPED NATURAL SECO).  CORD\u00d3N: Ajuste el cord\u00f3n para obtener el ajuste que su pie necesita                                                                                                                                                                                                                                                                                                                                                                                                                                                                                                                                                                                                                                                                                                                                                                                                                                                                                                                                                                                                                                        <\/p>\n","protected":false},"excerpt":{"rendered":"<p>BOTAS ADIDAS JH7751<\/p>\n","protected":false},"featured_media":60706,"template":"","meta":[],"product_brand":[],"product_cat":[318],"product_tag":[18],"class_list":{"0":"post-48682","1":"product","2":"type-product","3":"status-publish","4":"has-post-thumbnail","6":"product_cat-deportes_futbol_botas","7":"product_tag-adidas","8":"pa_color-unico","9":"pa_talla-133","10":"pa_talla-135","11":"pa_talla-137","12":"pa_talla-139","13":"pa_talla-36-5","14":"pa_talla-37-5","15":"pa_talla-145","16":"pa_talla-38-5","17":"thunk-woo-product-list","18":"opn-qv-enable","19":"open-woo-hover-","20":"open-single-product-tab-horizontal","21":"open-shadow-","22":"open-shadow-hover-","24":"first","25":"instock","26":"sale","27":"shipping-taxable","28":"purchasable","29":"product-type-variable"},"jetpack_sharing_enabled":true,"_links":{"self":[{"href":"https:\/\/www.deporteseli.com\/index.php?rest_route=\/wp\/v2\/product\/48682","targetHints":{"allow":["GET"]}}],"collection":[{"href":"https:\/\/www.deporteseli.com\/index.php?rest_route=\/wp\/v2\/product"}],"about":[{"href":"https:\/\/www.deporteseli.com\/index.php?rest_route=\/wp\/v2\/types\/product"}],"wp:featuredmedia":[{"embeddable":true,"href":"https:\/\/www.deporteseli.com\/index.php?rest_route=\/wp\/v2\/media\/60706"}],"wp:attachment":[{"href":"https:\/\/www.deporteseli.com\/index.php?rest_route=%2Fwp%2Fv2%2Fmedia&parent=48682"}],"wp:term":[{"taxonomy":"product_brand","embeddable":true,"href":"https:\/\/www.deporteseli.com\/index.php?rest_route=%2Fwp%2Fv2%2Fproduct_brand&post=48682"},{"taxonomy":"product_cat","embeddable":true,"href":"https:\/\/www.deporteseli.com\/index.php?rest_route=%2Fwp%2Fv2%2Fproduct_cat&post=48682"},{"taxonomy":"product_tag","embeddable":true,"href":"https:\/\/www.deporteseli.com\/index.php?rest_route=%2Fwp%2Fv2%2Fproduct_tag&post=48682"}],"curies":[{"name":"wp","href":"https:\/\/api.w.org\/{rel}","templated":true}]}}