{"id":48634,"date":"2026-01-27T22:08:15","date_gmt":"2026-01-27T22:08:15","guid":{"rendered":"https:\/\/www.deporteseli.com\/?product=tenis-reebok-100237348"},"modified":"2026-03-07T06:43:11","modified_gmt":"2026-03-07T06:43:11","slug":"tenis-reebok-100237348","status":"publish","type":"product","link":"https:\/\/www.deporteseli.com\/?product=tenis-reebok-100237348","title":{"rendered":"TENIS REEBOK 100237348"},"content":{"rendered":"<p>Estas zapatillas Reebok est\u00e1n dise\u00f1adas para el movimiento. Confeccionadas con una parte superior de malla ligera, contrafuerte del tal\u00f3n y entresuela de EVA acolchada para una comodidad duradera. La correa de VELCRO\u00ae y la presilla del tal\u00f3n facilitan su colocaci\u00f3n y descalzado.    Caracter\u00edsticas:    Parte superior de malla y textil  Impresi\u00f3n del logotipo en el lateral  Dedo reforzado  Suela de goma  Cierre adhesivo VELCRO                                                                                                                                                                                                                                                                                                                                                                                                                                                                                                                                                                                                                                                                                                                                                                                                                                                                                                                                                                                                                                        <\/p>\n","protected":false},"excerpt":{"rendered":"<p>TENIS REEBOK 100237348<\/p>\n","protected":false},"featured_media":60671,"template":"","meta":[],"product_brand":[],"product_cat":[308],"product_tag":[41],"class_list":{"0":"post-48634","1":"product","2":"type-product","3":"status-publish","4":"has-post-thumbnail","6":"product_cat-nino_calzado_running","7":"product_tag-reebok","8":"pa_color-unico","9":"pa_talla-123","10":"pa_talla-125","11":"pa_talla-127","12":"pa_talla-129","13":"pa_talla-131","14":"pa_talla-133","15":"pa_talla-135","16":"thunk-woo-product-list","17":"opn-qv-enable","18":"open-woo-hover-","19":"open-single-product-tab-horizontal","20":"open-shadow-","21":"open-shadow-hover-","23":"first","24":"instock","25":"sale","26":"shipping-taxable","27":"purchasable","28":"product-type-variable"},"jetpack_sharing_enabled":true,"_links":{"self":[{"href":"https:\/\/www.deporteseli.com\/index.php?rest_route=\/wp\/v2\/product\/48634","targetHints":{"allow":["GET"]}}],"collection":[{"href":"https:\/\/www.deporteseli.com\/index.php?rest_route=\/wp\/v2\/product"}],"about":[{"href":"https:\/\/www.deporteseli.com\/index.php?rest_route=\/wp\/v2\/types\/product"}],"wp:featuredmedia":[{"embeddable":true,"href":"https:\/\/www.deporteseli.com\/index.php?rest_route=\/wp\/v2\/media\/60671"}],"wp:attachment":[{"href":"https:\/\/www.deporteseli.com\/index.php?rest_route=%2Fwp%2Fv2%2Fmedia&parent=48634"}],"wp:term":[{"taxonomy":"product_brand","embeddable":true,"href":"https:\/\/www.deporteseli.com\/index.php?rest_route=%2Fwp%2Fv2%2Fproduct_brand&post=48634"},{"taxonomy":"product_cat","embeddable":true,"href":"https:\/\/www.deporteseli.com\/index.php?rest_route=%2Fwp%2Fv2%2Fproduct_cat&post=48634"},{"taxonomy":"product_tag","embeddable":true,"href":"https:\/\/www.deporteseli.com\/index.php?rest_route=%2Fwp%2Fv2%2Fproduct_tag&post=48634"}],"curies":[{"name":"wp","href":"https:\/\/api.w.org\/{rel}","templated":true}]}}