{"id":48463,"date":"2026-01-27T22:04:08","date_gmt":"2026-01-27T22:04:08","guid":{"rendered":"https:\/\/www.deporteseli.com\/?product=tenis-adidas-ih2640"},"modified":"2026-03-21T05:20:03","modified_gmt":"2026-03-21T05:20:03","slug":"tenis-adidas-ih2640","status":"publish","type":"product","link":"https:\/\/www.deporteseli.com\/?product=tenis-adidas-ih2640","title":{"rendered":"TENIS ADIDAS IH2640"},"content":{"rendered":"<p>Descripci\u00f3n  Conquista nuevas distancias y s\u00e9 m\u00e1s veloz cada vez que salgas a correr. Esta zapatilla de running adidas te ayuda a alcanzar tus objetivos gracias a la amortiguaci\u00f3n liviana Bounce 2.0, que te impulsa en cada zancada. Presenta un empeine de malla que mantiene los pies frescos y c\u00f3modos del primer al \u00faltimo kil\u00f3metro, mientras que la suela de gran agarre te permite correr con confianza a medida que incrementas tu resistencia.                                                                                                                                                                                                                                                                                                                                                                                                                                                                                                                                                                                                                                                                                                                                                                                                                                                                                                                                                                                                                                        <\/p>\n","protected":false},"excerpt":{"rendered":"<p>TENIS ADIDAS IH2640<\/p>\n","protected":false},"featured_media":60516,"template":"","meta":[],"product_brand":[],"product_cat":[259],"product_tag":[18],"class_list":{"0":"post-48463","1":"product","2":"type-product","3":"status-publish","4":"has-post-thumbnail","6":"product_cat-hombre_calzado_running","7":"product_tag-adidas","8":"pa_color-unico","9":"pa_talla-153","10":"pa_talla-157","11":"pa_talla-45-5","12":"pa_talla-46-5","13":"pa_talla-163","14":"thunk-woo-product-list","15":"opn-qv-enable","16":"open-woo-hover-","17":"open-single-product-tab-horizontal","18":"open-shadow-","19":"open-shadow-hover-","21":"first","22":"instock","23":"sale","24":"shipping-taxable","25":"purchasable","26":"product-type-variable"},"jetpack_sharing_enabled":true,"_links":{"self":[{"href":"https:\/\/www.deporteseli.com\/index.php?rest_route=\/wp\/v2\/product\/48463","targetHints":{"allow":["GET"]}}],"collection":[{"href":"https:\/\/www.deporteseli.com\/index.php?rest_route=\/wp\/v2\/product"}],"about":[{"href":"https:\/\/www.deporteseli.com\/index.php?rest_route=\/wp\/v2\/types\/product"}],"wp:featuredmedia":[{"embeddable":true,"href":"https:\/\/www.deporteseli.com\/index.php?rest_route=\/wp\/v2\/media\/60516"}],"wp:attachment":[{"href":"https:\/\/www.deporteseli.com\/index.php?rest_route=%2Fwp%2Fv2%2Fmedia&parent=48463"}],"wp:term":[{"taxonomy":"product_brand","embeddable":true,"href":"https:\/\/www.deporteseli.com\/index.php?rest_route=%2Fwp%2Fv2%2Fproduct_brand&post=48463"},{"taxonomy":"product_cat","embeddable":true,"href":"https:\/\/www.deporteseli.com\/index.php?rest_route=%2Fwp%2Fv2%2Fproduct_cat&post=48463"},{"taxonomy":"product_tag","embeddable":true,"href":"https:\/\/www.deporteseli.com\/index.php?rest_route=%2Fwp%2Fv2%2Fproduct_tag&post=48463"}],"curies":[{"name":"wp","href":"https:\/\/api.w.org\/{rel}","templated":true}]}}