{"id":48442,"date":"2026-01-27T22:03:36","date_gmt":"2026-01-27T22:03:36","guid":{"rendered":"https:\/\/www.deporteseli.com\/?product=camisa-champion-405224"},"modified":"2026-03-07T06:41:46","modified_gmt":"2026-03-07T06:41:46","slug":"camisa-champion-405224","status":"publish","type":"product","link":"https:\/\/www.deporteseli.com\/?product=camisa-champion-405224","title":{"rendered":"CAMISA CHAMPION 405224"},"content":{"rendered":"<p>Insp\u00edrate con la camiseta de manga corta Champion, ideal para ni\u00f1as amantes del deporte y el estilo. Confeccionada en tejido suave y ligero, ofrece la m\u00e1xima comodidad en tus actividades diarias y deportivas. Su color lila le aporta un toque de vitalidad y frescura, convirti\u00e9ndola en una prenda vers\u00e1til y moderna. Gracias a su dise\u00f1o sencillo, combina a la perfecci\u00f3n con shorts deportivos o leggings para un look din\u00e1mico, pero tambi\u00e9n queda genial con una falda vaquera para un look casual. Del gimnasio al parque, esta camiseta Champion ser\u00e1 la prenda favorita de tus peque\u00f1as para sus aventuras diarias. Con esta camiseta, cada movimiento ser\u00e1 una explosi\u00f3n de energ\u00eda y estilo.                                                                                                                                                                                                                                                                                                                                                                                                                                                                                                                                                                                                                                                                                                                                                                                                                                                                                                                                                                                                                                        <\/p>\n","protected":false},"excerpt":{"rendered":"<p>CAMISA CHAMPION 405224<\/p>\n","protected":false},"featured_media":60503,"template":"","meta":[],"product_brand":[],"product_cat":[376],"product_tag":[51],"class_list":{"0":"post-48442","1":"product","2":"type-product","3":"status-publish","4":"has-post-thumbnail","6":"product_cat-ninas_textil_camisetas","7":"product_tag-champion","8":"pa_color-unico","9":"pa_talla-l","10":"pa_talla-m","11":"pa_talla-s","12":"pa_talla-xl","13":"pa_talla-xxl","14":"thunk-woo-product-list","15":"opn-qv-enable","16":"open-woo-hover-","17":"open-single-product-tab-horizontal","18":"open-shadow-","19":"open-shadow-hover-","21":"first","22":"instock","23":"shipping-taxable","24":"purchasable","25":"product-type-variable"},"jetpack_sharing_enabled":true,"_links":{"self":[{"href":"https:\/\/www.deporteseli.com\/index.php?rest_route=\/wp\/v2\/product\/48442","targetHints":{"allow":["GET"]}}],"collection":[{"href":"https:\/\/www.deporteseli.com\/index.php?rest_route=\/wp\/v2\/product"}],"about":[{"href":"https:\/\/www.deporteseli.com\/index.php?rest_route=\/wp\/v2\/types\/product"}],"wp:featuredmedia":[{"embeddable":true,"href":"https:\/\/www.deporteseli.com\/index.php?rest_route=\/wp\/v2\/media\/60503"}],"wp:attachment":[{"href":"https:\/\/www.deporteseli.com\/index.php?rest_route=%2Fwp%2Fv2%2Fmedia&parent=48442"}],"wp:term":[{"taxonomy":"product_brand","embeddable":true,"href":"https:\/\/www.deporteseli.com\/index.php?rest_route=%2Fwp%2Fv2%2Fproduct_brand&post=48442"},{"taxonomy":"product_cat","embeddable":true,"href":"https:\/\/www.deporteseli.com\/index.php?rest_route=%2Fwp%2Fv2%2Fproduct_cat&post=48442"},{"taxonomy":"product_tag","embeddable":true,"href":"https:\/\/www.deporteseli.com\/index.php?rest_route=%2Fwp%2Fv2%2Fproduct_tag&post=48442"}],"curies":[{"name":"wp","href":"https:\/\/api.w.org\/{rel}","templated":true}]}}