{"id":48347,"date":"2026-01-27T22:01:20","date_gmt":"2026-01-27T22:01:20","guid":{"rendered":"https:\/\/www.deporteseli.com\/?product=camisa-champion-118375"},"modified":"2026-03-07T06:40:09","modified_gmt":"2026-03-07T06:40:09","slug":"camisa-champion-118375","status":"publish","type":"product","link":"https:\/\/www.deporteseli.com\/?product=camisa-champion-118375","title":{"rendered":"CAMISA CHAMPION 118375"},"content":{"rendered":"<p>La camiseta Champion SS TEE para mujer ofrece un estilo limpio y c\u00f3modo para el d\u00eda a d\u00eda. Con mangas cortas y cuello redondo, combina a la perfecci\u00f3n con diversos conjuntos. Luce un llamativo logotipo de Champion en el pecho, lo que le da un toque deportivo. Est\u00e1 confeccionada con un material agradable que garantiza comodidad durante todo el d\u00eda.  mangas cortas  escote redondo  logotipo de la marca                                                                                                                                                                                                                                                                                                                                                                                                                                                                                                                                                                                                                                                                                                                                                                                                                                                                                                                                                                                                                                        <\/p>\n","protected":false},"excerpt":{"rendered":"<p>CAMISA CHAMPION 118375<\/p>\n","protected":false},"featured_media":60465,"template":"","meta":[],"product_brand":[],"product_cat":[269],"product_tag":[51],"class_list":{"0":"post-48347","1":"product","2":"type-product","3":"status-publish","4":"has-post-thumbnail","6":"product_cat-mujer_textil_camisetas","7":"product_tag-champion","8":"pa_color-unico","9":"pa_talla-l","10":"pa_talla-m","11":"pa_talla-s","12":"thunk-woo-product-list","13":"opn-qv-enable","14":"open-woo-hover-","15":"open-single-product-tab-horizontal","16":"open-shadow-","17":"open-shadow-hover-","19":"first","20":"instock","21":"shipping-taxable","22":"purchasable","23":"product-type-variable"},"jetpack_sharing_enabled":true,"_links":{"self":[{"href":"https:\/\/www.deporteseli.com\/index.php?rest_route=\/wp\/v2\/product\/48347","targetHints":{"allow":["GET"]}}],"collection":[{"href":"https:\/\/www.deporteseli.com\/index.php?rest_route=\/wp\/v2\/product"}],"about":[{"href":"https:\/\/www.deporteseli.com\/index.php?rest_route=\/wp\/v2\/types\/product"}],"wp:featuredmedia":[{"embeddable":true,"href":"https:\/\/www.deporteseli.com\/index.php?rest_route=\/wp\/v2\/media\/60465"}],"wp:attachment":[{"href":"https:\/\/www.deporteseli.com\/index.php?rest_route=%2Fwp%2Fv2%2Fmedia&parent=48347"}],"wp:term":[{"taxonomy":"product_brand","embeddable":true,"href":"https:\/\/www.deporteseli.com\/index.php?rest_route=%2Fwp%2Fv2%2Fproduct_brand&post=48347"},{"taxonomy":"product_cat","embeddable":true,"href":"https:\/\/www.deporteseli.com\/index.php?rest_route=%2Fwp%2Fv2%2Fproduct_cat&post=48347"},{"taxonomy":"product_tag","embeddable":true,"href":"https:\/\/www.deporteseli.com\/index.php?rest_route=%2Fwp%2Fv2%2Fproduct_tag&post=48347"}],"curies":[{"name":"wp","href":"https:\/\/api.w.org\/{rel}","templated":true}]}}