{"id":48338,"date":"2026-01-27T22:01:07","date_gmt":"2026-01-27T22:01:07","guid":{"rendered":"https:\/\/www.deporteseli.com\/?product=sudadera-champion-221795"},"modified":"2026-03-20T05:19:32","modified_gmt":"2026-03-20T05:19:32","slug":"sudadera-champion-221795","status":"publish","type":"product","link":"https:\/\/www.deporteseli.com\/?product=sudadera-champion-221795","title":{"rendered":"SUDADERA CHAMPION 221795"},"content":{"rendered":"<p>Sudadera con capucha para hombre Sudadera con capucha y cremallera completa Champion para hombre.    Mejora tu estilo y comodidad con nuestra sudadera con capucha y cremallera completa Champion, dise\u00f1ada para hombres modernos que valoran tanto la funcionalidad como el estilo. Esta sudadera con capucha ofrece un corte regular que te da libertad de movimiento sin comprometer una silueta elegante.    Esta sudadera con capucha est\u00e1 equipada con una pr\u00e1ctica cremallera frontal, lo que la hace f\u00e1cil de poner y quitar. La capucha ajustable con cord\u00f3n proporciona protecci\u00f3n adicional contra los elementos, a la vez que complementa el look deportivo. Para mantener las manos calientes o para guardar objetos peque\u00f1os, hay dos pr\u00e1cticos bolsillos abiertos. Los pu\u00f1os y el dobladillo contribuyen a un ajuste perfecto y aseguran que el fr\u00edo se mantenga fuera.    Hecha de una mezcla de alta calidad de 55% algod\u00f3n y 45% poli\u00e9ster, esta sudadera es suave y duradera. El algod\u00f3n se siente c\u00f3modo en contacto con la piel, mientras que el poli\u00e9ster ayuda a mantener su forma y color despu\u00e9s de m\u00faltiples lavados.    Con un elegante logo bordado en el pecho, esta sudadera con capucha eleva tu estilo. Combina un dise\u00f1o atemporal con caracter\u00edsticas pr\u00e1cticas, convirti\u00e9ndola en una prenda imprescindible en el armario de cualquier hombre.    Esta prenda es m\u00e1s que una simple sudadera con capucha  es una compa\u00f1era vers\u00e1til tanto para momentos de relax como para d\u00edas activos. Perfecta para entrenar, caminar o simplemente relajarse en casa. Con la sudadera con capucha y cremallera completa Champion, combinas estilo, comodidad y funcionalidad, convirti\u00e9ndola en una excelente opci\u00f3n para el hombre consciente.    Asegura tu estilo con la sudadera con capucha y cremallera completa Champion.  A\u00f1ade este cl\u00e1sico atemporal a tu armario y disfruta de comodidad y calidad a diario!                                                                                                                                                                                                                                                                                                                                                                                                                                                                                                                                                                                                                                                                                                                                                                                                                                                                                                                                                                                                                                        <\/p>\n","protected":false},"excerpt":{"rendered":"<p>SUDADERA CHAMPION 221795<\/p>\n","protected":false},"featured_media":60459,"template":"","meta":[],"product_brand":[],"product_cat":[253],"product_tag":[51],"class_list":{"0":"post-48338","1":"product","2":"type-product","3":"status-publish","4":"has-post-thumbnail","6":"product_cat-hombre_textil_sudaderas","7":"product_tag-champion","8":"pa_color-unico","9":"pa_talla-l","10":"pa_talla-m","11":"pa_talla-s","12":"pa_talla-xl","13":"pa_talla-xxl","14":"thunk-woo-product-list","15":"opn-qv-enable","16":"open-woo-hover-","17":"open-single-product-tab-horizontal","18":"open-shadow-","19":"open-shadow-hover-","21":"first","22":"instock","23":"shipping-taxable","24":"purchasable","25":"product-type-variable"},"jetpack_sharing_enabled":true,"_links":{"self":[{"href":"https:\/\/www.deporteseli.com\/index.php?rest_route=\/wp\/v2\/product\/48338","targetHints":{"allow":["GET"]}}],"collection":[{"href":"https:\/\/www.deporteseli.com\/index.php?rest_route=\/wp\/v2\/product"}],"about":[{"href":"https:\/\/www.deporteseli.com\/index.php?rest_route=\/wp\/v2\/types\/product"}],"wp:featuredmedia":[{"embeddable":true,"href":"https:\/\/www.deporteseli.com\/index.php?rest_route=\/wp\/v2\/media\/60459"}],"wp:attachment":[{"href":"https:\/\/www.deporteseli.com\/index.php?rest_route=%2Fwp%2Fv2%2Fmedia&parent=48338"}],"wp:term":[{"taxonomy":"product_brand","embeddable":true,"href":"https:\/\/www.deporteseli.com\/index.php?rest_route=%2Fwp%2Fv2%2Fproduct_brand&post=48338"},{"taxonomy":"product_cat","embeddable":true,"href":"https:\/\/www.deporteseli.com\/index.php?rest_route=%2Fwp%2Fv2%2Fproduct_cat&post=48338"},{"taxonomy":"product_tag","embeddable":true,"href":"https:\/\/www.deporteseli.com\/index.php?rest_route=%2Fwp%2Fv2%2Fproduct_tag&post=48338"}],"curies":[{"name":"wp","href":"https:\/\/api.w.org\/{rel}","templated":true}]}}