{"id":48249,"date":"2026-01-27T21:59:14","date_gmt":"2026-01-27T21:59:14","guid":{"rendered":"https:\/\/www.deporteseli.com\/?product=balon-adidas-jp1549"},"modified":"2026-01-27T21:59:16","modified_gmt":"2026-01-27T21:59:16","slug":"balon-adidas-jp1549","status":"publish","type":"product","link":"https:\/\/www.deporteseli.com\/?product=balon-adidas-jp1549","title":{"rendered":"BALON ADIDAS JP1549"},"content":{"rendered":"<p>Un bal\u00f3n de entrenamiento con un estampado cautivador inspirado en el bal\u00f3n de competici\u00f3n oficial de la UCL.  Los mejores equipos de Europa se re\u00fanen bajo las estrellas para decidir su destino futbol\u00edstico. Este bal\u00f3n adidas Training, con un cautivador dise\u00f1o inspirado en el del bal\u00f3n oficial de la Champions League, cuenta con una cubierta cosida a m\u00e1quina imparable y una resistente c\u00e1mara de butilo, por lo que es perfecto para usarlo una y otra vez. Incorpora un estampado de estilo hologr\u00e1fico inspirado en los calendarios astron\u00f3micos y los signos del zodiaco, que no pasar\u00e1 desapercibido cuando lo saques a relucir en el campo de entrenamiento.                                                                                                                                                                                                                                                                                                                                                                                                                                                                                                                                                                                                                                                                                                                                                                                                                                                                                                                                                                                                                                        <\/p>\n","protected":false},"excerpt":{"rendered":"<p>BALON ADIDAS JP1549<\/p>\n","protected":false},"featured_media":60410,"template":"","meta":[],"product_brand":[],"product_cat":[347],"product_tag":[18],"class_list":{"0":"post-48249","1":"product","2":"type-product","3":"status-publish","4":"has-post-thumbnail","6":"product_cat-deportes_balones","7":"product_tag-adidas","8":"pa_color-unico","9":"pa_talla-169","10":"thunk-woo-product-list","11":"opn-qv-enable","12":"open-woo-hover-","13":"open-single-product-tab-horizontal","14":"open-shadow-","15":"open-shadow-hover-","17":"first","18":"instock","19":"shipping-taxable","20":"purchasable","21":"product-type-variable"},"jetpack_sharing_enabled":true,"_links":{"self":[{"href":"https:\/\/www.deporteseli.com\/index.php?rest_route=\/wp\/v2\/product\/48249","targetHints":{"allow":["GET"]}}],"collection":[{"href":"https:\/\/www.deporteseli.com\/index.php?rest_route=\/wp\/v2\/product"}],"about":[{"href":"https:\/\/www.deporteseli.com\/index.php?rest_route=\/wp\/v2\/types\/product"}],"wp:featuredmedia":[{"embeddable":true,"href":"https:\/\/www.deporteseli.com\/index.php?rest_route=\/wp\/v2\/media\/60410"}],"wp:attachment":[{"href":"https:\/\/www.deporteseli.com\/index.php?rest_route=%2Fwp%2Fv2%2Fmedia&parent=48249"}],"wp:term":[{"taxonomy":"product_brand","embeddable":true,"href":"https:\/\/www.deporteseli.com\/index.php?rest_route=%2Fwp%2Fv2%2Fproduct_brand&post=48249"},{"taxonomy":"product_cat","embeddable":true,"href":"https:\/\/www.deporteseli.com\/index.php?rest_route=%2Fwp%2Fv2%2Fproduct_cat&post=48249"},{"taxonomy":"product_tag","embeddable":true,"href":"https:\/\/www.deporteseli.com\/index.php?rest_route=%2Fwp%2Fv2%2Fproduct_tag&post=48249"}],"curies":[{"name":"wp","href":"https:\/\/api.w.org\/{rel}","templated":true}]}}