{"id":48199,"date":"2026-01-27T21:58:10","date_gmt":"2026-01-27T21:58:10","guid":{"rendered":"https:\/\/www.deporteseli.com\/?product=tenis-hummel-225242"},"modified":"2026-02-16T08:04:18","modified_gmt":"2026-02-16T08:04:18","slug":"tenis-hummel-225242","status":"publish","type":"product","link":"https:\/\/www.deporteseli.com\/?product=tenis-hummel-225242","title":{"rendered":"TENIS HUMMEL 225242"},"content":{"rendered":"<p>Descripci\u00f3n  La construcci\u00f3n abierta as\u00ed como la suela exterior ancha y estable de la MULTIPLAY FLEX LC JR ofrecen a los ni\u00f1os una comodidad y un ajuste excepcionales. Tambi\u00e9n proporciona una excelente adherencia multidireccional gracias a su suela exterior de TPR con clavos en forma de hex\u00e1gono. La amortiguaci\u00f3n adicional en la suela intermedia de EVA brinda mayor confort a este modelo hummel que a los ni\u00f1os les encantar\u00e1 llevar!    Construcci\u00f3n abierta  Suela exterior ancha y estable  Suela exterior de TPR con clavos en forma de hex\u00e1gono para una adherencia multidireccional  Amortiguaci\u00f3n en la suela intermedia de EVA                                                                                                                                                                                                                                                                                                                                                                                                                                                                                                                                                                                                                                                                                                                                                                                                                                                                                                                                                                                                                                        <\/p>\n","protected":false},"excerpt":{"rendered":"<p>TENIS HUMMEL 225242<\/p>\n","protected":false},"featured_media":60389,"template":"","meta":[],"product_brand":[],"product_cat":[345],"product_tag":[55],"class_list":{"0":"post-48199","1":"product","2":"type-product","3":"status-publish","4":"has-post-thumbnail","6":"product_cat-deportes_balonmano","7":"product_tag-hummel","8":"pa_color-unico","9":"pa_talla-141","10":"pa_talla-143","11":"pa_talla-145","12":"pa_talla-147","13":"pa_talla-149","14":"thunk-woo-product-list","15":"opn-qv-enable","16":"open-woo-hover-","17":"open-single-product-tab-horizontal","18":"open-shadow-","19":"open-shadow-hover-","21":"first","22":"instock","23":"sale","24":"shipping-taxable","25":"purchasable","26":"product-type-variable"},"jetpack_sharing_enabled":true,"_links":{"self":[{"href":"https:\/\/www.deporteseli.com\/index.php?rest_route=\/wp\/v2\/product\/48199","targetHints":{"allow":["GET"]}}],"collection":[{"href":"https:\/\/www.deporteseli.com\/index.php?rest_route=\/wp\/v2\/product"}],"about":[{"href":"https:\/\/www.deporteseli.com\/index.php?rest_route=\/wp\/v2\/types\/product"}],"wp:featuredmedia":[{"embeddable":true,"href":"https:\/\/www.deporteseli.com\/index.php?rest_route=\/wp\/v2\/media\/60389"}],"wp:attachment":[{"href":"https:\/\/www.deporteseli.com\/index.php?rest_route=%2Fwp%2Fv2%2Fmedia&parent=48199"}],"wp:term":[{"taxonomy":"product_brand","embeddable":true,"href":"https:\/\/www.deporteseli.com\/index.php?rest_route=%2Fwp%2Fv2%2Fproduct_brand&post=48199"},{"taxonomy":"product_cat","embeddable":true,"href":"https:\/\/www.deporteseli.com\/index.php?rest_route=%2Fwp%2Fv2%2Fproduct_cat&post=48199"},{"taxonomy":"product_tag","embeddable":true,"href":"https:\/\/www.deporteseli.com\/index.php?rest_route=%2Fwp%2Fv2%2Fproduct_tag&post=48199"}],"curies":[{"name":"wp","href":"https:\/\/api.w.org\/{rel}","templated":true}]}}