{"id":48130,"date":"2026-01-27T21:56:23","date_gmt":"2026-01-27T21:56:23","guid":{"rendered":"https:\/\/www.deporteseli.com\/?product=tenis-hummel-230729"},"modified":"2026-03-13T05:19:02","modified_gmt":"2026-03-13T05:19:02","slug":"tenis-hummel-230729","status":"publish","type":"product","link":"https:\/\/www.deporteseli.com\/?product=tenis-hummel-230729","title":{"rendered":"TENIS HUMMEL 230729"},"content":{"rendered":"<p>Suela de goma que no deja marcas  Parte superior de TPU termofusible para mayor durabilidad  Dise\u00f1o ligero para movimientos r\u00e1pidos.  Dise\u00f1ado para deportes de interior.  Las HB POWERSTRIKE PRO est\u00e1n dise\u00f1adas para la acci\u00f3n intensa del balonmano y los deportes de interior. Con una suela de goma que no deja marcas para un agarre seguro en superficies interiores, la parte superior de TPU con tecnolog\u00eda termofusible garantiza una durabilidad ligera y un ajuste \u00f3ptimo. Perfectamente dise\u00f1adas para movimientos r\u00e1pidos y giros precisos en la cancha.                                                                                                                                                                                                                                                                                                                                                                                                                                                                                                                                                                                                                                                                                                                                                                                                                                                                                                                                                                                                                                        <\/p>\n","protected":false},"excerpt":{"rendered":"<p>TENIS HUMMEL 230729<\/p>\n","protected":false},"featured_media":60350,"template":"","meta":[],"product_brand":[],"product_cat":[345],"product_tag":[55],"class_list":{"0":"post-48130","1":"product","2":"type-product","3":"status-publish","4":"has-post-thumbnail","6":"product_cat-deportes_balonmano","7":"product_tag-hummel","8":"pa_color-unico","9":"pa_talla-153","10":"pa_talla-155","11":"pa_talla-157","12":"pa_talla-159","13":"pa_talla-161","14":"pa_talla-163","15":"thunk-woo-product-list","16":"opn-qv-enable","17":"open-woo-hover-","18":"open-single-product-tab-horizontal","19":"open-shadow-","20":"open-shadow-hover-","22":"first","23":"instock","24":"sale","25":"shipping-taxable","26":"purchasable","27":"product-type-variable"},"jetpack_sharing_enabled":true,"_links":{"self":[{"href":"https:\/\/www.deporteseli.com\/index.php?rest_route=\/wp\/v2\/product\/48130","targetHints":{"allow":["GET"]}}],"collection":[{"href":"https:\/\/www.deporteseli.com\/index.php?rest_route=\/wp\/v2\/product"}],"about":[{"href":"https:\/\/www.deporteseli.com\/index.php?rest_route=\/wp\/v2\/types\/product"}],"wp:featuredmedia":[{"embeddable":true,"href":"https:\/\/www.deporteseli.com\/index.php?rest_route=\/wp\/v2\/media\/60350"}],"wp:attachment":[{"href":"https:\/\/www.deporteseli.com\/index.php?rest_route=%2Fwp%2Fv2%2Fmedia&parent=48130"}],"wp:term":[{"taxonomy":"product_brand","embeddable":true,"href":"https:\/\/www.deporteseli.com\/index.php?rest_route=%2Fwp%2Fv2%2Fproduct_brand&post=48130"},{"taxonomy":"product_cat","embeddable":true,"href":"https:\/\/www.deporteseli.com\/index.php?rest_route=%2Fwp%2Fv2%2Fproduct_cat&post=48130"},{"taxonomy":"product_tag","embeddable":true,"href":"https:\/\/www.deporteseli.com\/index.php?rest_route=%2Fwp%2Fv2%2Fproduct_tag&post=48130"}],"curies":[{"name":"wp","href":"https:\/\/api.w.org\/{rel}","templated":true}]}}