{"id":47993,"date":"2026-01-27T21:53:03","date_gmt":"2026-01-27T21:53:03","guid":{"rendered":"https:\/\/www.deporteseli.com\/?product=gel-resolucion-x-arcilla"},"modified":"2026-04-21T04:18:01","modified_gmt":"2026-04-21T04:18:01","slug":"gel-resolucion-x-arcilla","status":"publish","type":"product","link":"https:\/\/www.deporteseli.com\/?product=gel-resolucion-x-arcilla","title":{"rendered":"GEL-RESOLUCI\u00f3N X ARCILLA"},"content":{"rendered":"<p>La zapatilla de tenis GEL-RESOLUTION\u2122 X CLAY crea estabilidad y amortiguaci\u00f3n avanzadas para los jugadores que les gusta controlar el juego desde la l\u00ednea de fondo.    La tecnolog\u00eda DYNALACING\u2122 se ha dise\u00f1ado estrat\u00e9gicamente para sujetar el pie cuando se necesita soporte adicional. Esto te permite experimentar una sensaci\u00f3n de sujeci\u00f3n al realizar transiciones r\u00e1pidas. Adem\u00e1s, el dise\u00f1o de entresuela de dos piezas mejora la estabilidad al pisar la cancha.    La tecnolog\u00eda DYNAWALL\u2122 de la entresuela ahora se extiende hasta el tal\u00f3n para mayor estabilidad durante los movimientos laterales. Es una caracter\u00edstica funcional, eficaz al correr cubriendo ambos lados de la l\u00ednea de fondo.      Tecnolog\u00eda PGUARD\u2122: ayuda a aumentar la durabilidad en el \u00e1rea interior del antepi\u00e9 de la parte superior.  Tecnolog\u00eda DYNAWALL\u2122: ayuda a mejorar la estabilidad  Tecnolog\u00eda DYNALACING\u2122: ayuda a crear un ajuste estable durante los movimientos din\u00e1micos  Suela de goma AHARPLUS\u2122: mejora la durabilidad  Tecnolog\u00eda Forefoot GEL\u00ae: mejora la absorci\u00f3n del impacto y crea una sensaci\u00f3n m\u00e1s suave al pisar.  Dise\u00f1o de entresuela de dos piezas: ayuda a producir aterrizajes m\u00e1s estables.  La plantilla se produce con el proceso de te\u00f1ido en soluci\u00f3n que reduce el uso de agua en aproximadamente un 33% y las emisiones de carbono en aproximadamente un 45% en comparaci\u00f3n con la tecnolog\u00eda de te\u00f1ido convencional.  Suela para cancha de arcilla                                                                                                                                                                                                                                                                                                                                                                                                                                                                                                                                                                                                                                                                                                                                                                                                                                                                                                                                                                                                                                        <\/p>\n","protected":false},"excerpt":{"rendered":"<p>GEL-RESOLUCI\u00f3N X ARCILLA<\/p>\n","protected":false},"featured_media":60252,"template":"","meta":[],"product_brand":[],"product_cat":[371],"product_tag":[19],"class_list":{"0":"post-47993","1":"product","2":"type-product","3":"status-publish","4":"has-post-thumbnail","6":"product_cat-padel_y_tenis_calzado","7":"product_tag-asics","8":"pa_color-unico","9":"pa_talla-41-5","10":"pa_talla-153","11":"pa_talla-42-5","12":"pa_talla-43-5","13":"pa_talla-157","14":"pa_talla-159","15":"pa_talla-161","16":"thunk-woo-product-list","17":"opn-qv-enable","18":"open-woo-hover-","19":"open-single-product-tab-horizontal","20":"open-shadow-","21":"open-shadow-hover-","23":"first","24":"instock","25":"sale","26":"shipping-taxable","27":"purchasable","28":"product-type-variable"},"jetpack_sharing_enabled":true,"_links":{"self":[{"href":"https:\/\/www.deporteseli.com\/index.php?rest_route=\/wp\/v2\/product\/47993","targetHints":{"allow":["GET"]}}],"collection":[{"href":"https:\/\/www.deporteseli.com\/index.php?rest_route=\/wp\/v2\/product"}],"about":[{"href":"https:\/\/www.deporteseli.com\/index.php?rest_route=\/wp\/v2\/types\/product"}],"wp:featuredmedia":[{"embeddable":true,"href":"https:\/\/www.deporteseli.com\/index.php?rest_route=\/wp\/v2\/media\/60252"}],"wp:attachment":[{"href":"https:\/\/www.deporteseli.com\/index.php?rest_route=%2Fwp%2Fv2%2Fmedia&parent=47993"}],"wp:term":[{"taxonomy":"product_brand","embeddable":true,"href":"https:\/\/www.deporteseli.com\/index.php?rest_route=%2Fwp%2Fv2%2Fproduct_brand&post=47993"},{"taxonomy":"product_cat","embeddable":true,"href":"https:\/\/www.deporteseli.com\/index.php?rest_route=%2Fwp%2Fv2%2Fproduct_cat&post=47993"},{"taxonomy":"product_tag","embeddable":true,"href":"https:\/\/www.deporteseli.com\/index.php?rest_route=%2Fwp%2Fv2%2Fproduct_tag&post=47993"}],"curies":[{"name":"wp","href":"https:\/\/api.w.org\/{rel}","templated":true}]}}