{"id":47957,"date":"2026-01-27T21:52:08","date_gmt":"2026-01-27T21:52:08","guid":{"rendered":"https:\/\/www.deporteseli.com\/?product=tenis-adidas-gw9196"},"modified":"2026-03-26T05:19:31","modified_gmt":"2026-03-26T05:19:31","slug":"tenis-adidas-gw9196","status":"publish","type":"product","link":"https:\/\/www.deporteseli.com\/?product=tenis-adidas-gw9196","title":{"rendered":"TENIS ADIDAS GW9196"},"content":{"rendered":"<p>Descripci\u00f3n  Si solo pudieras tener un par, probablemente estas ser\u00edan tus zapatillas. La elegancia est\u00e1 m\u00e1s que asegurada con la zapatilla Grand Court de adidas que no renuncia a sus cl\u00e1sicas 3 bandas. La tecnolog\u00eda de amortiguaci\u00f3n Cloudfoam Comfort te ofrece una pisada m\u00e1s c\u00f3moda. Comb\u00ednala con tu pantal\u00f3n favorito y ap\u00fantate a cualquier plan, por inesperado que sea.  La parte superior contiene al menos un 50% de materiales reciclados.                                                                                                                                                                                                                                                                                                                                                                                                                                                                                                                                                                                                                                                                                                                                                                                                                                                                                                                                                                                                                                        <\/p>\n","protected":false},"excerpt":{"rendered":"<p>TENIS ADIDAS GW9196<\/p>\n","protected":false},"featured_media":60233,"template":"","meta":[],"product_brand":[],"product_cat":[261],"product_tag":[18],"class_list":{"0":"post-47957","1":"product","2":"type-product","3":"status-publish","4":"has-post-thumbnail","6":"product_cat-hombre_calzado_casual","7":"product_tag-adidas","8":"pa_color-unico","9":"pa_talla-41-5","10":"pa_talla-153","11":"pa_talla-42-5","12":"pa_talla-43-5","13":"pa_talla-157","14":"pa_talla-44-5","15":"pa_talla-45-5","16":"pa_talla-161","17":"pa_talla-163","18":"thunk-woo-product-list","19":"opn-qv-enable","20":"open-woo-hover-","21":"open-single-product-tab-horizontal","22":"open-shadow-","23":"open-shadow-hover-","25":"first","26":"instock","27":"sale","28":"shipping-taxable","29":"purchasable","30":"product-type-variable"},"jetpack_sharing_enabled":true,"_links":{"self":[{"href":"https:\/\/www.deporteseli.com\/index.php?rest_route=\/wp\/v2\/product\/47957","targetHints":{"allow":["GET"]}}],"collection":[{"href":"https:\/\/www.deporteseli.com\/index.php?rest_route=\/wp\/v2\/product"}],"about":[{"href":"https:\/\/www.deporteseli.com\/index.php?rest_route=\/wp\/v2\/types\/product"}],"wp:featuredmedia":[{"embeddable":true,"href":"https:\/\/www.deporteseli.com\/index.php?rest_route=\/wp\/v2\/media\/60233"}],"wp:attachment":[{"href":"https:\/\/www.deporteseli.com\/index.php?rest_route=%2Fwp%2Fv2%2Fmedia&parent=47957"}],"wp:term":[{"taxonomy":"product_brand","embeddable":true,"href":"https:\/\/www.deporteseli.com\/index.php?rest_route=%2Fwp%2Fv2%2Fproduct_brand&post=47957"},{"taxonomy":"product_cat","embeddable":true,"href":"https:\/\/www.deporteseli.com\/index.php?rest_route=%2Fwp%2Fv2%2Fproduct_cat&post=47957"},{"taxonomy":"product_tag","embeddable":true,"href":"https:\/\/www.deporteseli.com\/index.php?rest_route=%2Fwp%2Fv2%2Fproduct_tag&post=47957"}],"curies":[{"name":"wp","href":"https:\/\/api.w.org\/{rel}","templated":true}]}}