{"id":47917,"date":"2026-01-27T21:51:06","date_gmt":"2026-01-27T21:51:06","guid":{"rendered":"https:\/\/www.deporteseli.com\/?product=pala-bullpadel-hack-04-hyb-26"},"modified":"2026-01-27T21:51:08","modified_gmt":"2026-01-27T21:51:08","slug":"pala-bullpadel-hack-04-hyb-26","status":"publish","type":"product","link":"https:\/\/www.deporteseli.com\/?product=pala-bullpadel-hack-04-hyb-26","title":{"rendered":"PALA BULLPADEL HACK 04 HYB 26"},"content":{"rendered":"<p>HACK 04 Hybrid, una pala dise\u00f1ada con la tecnolog\u00eda Total Channel y un triple puente en el coraz\u00f3n. Este formato h\u00edbrido la convierte en la opci\u00f3n ideal para jugadores que buscan dominar el contraataque, combinando control con potencia. Con la HACK 04 Hybrid, desatar\u00e1s un vendaval en cada movimiento, aprovechando al m\u00e1ximo su capacidad de respuesta.    Tecnolog\u00edas: Total Channel, Tricore, Air React Channel, Ease Vibe, Custom weight, Smart Holes, 3D Grain, Hesacore, Vibradrive , Aluminized A18K, Multieva, , Carbon Tube.    \u2022 Peso aprox: 365-375 g.    \u2022 Perfil: 38mm.    \u2022 Balance: \u02dc 25    \u2022 Superficie de juego: 529 cm\u00b2    \u2022 Forma: Hibrida.    \u2022 Comp. Exterior: Carbono Aluminizado 18K.    \u2022 Acabado Rugoso: Tipo 3D    \u2022 Comp. Interior: Multieva.    \u2022 Nivel: Avanzado    \u2022 Ideal para: Control y Contragolpes.                                                                                                                                                                                                                                                                                                                                                                                                                                                                                                                                                                                                                                                                                                                                                                                                                                                                                                                                                                                                                                        <\/p>\n","protected":false},"excerpt":{"rendered":"<p>PALA BULLPADEL HACK 04 HYB 26<\/p>\n","protected":false},"featured_media":60151,"template":"","meta":[],"product_brand":[],"product_cat":[353],"product_tag":[21],"class_list":{"0":"post-47917","1":"product","2":"type-product","3":"status-publish","4":"has-post-thumbnail","6":"product_cat-padel_y_tenis_palas","7":"product_tag-bull_padel","8":"pa_color-unico","9":"pa_talla-unica","10":"thunk-woo-product-list","11":"opn-qv-enable","12":"open-woo-hover-","13":"open-single-product-tab-horizontal","14":"open-shadow-","15":"open-shadow-hover-","17":"first","18":"instock","19":"sale","20":"shipping-taxable","21":"purchasable","22":"product-type-variable"},"jetpack_sharing_enabled":true,"_links":{"self":[{"href":"https:\/\/www.deporteseli.com\/index.php?rest_route=\/wp\/v2\/product\/47917","targetHints":{"allow":["GET"]}}],"collection":[{"href":"https:\/\/www.deporteseli.com\/index.php?rest_route=\/wp\/v2\/product"}],"about":[{"href":"https:\/\/www.deporteseli.com\/index.php?rest_route=\/wp\/v2\/types\/product"}],"wp:featuredmedia":[{"embeddable":true,"href":"https:\/\/www.deporteseli.com\/index.php?rest_route=\/wp\/v2\/media\/60151"}],"wp:attachment":[{"href":"https:\/\/www.deporteseli.com\/index.php?rest_route=%2Fwp%2Fv2%2Fmedia&parent=47917"}],"wp:term":[{"taxonomy":"product_brand","embeddable":true,"href":"https:\/\/www.deporteseli.com\/index.php?rest_route=%2Fwp%2Fv2%2Fproduct_brand&post=47917"},{"taxonomy":"product_cat","embeddable":true,"href":"https:\/\/www.deporteseli.com\/index.php?rest_route=%2Fwp%2Fv2%2Fproduct_cat&post=47917"},{"taxonomy":"product_tag","embeddable":true,"href":"https:\/\/www.deporteseli.com\/index.php?rest_route=%2Fwp%2Fv2%2Fproduct_tag&post=47917"}],"curies":[{"name":"wp","href":"https:\/\/api.w.org\/{rel}","templated":true}]}}