{"id":47883,"date":"2026-01-27T21:50:09","date_gmt":"2026-01-27T21:50:09","guid":{"rendered":"https:\/\/www.deporteseli.com\/?product=chaqueta-adidas-hb0573"},"modified":"2026-03-07T06:37:18","modified_gmt":"2026-03-07T06:37:18","slug":"chaqueta-adidas-hb0573","status":"publish","type":"product","link":"https:\/\/www.deporteseli.com\/?product=chaqueta-adidas-hb0573","title":{"rendered":"CHAQUETA ADIDAS HB0573"},"content":{"rendered":"<p>Descripci\u00f3n  Para su equipo. Para su planeta. Ponte esta chaqueta adidas cuando necesites una capa extra dentro y fuera del campo. De la colecci\u00f3n Entrada 22 para el f\u00fatbol amateur, te ofrece un ajuste fino y estilizado para jugar como un profesional. La tecnolog\u00eda AEROREADY evacua la transpiraci\u00f3n para ayudarte a concentrarte en el juego y est\u00e1 fabricada con materiales 100% reciclados, lo que la convierte en una de nuestras soluciones para combatir los residuos pl\u00e1sticos.    Ajuste delgado.                                                                                                                                                                                                                                                                                                                                                                                                                                                                                                                                                                                                                                                                                                                                                                                                                                                                                                                                                                                                                                        <\/p>\n","protected":false},"excerpt":{"rendered":"<p>CHAQUETA ADIDAS HB0573<\/p>\n","protected":false},"featured_media":60113,"template":"","meta":[],"product_brand":[],"product_cat":[256],"product_tag":[18],"class_list":{"0":"post-47883","1":"product","2":"type-product","3":"status-publish","4":"has-post-thumbnail","6":"product_cat-hombre_textil_chaquetas","7":"product_tag-adidas","8":"pa_color-unico","9":"pa_talla-s","10":"thunk-woo-product-list","11":"opn-qv-enable","12":"open-woo-hover-","13":"open-single-product-tab-horizontal","14":"open-shadow-","15":"open-shadow-hover-","17":"first","18":"instock","19":"shipping-taxable","20":"purchasable","21":"product-type-variable"},"jetpack_sharing_enabled":true,"_links":{"self":[{"href":"https:\/\/www.deporteseli.com\/index.php?rest_route=\/wp\/v2\/product\/47883","targetHints":{"allow":["GET"]}}],"collection":[{"href":"https:\/\/www.deporteseli.com\/index.php?rest_route=\/wp\/v2\/product"}],"about":[{"href":"https:\/\/www.deporteseli.com\/index.php?rest_route=\/wp\/v2\/types\/product"}],"wp:featuredmedia":[{"embeddable":true,"href":"https:\/\/www.deporteseli.com\/index.php?rest_route=\/wp\/v2\/media\/60113"}],"wp:attachment":[{"href":"https:\/\/www.deporteseli.com\/index.php?rest_route=%2Fwp%2Fv2%2Fmedia&parent=47883"}],"wp:term":[{"taxonomy":"product_brand","embeddable":true,"href":"https:\/\/www.deporteseli.com\/index.php?rest_route=%2Fwp%2Fv2%2Fproduct_brand&post=47883"},{"taxonomy":"product_cat","embeddable":true,"href":"https:\/\/www.deporteseli.com\/index.php?rest_route=%2Fwp%2Fv2%2Fproduct_cat&post=47883"},{"taxonomy":"product_tag","embeddable":true,"href":"https:\/\/www.deporteseli.com\/index.php?rest_route=%2Fwp%2Fv2%2Fproduct_tag&post=47883"}],"curies":[{"name":"wp","href":"https:\/\/api.w.org\/{rel}","templated":true}]}}