{"id":47617,"date":"2026-01-27T21:43:04","date_gmt":"2026-01-27T21:43:04","guid":{"rendered":"https:\/\/www.deporteseli.com\/?product=botas-puma-ultra-play-mg-azul"},"modified":"2026-01-27T21:43:15","modified_gmt":"2026-01-27T21:43:15","slug":"botas-puma-ultra-play-mg-azul","status":"publish","type":"product","link":"https:\/\/www.deporteseli.com\/?product=botas-puma-ultra-play-mg-azul","title":{"rendered":"BOTAS PUMA ULTRA PLAY MG AZUL"},"content":{"rendered":"<p>Ni siquiera t\u00fa sab\u00edas que pod\u00edas ser tan r\u00e1pido. La ULTRA PLAY presenta una parte superior sint\u00e9tica liviana pero duradera fusionada con una suela exterior de TPU de perfil bajo con m\u00faltiples tacos.  SUELA MG (artificial grass) &#8211; taco para jugar en  hierba artificial de ultima generaci\u00f3n (hierba   goma) indiferentemente seco o mojado, aunque tambi\u00e9n se puede utilizar en hierba natural seca o dura  La parte superior suave proporciona un ajuste a\u00fan m\u00e1s adaptable y de mayor apoyo.    Estable en el tal\u00f3n y flexible en el antepi\u00e9, la suela exterior Dynamic Motion System de segunda generaci\u00f3n proporciona tracci\u00f3n y agilidad para cambios de direcci\u00f3n impredecibles.    Suela de TPU liviana y de bajo perfil con m\u00faltiples tacos. Apto para su uso en c\u00e9sped artificial (3G) y superficies naturales duras.    Empeine A\u00fan m\u00e1s adaptable, a\u00fan m\u00e1s de apoyo, la nueva parte superior combina malla dise\u00f1ada y material sint\u00e9tico suave para que puedas volverlos locos. Las texturas 3D dise\u00f1adas en las zonas de contacto clave est\u00e1n optimizadas para mejorar el agarre y el control del bal\u00f3n para driblar, pasar y rematar.     &#8211; La parte superior suave y flexible proporciona una sensaci\u00f3n excepcional en el bal\u00f3n y el tacto.    &#8211; Para c\u00e9sped artificial y superficies naturales duras    &#8211; Parte superior suave y sint\u00e9tica    &#8211; Suela exterior con m\u00faltiples tacos de poliuretano termopl\u00e1stico de bajo perfil    &#8211; Adecuado para superficies de hierba artificial, cemento, calle y moqueta de hierba artificial                                                                                                                                                                                                                                                                                                                                                                                                                                                                                                                                                                                                                                                                                                                                                                                                                                                                                                                                                                                                                                        <\/p>\n","protected":false},"excerpt":{"rendered":"<p>BOTAS PUMA ULTRA PLAY MG AZUL<\/p>\n","protected":false},"featured_media":59950,"template":"","meta":[],"product_brand":[],"product_cat":[318],"product_tag":[32],"class_list":{"0":"post-47617","1":"product","2":"type-product","3":"status-publish","4":"has-post-thumbnail","6":"product_cat-deportes_futbol_botas","7":"product_tag-puma","8":"pa_color-unico","9":"pa_talla-151","10":"pa_talla-153","11":"pa_talla-155","12":"pa_talla-157","13":"pa_talla-44-5","14":"pa_talla-159","15":"pa_talla-161","16":"thunk-woo-product-list","17":"opn-qv-enable","18":"open-woo-hover-","19":"open-single-product-tab-horizontal","20":"open-shadow-","21":"open-shadow-hover-","23":"first","24":"instock","25":"sale","26":"shipping-taxable","27":"purchasable","28":"product-type-variable"},"jetpack_sharing_enabled":true,"_links":{"self":[{"href":"https:\/\/www.deporteseli.com\/index.php?rest_route=\/wp\/v2\/product\/47617","targetHints":{"allow":["GET"]}}],"collection":[{"href":"https:\/\/www.deporteseli.com\/index.php?rest_route=\/wp\/v2\/product"}],"about":[{"href":"https:\/\/www.deporteseli.com\/index.php?rest_route=\/wp\/v2\/types\/product"}],"wp:featuredmedia":[{"embeddable":true,"href":"https:\/\/www.deporteseli.com\/index.php?rest_route=\/wp\/v2\/media\/59950"}],"wp:attachment":[{"href":"https:\/\/www.deporteseli.com\/index.php?rest_route=%2Fwp%2Fv2%2Fmedia&parent=47617"}],"wp:term":[{"taxonomy":"product_brand","embeddable":true,"href":"https:\/\/www.deporteseli.com\/index.php?rest_route=%2Fwp%2Fv2%2Fproduct_brand&post=47617"},{"taxonomy":"product_cat","embeddable":true,"href":"https:\/\/www.deporteseli.com\/index.php?rest_route=%2Fwp%2Fv2%2Fproduct_cat&post=47617"},{"taxonomy":"product_tag","embeddable":true,"href":"https:\/\/www.deporteseli.com\/index.php?rest_route=%2Fwp%2Fv2%2Fproduct_tag&post=47617"}],"curies":[{"name":"wp","href":"https:\/\/api.w.org\/{rel}","templated":true}]}}